{"id":6865,"date":"2022-07-27T10:44:15","date_gmt":"2022-07-27T08:44:15","guid":{"rendered":"https:\/\/www.hsu-hh.de\/ztb\/?page_id=6865"},"modified":"2024-03-15T12:42:18","modified_gmt":"2024-03-15T11:42:18","slug":"dienstliche-unterkuenfte-hotelbuchungen","status":"publish","type":"page","link":"https:\/\/www.hsu-hh.de\/ztb\/dienstliche-unterkuenfte-hotelbuchungen","title":{"rendered":"Dienstliche Unterk\u00fcnfte"},"content":{"rendered":"\n<div class=\"wp-block-columns is-layout-flex wp-container-core-columns-is-layout-9d6595d7 wp-block-columns-is-layout-flex\">\n<div class=\"wp-block-column is-layout-flow wp-block-column-is-layout-flow\">\n<p>An der Helmut-Schmidt-Universit\u00e4t \/ Universit\u00e4t der Bundeswehr Hamburg k\u00f6nnen <strong>keine<\/strong> dienstlichen Unterk\u00fcnfte zur Verf\u00fcgung gestellt werden. Wir bitten die Anreise und \u00dcbernachtung in eigener Zust\u00e4ndigkeit zu organisieren.  <\/p>\n<\/div>\n<\/div>\n\n\n\n<p><\/p>\n","protected":false},"excerpt":{"rendered":"<p>An der Helmut-Schmidt-Universit\u00e4t \/ Universit\u00e4t der Bundeswehr Hamburg k\u00f6nnen keine dienstlichen Unterk\u00fcnfte zur Verf\u00fcgung gestellt werden. Wir bitten die Anreise und \u00dcbernachtung in eigener Zust\u00e4ndigkeit zu organisieren.<\/p>\n","protected":false},"author":343,"featured_media":0,"parent":0,"menu_order":0,"comment_status":"closed","ping_status":"closed","template":"","meta":{"footnotes":""},"categories":[4],"tags":[],"class_list":["post-6865","page","type-page","status-publish","hentry","category-forschung"],"_links":{"self":[{"href":"https:\/\/www.hsu-hh.de\/ztb\/wp-json\/wp\/v2\/pages\/6865","targetHints":{"allow":["GET"]}}],"collection":[{"href":"https:\/\/www.hsu-hh.de\/ztb\/wp-json\/wp\/v2\/pages"}],"about":[{"href":"https:\/\/www.hsu-hh.de\/ztb\/wp-json\/wp\/v2\/types\/page"}],"author":[{"embeddable":true,"href":"https:\/\/www.hsu-hh.de\/ztb\/wp-json\/wp\/v2\/users\/343"}],"replies":[{"embeddable":true,"href":"https:\/\/www.hsu-hh.de\/ztb\/wp-json\/wp\/v2\/comments?post=6865"}],"version-history":[{"count":7,"href":"https:\/\/www.hsu-hh.de\/ztb\/wp-json\/wp\/v2\/pages\/6865\/revisions"}],"predecessor-version":[{"id":10433,"href":"https:\/\/www.hsu-hh.de\/ztb\/wp-json\/wp\/v2\/pages\/6865\/revisions\/10433"}],"wp:attachment":[{"href":"https:\/\/www.hsu-hh.de\/ztb\/wp-json\/wp\/v2\/media?parent=6865"}],"wp:term":[{"taxonomy":"category","embeddable":true,"href":"https:\/\/www.hsu-hh.de\/ztb\/wp-json\/wp\/v2\/categories?post=6865"},{"taxonomy":"post_tag","embeddable":true,"href":"https:\/\/www.hsu-hh.de\/ztb\/wp-json\/wp\/v2\/tags?post=6865"}],"curies":[{"name":"wp","href":"https:\/\/api.w.org\/{rel}","templated":true}]}}