{"id":6313,"date":"2022-07-13T08:34:39","date_gmt":"2022-07-13T06:34:39","guid":{"rendered":"https:\/\/www.hsu-hh.de\/ztb\/?page_id=6313"},"modified":"2023-11-01T15:58:21","modified_gmt":"2023-11-01T14:58:21","slug":"tagungsprogramm-15-september-2022","status":"publish","type":"page","link":"https:\/\/www.hsu-hh.de\/ztb\/tagungsprogramm-15-september-2022","title":{"rendered":"Tagungsprogramm 15. September 2022"},"content":{"rendered":"\n<p>(\u00c4nderungen vorbehalten)<\/p>\n\n\n\n<div class=\"wp-block-columns is-layout-flex wp-container-core-columns-is-layout-9d6595d7 wp-block-columns-is-layout-flex\">\n<div class=\"wp-block-column has-grey-background-color has-background is-layout-flow wp-block-column-is-layout-flow\">\n<p><strong>Praxistag Ausbildung*<\/strong><\/p>\n<\/div>\n<\/div>\n\n\n\n<div class=\"wp-block-columns is-not-stacked-on-mobile is-layout-flex wp-container-core-columns-is-layout-9d6595d7 wp-block-columns-is-layout-flex\">\n<div class=\"wp-block-column has-grey-background-color has-background is-layout-flow wp-block-column-is-layout-flow\" style=\"flex-basis:8%\">\n<p>10:45 &#8211; 11:00<\/p>\n<\/div>\n\n\n\n<div class=\"wp-block-column has-grey-background-color has-background is-layout-flow wp-block-column-is-layout-flow\" style=\"flex-basis:92%\">\n<p><strong>Keynote: <strong>\u201eDigitale Ausbildung f\u00fcr einsatzbereite Streitkr\u00e4fte\u201c<\/strong><\/strong> (H\u00f6rsaal 5)<\/p>\n\n\n\n<p><strong>Generalleutnant J\u00fcrgen Weigt<\/strong> (Videokeynote)<br><sub>Stellvertreter Inspekteur der Streitkr\u00e4ftebasis<\/sub><\/p>\n<\/div>\n<\/div>\n\n\n\n<div class=\"wp-block-columns is-not-stacked-on-mobile is-layout-flex wp-container-core-columns-is-layout-9d6595d7 wp-block-columns-is-layout-flex\">\n<div class=\"wp-block-column has-grey-background-color has-background is-layout-flow wp-block-column-is-layout-flow\" style=\"flex-basis:8%\">\n<p>11:00 &#8211; 11:15<\/p>\n<\/div>\n\n\n\n<div class=\"wp-block-column has-grey-background-color has-background is-layout-flow wp-block-column-is-layout-flow\" style=\"flex-basis:92%\">\n<p><strong>Begr\u00fc\u00dfung und Er\u00f6ffnung Praxistag Ausbildung<\/strong> (H\u00f6rsaal 5)<\/p>\n\n\n\n<p><sub><strong>Oberst i.G. Carsten Jahnel<\/strong> (virtuell)<br>Abteilungsleiter Ausbildung Streitkr\u00e4fte<\/sub><br><sub><sub>Streitkr\u00e4fteamt<\/sub><\/sub><\/p>\n<\/div>\n<\/div>\n\n\n\n<div class=\"wp-block-columns is-not-stacked-on-mobile is-layout-flex wp-container-core-columns-is-layout-9d6595d7 wp-block-columns-is-layout-flex\">\n<div class=\"wp-block-column is-layout-flow wp-block-column-is-layout-flow\" style=\"flex-basis:8%\">\n<p> <\/p>\n<\/div>\n\n\n\n<div class=\"wp-block-column has-grey-background-color has-background is-layout-flow wp-block-column-is-layout-flow\" style=\"flex-basis:46%\">\n<h2 class=\"wp-block-heading\">Panel 1<\/h2>\n<\/div>\n\n\n\n<div class=\"wp-block-column has-grey-background-color has-background is-layout-flow wp-block-column-is-layout-flow\" style=\"flex-basis:46%\">\n<h2 class=\"wp-block-heading\">Panel 2<\/h2>\n<\/div>\n<\/div>\n\n\n\n<div class=\"wp-block-columns is-not-stacked-on-mobile is-layout-flex wp-container-core-columns-is-layout-9d6595d7 wp-block-columns-is-layout-flex\">\n<div class=\"wp-block-column has-grey-background-color has-background is-layout-flow wp-block-column-is-layout-flow\" style=\"flex-basis:8%\">\n<p>11:20 &#8211; 11:50<\/p>\n<\/div>\n\n\n\n<div class=\"wp-block-column has-grey-background-color has-background is-layout-flow wp-block-column-is-layout-flow\">\n<p><strong>Workshop (PA1): \u201eAuf dem Weg zum modernen Lernen \u2013<\/strong> <strong>auch technisch eine komplexe Herausforderung<strong>\u201c<\/strong><\/strong><br>(Raum 401\/403)<\/p>\n\n\n\n<p><sub><strong>Oberstleutnant Michael Nickolaus<\/strong><br>Streitkr\u00e4fteamt, Abteilung Ausbildung Streitkr\u00e4fte<\/sub><\/p>\n\n\n\n<p><\/p>\n\n\n\n<p> <\/p>\n<\/div>\n\n\n\n<div class=\"wp-block-column has-grey-background-color has-background is-layout-flow wp-block-column-is-layout-flow\">\n<p><strong>Vortrag (PA3): \u201ePotentiale und Risiken k\u00fcnstlicher Intelligenz in der milit\u00e4rischen Ausbildung und Anwendung\u201c<\/strong> (Raum 405\/406)<\/p>\n\n\n\n<p><sub><strong>Kapit\u00e4nleutnant d.R. Sascha Oks<\/strong><\/sub><br><strong><sub>Hauptmann d.R. Jonathan Fuchs<\/sub><\/strong><sub><br>Friedrich-Alexander-Universit\u00e4t Erlangen-N\u00fcrnberg<\/sub><br><sub><strong>Oberleutnant d.R. Tim Mosig<\/strong><br>HHL Leipzig Graduate School of Managment<\/sub><\/p>\n\n\n\n<p><\/p>\n<\/div>\n<\/div>\n\n\n\n<div class=\"wp-block-columns is-not-stacked-on-mobile is-layout-flex wp-container-core-columns-is-layout-9d6595d7 wp-block-columns-is-layout-flex\">\n<div class=\"wp-block-column has-grey-background-color has-background is-layout-flow wp-block-column-is-layout-flow\" style=\"flex-basis:8%\">\n<p>12:00 &#8211; 12:30<\/p>\n<\/div>\n\n\n\n<div class=\"wp-block-column has-grey-background-color has-background is-layout-flow wp-block-column-is-layout-flow\">\n<p><strong>Workshop (PA2): \u201eVom Teletutor zum eTrainer \u2013 das neue flexible Ausbildungskonzept Technologiegest\u00fctzte Ausbildung\u201c<\/strong> (Raum 401\/403)<\/p>\n\n\n\n<p><sub><strong>Oberstleutnant Dirk M\u00fclleneisen<\/strong><br>Streitkr\u00e4fteamt, Abteilung Ausbildung Streitkr\u00e4fte<\/sub><\/p>\n\n\n\n<p><\/p>\n<\/div>\n\n\n\n<div class=\"wp-block-column has-grey-background-color has-background is-layout-flow wp-block-column-is-layout-flow\">\n<p><strong>Vortrag (PA4): <strong>\u201e<\/strong>Ausbildung &#8211; nach dem Krisenmanagement Zukunft gestalten!<strong>\u201c<\/strong><\/strong> (Raum 405\/406)<\/p>\n\n\n\n<p><sub><strong>Oberfeldarzt <abbr title=\"Doktor\">Dr.<\/abbr> Lars Schneidereit<\/strong><\/sub><br><strong><sub>Oberleutnant Marc Merkel<\/sub><\/strong><sub><br>Sanit\u00e4tsakademie der Bundeswehr<\/sub><\/p>\n\n\n\n<p><sub><br><\/sub><\/p>\n<\/div>\n<\/div>\n\n\n\n<div class=\"wp-block-columns is-not-stacked-on-mobile is-layout-flex wp-container-core-columns-is-layout-9d6595d7 wp-block-columns-is-layout-flex\">\n<div class=\"wp-block-column has-grey-background-color has-background is-layout-flow wp-block-column-is-layout-flow\" style=\"flex-basis:8%\">\n<p>12:30 &#8211; 13:15<\/p>\n<\/div>\n\n\n\n<div class=\"wp-block-column has-grey-background-color has-background is-layout-flow wp-block-column-is-layout-flow\">\n<p><strong>Pause<\/strong><\/p>\n<\/div>\n<\/div>\n\n\n\n<div class=\"wp-block-columns is-not-stacked-on-mobile is-layout-flex wp-container-core-columns-is-layout-9d6595d7 wp-block-columns-is-layout-flex\">\n<div class=\"wp-block-column has-grey-background-color has-background is-layout-flow wp-block-column-is-layout-flow\" style=\"flex-basis:8%\">\n<p>13:30 &#8211; 14:15<\/p>\n<\/div>\n\n\n\n<div class=\"wp-block-column has-grey-background-color has-background is-layout-flow wp-block-column-is-layout-flow\">\n<p><strong>Workshop (PA5): \u201eUmsetzung der Datenstrategie BMVg im HP \u2013 Einf\u00fchrung des Datenmanagements im Hauptprozess Individualausbildung\u201c<\/strong> (Raum 401\/403)<\/p>\n\n\n\n<p><\/p>\n\n\n\n<p><sub><strong>Fregattenkapit\u00e4n Alexander Ebertz<\/strong> (virtuell)<br>Streitkr\u00e4fteamt, Abteilung Ausbildung Streitkr\u00e4fte<\/sub><\/p>\n\n\n\n<p><\/p>\n<\/div>\n\n\n\n<div class=\"wp-block-column has-grey-background-color has-background is-layout-flow wp-block-column-is-layout-flow\">\n<p><strong>Workshop (PA7): KOA*-Kaffeerunde<\/strong> <br>(Raum 405\/406)<\/p>\n\n\n\n<p><sub><strong>Oberstleutnant Michael Bahr<\/strong> (virtuell)<br>Streitkr\u00e4fteamt, Abteilung Ausbildung Streitkr\u00e4fte<\/sub><br><br>*<sub>Kompetenzorientierte Ausbildung<\/sub><\/p>\n\n\n\n<p><sub><br><\/sub><\/p>\n<\/div>\n<\/div>\n\n\n\n<div class=\"wp-block-columns is-not-stacked-on-mobile is-layout-flex wp-container-core-columns-is-layout-9d6595d7 wp-block-columns-is-layout-flex\">\n<div class=\"wp-block-column has-grey-background-color has-background is-layout-flow wp-block-column-is-layout-flow\" style=\"flex-basis:8%\">\n<p>14:20 &#8211; 15:05<\/p>\n<\/div>\n\n\n\n<div class=\"wp-block-column has-grey-background-color has-background is-layout-flow wp-block-column-is-layout-flow\">\n<p><strong>Workshop (PA6): \u201eDie Digitale Ausbildungslage im Gesch\u00e4ftsbereich des Bundesministeriums der Verteidigung (DigAusbL GB BMVg)\u201c<\/strong> <strong>(45 Minuten)<\/strong> <br>(Raum 401\/403)<\/p>\n\n\n\n<p><sub><strong>Oberstleutnant Dominik Artz<\/strong> (virtuell)<br>Streitkr\u00e4fteamt, Abteilung Ausbildung Streitkr\u00e4fte<\/sub><\/p>\n\n\n\n<p><\/p>\n\n\n\n<p><\/p>\n\n\n\n<p><\/p>\n<\/div>\n\n\n\n<div class=\"wp-block-column has-grey-background-color has-background is-layout-flow wp-block-column-is-layout-flow\">\n<p><strong>Forum (PA8): \u201eBildung f\u00fcr die Digitalisierung \u2013 ausgew\u00e4hlte Ma\u00dfnahmen des Bildungszentrums der Bundeswehr\u201c<\/strong> <strong>(45 Minuten)<\/strong> <br>(Raum 405\/406)<\/p>\n\n\n\n<p><sub><strong>Oberst Frank Pfl\u00fcger<\/strong><\/sub><br><strong><sub>Oberstleutnant Daniel Christof<\/sub><\/strong><sub><br>Bildungszentrum der Bundeswehr (BiZBw)<\/sub><\/p>\n\n\n\n<p><\/p>\n<\/div>\n<\/div>\n\n\n\n<div class=\"wp-block-columns is-not-stacked-on-mobile is-layout-flex wp-container-core-columns-is-layout-9d6595d7 wp-block-columns-is-layout-flex\">\n<div class=\"wp-block-column has-grey-background-color has-background is-layout-flow wp-block-column-is-layout-flow\" style=\"flex-basis:8%\">\n<p>15:25 &#8211; 16:40<\/p>\n<\/div>\n\n\n\n<div class=\"wp-block-column has-grey-background-color has-background is-layout-flow wp-block-column-is-layout-flow\" style=\"flex-basis:92%\">\n<p><strong>Abschluss KongressKonkret: Diskussionsrunde \u201eHands on Ausbildung\u201c<\/strong> (H\u00f6rsaal 5)<br><br><sub><strong><abbr title=\"Professor\">Prof.<\/abbr> <abbr title=\"Doktor\">Dr.<\/abbr> Michael Heister<\/strong>, Bundesinstitut f\u00fcr Berufsbildung<\/sub><br><sub><strong>Oberst i.G. Carsten Jahnel<\/strong>, (virtuell) Abteilungsleiter Ausbildung Streitkr\u00e4fte, Streitkr\u00e4fteamt<\/sub><br><sub><strong>Abteilungsdirektor Ulf Bednarz<\/strong>, (virtuell) Bildungszentrum der Bundeswehr, Abteilung IV Bildung, Qualifizierung und Zertifizierung<br><strong>Oberstleutnant Michael Nickolaus<\/strong>, Streitkr\u00e4fteamt, Abteilung Ausbildung Streitkr\u00e4fte<br><strong>Oberstleutnant Olaf Peters<\/strong>, Sanit\u00e4tsakademie der Bundeswehr<br>Moderation: <strong>Oberst i.G. <abbr title=\"Professor\">Prof.<\/abbr> <abbr title=\"Doktor\">Dr.<\/abbr> Manuel Schulz, <\/strong><abbr title=\"Helmut Schmidt Universit\u00e4t\">HSU<\/abbr>\/UniBw H<\/sub><\/p>\n<\/div>\n<\/div>\n\n\n\n<div class=\"wp-block-columns is-not-stacked-on-mobile is-layout-flex wp-container-core-columns-is-layout-9d6595d7 wp-block-columns-is-layout-flex\">\n<div class=\"wp-block-column has-grey-background-color has-background is-layout-flow wp-block-column-is-layout-flow\" style=\"flex-basis:8%\">\n<p>16:45<\/p>\n<\/div>\n\n\n\n<div class=\"wp-block-column has-grey-background-color has-background is-layout-flow wp-block-column-is-layout-flow\" style=\"flex-basis:92%\">\n<p><strong>Ende der Veranstaltung<\/strong><\/p>\n<\/div>\n<\/div>\n\n\n\n<div class=\"wp-block-columns is-layout-flex wp-container-core-columns-is-layout-9d6595d7 wp-block-columns-is-layout-flex\">\n<div class=\"wp-block-column is-layout-flow wp-block-column-is-layout-flow\" style=\"flex-basis:8%\">\n<p> <\/p>\n<\/div>\n\n\n\n<div class=\"wp-block-column is-layout-flow wp-block-column-is-layout-flow\" style=\"flex-basis:92%\">\n<p><strong>*<\/strong><sub>Gestaltet durch Streitkr\u00e4fteamt, Abteilung Ausbildung Streitkr\u00e4fte<\/sub><\/p>\n\n\n\n<p><\/p>\n<\/div>\n<\/div>\n\n\n\n<p><\/p>\n","protected":false},"excerpt":{"rendered":"<p>(\u00c4nderungen vorbehalten) Praxistag Ausbildung* 10:45 &#8211; 11:00 Keynote: \u201eDigitale Ausbildung f\u00fcr einsatzbereite Streitkr\u00e4fte\u201c (H\u00f6rsaal 5) Generalleutnant J\u00fcrgen Weigt (Videokeynote)Stellvertreter Inspekteur der Streitkr\u00e4ftebasis 11:00 &#8211; 11:15 Begr\u00fc\u00dfung und Er\u00f6ffnung Praxistag Ausbildung [&hellip;]<\/p>\n","protected":false},"author":343,"featured_media":0,"parent":0,"menu_order":0,"comment_status":"closed","ping_status":"closed","template":"","meta":{"footnotes":""},"categories":[4],"tags":[],"class_list":["post-6313","page","type-page","status-publish","hentry","category-forschung"],"_links":{"self":[{"href":"https:\/\/www.hsu-hh.de\/ztb\/wp-json\/wp\/v2\/pages\/6313","targetHints":{"allow":["GET"]}}],"collection":[{"href":"https:\/\/www.hsu-hh.de\/ztb\/wp-json\/wp\/v2\/pages"}],"about":[{"href":"https:\/\/www.hsu-hh.de\/ztb\/wp-json\/wp\/v2\/types\/page"}],"author":[{"embeddable":true,"href":"https:\/\/www.hsu-hh.de\/ztb\/wp-json\/wp\/v2\/users\/343"}],"replies":[{"embeddable":true,"href":"https:\/\/www.hsu-hh.de\/ztb\/wp-json\/wp\/v2\/comments?post=6313"}],"version-history":[{"count":132,"href":"https:\/\/www.hsu-hh.de\/ztb\/wp-json\/wp\/v2\/pages\/6313\/revisions"}],"predecessor-version":[{"id":9537,"href":"https:\/\/www.hsu-hh.de\/ztb\/wp-json\/wp\/v2\/pages\/6313\/revisions\/9537"}],"wp:attachment":[{"href":"https:\/\/www.hsu-hh.de\/ztb\/wp-json\/wp\/v2\/media?parent=6313"}],"wp:term":[{"taxonomy":"category","embeddable":true,"href":"https:\/\/www.hsu-hh.de\/ztb\/wp-json\/wp\/v2\/categories?post=6313"},{"taxonomy":"post_tag","embeddable":true,"href":"https:\/\/www.hsu-hh.de\/ztb\/wp-json\/wp\/v2\/tags?post=6313"}],"curies":[{"name":"wp","href":"https:\/\/api.w.org\/{rel}","templated":true}]}}

<p>(Änderungen vorbehalten)</p>



<div class="wp-block-columns is-layout-flex wp-container-core-columns-is-layout-9d6595d7 wp-block-columns-is-layout-flex">
<div class="wp-block-column has-grey-background-color has-background is-layout-flow wp-block-column-is-layout-flow">
<p><strong>Praxistag Ausbildung*</strong></p>
</div>
</div>



<div class="wp-block-columns is-not-stacked-on-mobile is-layout-flex wp-container-core-columns-is-layout-9d6595d7 wp-block-columns-is-layout-flex">
<div class="wp-block-column has-grey-background-color has-background is-layout-flow wp-block-column-is-layout-flow" style="flex-basis:8%">
<p>10:45 &#8211; 11:00</p>
</div>



<div class="wp-block-column has-grey-background-color has-background is-layout-flow wp-block-column-is-layout-flow" style="flex-basis:92%">
<p><strong>Keynote: <strong>„Digitale Ausbildung für einsatzbereite Streitkräfte“</strong></strong> (Hörsaal 5)</p>



<p><strong>Generalleutnant Jürgen Weigt</strong> (Videokeynote)<br><sub>Stellvertreter Inspekteur der Streitkräftebasis</sub></p>
</div>
</div>



<div class="wp-block-columns is-not-stacked-on-mobile is-layout-flex wp-container-core-columns-is-layout-9d6595d7 wp-block-columns-is-layout-flex">
<div class="wp-block-column has-grey-background-color has-background is-layout-flow wp-block-column-is-layout-flow" style="flex-basis:8%">
<p>11:00 &#8211; 11:15</p>
</div>



<div class="wp-block-column has-grey-background-color has-background is-layout-flow wp-block-column-is-layout-flow" style="flex-basis:92%">
<p><strong>Begrüßung und Eröffnung Praxistag Ausbildung</strong> (Hörsaal 5)</p>



<p><sub><strong>Oberst i.G. Carsten Jahnel</strong> (virtuell)<br>Abteilungsleiter Ausbildung Streitkräfte</sub><br><sub><sub>Streitkräfteamt</sub></sub></p>
</div>
</div>



<div class="wp-block-columns is-not-stacked-on-mobile is-layout-flex wp-container-core-columns-is-layout-9d6595d7 wp-block-columns-is-layout-flex">
<div class="wp-block-column is-layout-flow wp-block-column-is-layout-flow" style="flex-basis:8%">
<p> </p>
</div>



<div class="wp-block-column has-grey-background-color has-background is-layout-flow wp-block-column-is-layout-flow" style="flex-basis:46%">
<h2 class="wp-block-heading">Panel 1</h2>
</div>



<div class="wp-block-column has-grey-background-color has-background is-layout-flow wp-block-column-is-layout-flow" style="flex-basis:46%">
<h2 class="wp-block-heading">Panel 2</h2>
</div>
</div>



<div class="wp-block-columns is-not-stacked-on-mobile is-layout-flex wp-container-core-columns-is-layout-9d6595d7 wp-block-columns-is-layout-flex">
<div class="wp-block-column has-grey-background-color has-background is-layout-flow wp-block-column-is-layout-flow" style="flex-basis:8%">
<p>11:20 &#8211; 11:50</p>
</div>



<div class="wp-block-column has-grey-background-color has-background is-layout-flow wp-block-column-is-layout-flow">
<p><strong>Workshop (PA1): „Auf dem Weg zum modernen Lernen –</strong> <strong>auch technisch eine komplexe Herausforderung<strong>“</strong></strong><br>(Raum 401/403)</p>



<p><sub><strong>Oberstleutnant Michael Nickolaus</strong><br>Streitkräfteamt, Abteilung Ausbildung Streitkräfte</sub></p>



<p></p>



<p> </p>
</div>



<div class="wp-block-column has-grey-background-color has-background is-layout-flow wp-block-column-is-layout-flow">
<p><strong>Vortrag (PA3): „Potentiale und Risiken künstlicher Intelligenz in der militärischen Ausbildung und Anwendung“</strong> (Raum 405/406)</p>



<p><sub><strong>Kapitänleutnant d.R. Sascha Oks</strong></sub><br><strong><sub>Hauptmann d.R. Jonathan Fuchs</sub></strong><sub><br>Friedrich-Alexander-Universität Erlangen-Nürnberg</sub><br><sub><strong>Oberleutnant d.R. Tim Mosig</strong><br>HHL Leipzig Graduate School of Managment</sub></p>



<p></p>
</div>
</div>



<div class="wp-block-columns is-not-stacked-on-mobile is-layout-flex wp-container-core-columns-is-layout-9d6595d7 wp-block-columns-is-layout-flex">
<div class="wp-block-column has-grey-background-color has-background is-layout-flow wp-block-column-is-layout-flow" style="flex-basis:8%">
<p>12:00 &#8211; 12:30</p>
</div>



<div class="wp-block-column has-grey-background-color has-background is-layout-flow wp-block-column-is-layout-flow">
<p><strong>Workshop (PA2): „Vom Teletutor zum eTrainer – das neue flexible Ausbildungskonzept Technologiegestützte Ausbildung“</strong> (Raum 401/403)</p>



<p><sub><strong>Oberstleutnant Dirk Mülleneisen</strong><br>Streitkräfteamt, Abteilung Ausbildung Streitkräfte</sub></p>



<p></p>
</div>



<div class="wp-block-column has-grey-background-color has-background is-layout-flow wp-block-column-is-layout-flow">
<p><strong>Vortrag (PA4): <strong>„</strong>Ausbildung &#8211; nach dem Krisenmanagement Zukunft gestalten!<strong>“</strong></strong> (Raum 405/406)</p>



<p><sub><strong>Oberfeldarzt <abbr title="Doktor">Dr.</abbr> Lars Schneidereit</strong></sub><br><strong><sub>Oberleutnant Marc Merkel</sub></strong><sub><br>Sanitätsakademie der Bundeswehr</sub></p>



<p><sub><br></sub></p>
</div>
</div>



<div class="wp-block-columns is-not-stacked-on-mobile is-layout-flex wp-container-core-columns-is-layout-9d6595d7 wp-block-columns-is-layout-flex">
<div class="wp-block-column has-grey-background-color has-background is-layout-flow wp-block-column-is-layout-flow" style="flex-basis:8%">
<p>12:30 &#8211; 13:15</p>
</div>



<div class="wp-block-column has-grey-background-color has-background is-layout-flow wp-block-column-is-layout-flow">
<p><strong>Pause</strong></p>
</div>
</div>



<div class="wp-block-columns is-not-stacked-on-mobile is-layout-flex wp-container-core-columns-is-layout-9d6595d7 wp-block-columns-is-layout-flex">
<div class="wp-block-column has-grey-background-color has-background is-layout-flow wp-block-column-is-layout-flow" style="flex-basis:8%">
<p>13:30 &#8211; 14:15</p>
</div>



<div class="wp-block-column has-grey-background-color has-background is-layout-flow wp-block-column-is-layout-flow">
<p><strong>Workshop (PA5): „Umsetzung der Datenstrategie BMVg im HP – Einführung des Datenmanagements im Hauptprozess Individualausbildung“</strong> (Raum 401/403)</p>



<p></p>



<p><sub><strong>Fregattenkapitän Alexander Ebertz</strong> (virtuell)<br>Streitkräfteamt, Abteilung Ausbildung Streitkräfte</sub></p>



<p></p>
</div>



<div class="wp-block-column has-grey-background-color has-background is-layout-flow wp-block-column-is-layout-flow">
<p><strong>Workshop (PA7): KOA*-Kaffeerunde</strong> <br>(Raum 405/406)</p>



<p><sub><strong>Oberstleutnant Michael Bahr</strong> (virtuell)<br>Streitkräfteamt, Abteilung Ausbildung Streitkräfte</sub><br><br>*<sub>Kompetenzorientierte Ausbildung</sub></p>



<p><sub><br></sub></p>
</div>
</div>



<div class="wp-block-columns is-not-stacked-on-mobile is-layout-flex wp-container-core-columns-is-layout-9d6595d7 wp-block-columns-is-layout-flex">
<div class="wp-block-column has-grey-background-color has-background is-layout-flow wp-block-column-is-layout-flow" style="flex-basis:8%">
<p>14:20 &#8211; 15:05</p>
</div>



<div class="wp-block-column has-grey-background-color has-background is-layout-flow wp-block-column-is-layout-flow">
<p><strong>Workshop (PA6): „Die Digitale Ausbildungslage im Geschäftsbereich des Bundesministeriums der Verteidigung (DigAusbL GB BMVg)“</strong> <strong>(45 Minuten)</strong> <br>(Raum 401/403)</p>



<p><sub><strong>Oberstleutnant Dominik Artz</strong> (virtuell)<br>Streitkräfteamt, Abteilung Ausbildung Streitkräfte</sub></p>



<p></p>



<p></p>



<p></p>
</div>



<div class="wp-block-column has-grey-background-color has-background is-layout-flow wp-block-column-is-layout-flow">
<p><strong>Forum (PA8): „Bildung für die Digitalisierung – ausgewählte Maßnahmen des Bildungszentrums der Bundeswehr“</strong> <strong>(45 Minuten)</strong> <br>(Raum 405/406)</p>



<p><sub><strong>Oberst Frank Pflüger</strong></sub><br><strong><sub>Oberstleutnant Daniel Christof</sub></strong><sub><br>Bildungszentrum der Bundeswehr (BiZBw)</sub></p>



<p></p>
</div>
</div>



<div class="wp-block-columns is-not-stacked-on-mobile is-layout-flex wp-container-core-columns-is-layout-9d6595d7 wp-block-columns-is-layout-flex">
<div class="wp-block-column has-grey-background-color has-background is-layout-flow wp-block-column-is-layout-flow" style="flex-basis:8%">
<p>15:25 &#8211; 16:40</p>
</div>



<div class="wp-block-column has-grey-background-color has-background is-layout-flow wp-block-column-is-layout-flow" style="flex-basis:92%">
<p><strong>Abschluss KongressKonkret: Diskussionsrunde „Hands on Ausbildung“</strong> (Hörsaal 5)<br><br><sub><strong><abbr title="Professor">Prof.</abbr> <abbr title="Doktor">Dr.</abbr> Michael Heister</strong>, Bundesinstitut für Berufsbildung</sub><br><sub><strong>Oberst i.G. Carsten Jahnel</strong>, (virtuell) Abteilungsleiter Ausbildung Streitkräfte, Streitkräfteamt</sub><br><sub><strong>Abteilungsdirektor Ulf Bednarz</strong>, (virtuell) Bildungszentrum der Bundeswehr, Abteilung IV Bildung, Qualifizierung und Zertifizierung<br><strong>Oberstleutnant Michael Nickolaus</strong>, Streitkräfteamt, Abteilung Ausbildung Streitkräfte<br><strong>Oberstleutnant Olaf Peters</strong>, Sanitätsakademie der Bundeswehr<br>Moderation: <strong>Oberst i.G. <abbr title="Professor">Prof.</abbr> <abbr title="Doktor">Dr.</abbr> Manuel Schulz, </strong><abbr title="Helmut Schmidt Universität">HSU</abbr>/UniBw H</sub></p>
</div>
</div>



<div class="wp-block-columns is-not-stacked-on-mobile is-layout-flex wp-container-core-columns-is-layout-9d6595d7 wp-block-columns-is-layout-flex">
<div class="wp-block-column has-grey-background-color has-background is-layout-flow wp-block-column-is-layout-flow" style="flex-basis:8%">
<p>16:45</p>
</div>



<div class="wp-block-column has-grey-background-color has-background is-layout-flow wp-block-column-is-layout-flow" style="flex-basis:92%">
<p><strong>Ende der Veranstaltung</strong></p>
</div>
</div>



<div class="wp-block-columns is-layout-flex wp-container-core-columns-is-layout-9d6595d7 wp-block-columns-is-layout-flex">
<div class="wp-block-column is-layout-flow wp-block-column-is-layout-flow" style="flex-basis:8%">
<p> </p>
</div>



<div class="wp-block-column is-layout-flow wp-block-column-is-layout-flow" style="flex-basis:92%">
<p><strong>*</strong><sub>Gestaltet durch Streitkräfteamt, Abteilung Ausbildung Streitkräfte</sub></p>



<p></p>
</div>
</div>



<p></p>

<p>(Änderungen vorbehalten) Praxistag Ausbildung* 10:45 &#8211; 11:00 Keynote: „Digitale Ausbildung für einsatzbereite Streitkräfte“ (Hörsaal 5) Generalleutnant Jürgen Weigt (Videokeynote)Stellvertreter Inspekteur der Streitkräftebasis 11:00 &#8211; 11:15 Begrüßung und Eröffnung Praxistag Ausbildung [&hellip;]</p>
