{"id":6019,"date":"2022-03-28T08:53:58","date_gmt":"2022-03-28T06:53:58","guid":{"rendered":"https:\/\/www.hsu-hh.de\/ztb\/?page_id=6019"},"modified":"2022-04-07T08:25:43","modified_gmt":"2022-04-07T06:25:43","slug":"ueber-subjekte-sprechen","status":"publish","type":"page","link":"https:\/\/www.hsu-hh.de\/ztb\/ueber-subjekte-sprechen","title":{"rendered":"\u201e\u00dcber Subjekte sprechen\u201c"},"content":{"rendered":"\n<p>Eine pr\u00e4zise, klare Sprache ist besonders im wissenschaftlichen Kontext relevant, um Sachverhalte verst\u00e4ndlich darstellen und beschreiben zu k\u00f6nnen. In einigen Fachrichtungen, u. a. den Sozialwissenschaften, beinhalten Fragestellungen Subjekte, es wird also \u00fcber Menschen gesprochen. In den meisten F\u00e4llen haben Personen, die im Rahmen wissenschaftlicher Praxis thematisiert und benannt werden weder als einzelne Subjekte noch als Personenkreis an den Aushandlungsprozessen der Bezeichnung teil. Mit ihrem Anteil an der gesellschaftlichen Konstruktion der Wirklichkeit, kann die gew\u00e4hlte Sprache auch ein Mittel sein, um zu diskriminieren und bestimmte Machtstrukturen aufrecht zu erhalten: Gerade die kulturhistorische Dimension von Begriffen, feststehende Narrative und Konnotationen bestimmter Bezeichnungen k\u00f6nnen die Wahrnehmung von Situationen, Sachverhalten und Subjekten in entscheidender Weise pr\u00e4gen und Menschen abwerten. In der Rolle der Bezeichnenden haben Forschende eine Deutungshoheit und damit auch eine besondere Verantwortung, der es im Rahmen jeder wissenschaftlichen Arbeit gerecht zu werden gilt. Im Workshop sollen Grund\u00fcberlegungen einer gerechten Sprache und Bezeichnungen f\u00fcr Personengruppen mit verschiedenen Zug\u00e4ngen zu Privilegien diskutiert und erarbeitet werden.<\/p>\n","protected":false},"excerpt":{"rendered":"<p>Eine pr\u00e4zise, klare Sprache ist besonders im wissenschaftlichen Kontext relevant, um Sachverhalte verst\u00e4ndlich darstellen und beschreiben zu k\u00f6nnen. In einigen Fachrichtungen, u. a. den Sozialwissenschaften, beinhalten Fragestellungen Subjekte, es wird [&hellip;]<\/p>\n","protected":false},"author":343,"featured_media":0,"parent":0,"menu_order":0,"comment_status":"closed","ping_status":"closed","template":"","meta":{"footnotes":""},"categories":[4],"tags":[],"class_list":["post-6019","page","type-page","status-publish","hentry","category-forschung"],"_links":{"self":[{"href":"https:\/\/www.hsu-hh.de\/ztb\/wp-json\/wp\/v2\/pages\/6019","targetHints":{"allow":["GET"]}}],"collection":[{"href":"https:\/\/www.hsu-hh.de\/ztb\/wp-json\/wp\/v2\/pages"}],"about":[{"href":"https:\/\/www.hsu-hh.de\/ztb\/wp-json\/wp\/v2\/types\/page"}],"author":[{"embeddable":true,"href":"https:\/\/www.hsu-hh.de\/ztb\/wp-json\/wp\/v2\/users\/343"}],"replies":[{"embeddable":true,"href":"https:\/\/www.hsu-hh.de\/ztb\/wp-json\/wp\/v2\/comments?post=6019"}],"version-history":[{"count":1,"href":"https:\/\/www.hsu-hh.de\/ztb\/wp-json\/wp\/v2\/pages\/6019\/revisions"}],"predecessor-version":[{"id":6020,"href":"https:\/\/www.hsu-hh.de\/ztb\/wp-json\/wp\/v2\/pages\/6019\/revisions\/6020"}],"wp:attachment":[{"href":"https:\/\/www.hsu-hh.de\/ztb\/wp-json\/wp\/v2\/media?parent=6019"}],"wp:term":[{"taxonomy":"category","embeddable":true,"href":"https:\/\/www.hsu-hh.de\/ztb\/wp-json\/wp\/v2\/categories?post=6019"},{"taxonomy":"post_tag","embeddable":true,"href":"https:\/\/www.hsu-hh.de\/ztb\/wp-json\/wp\/v2\/tags?post=6019"}],"curies":[{"name":"wp","href":"https:\/\/api.w.org\/{rel}","templated":true}]}}