{"id":3417,"date":"2020-07-28T13:06:21","date_gmt":"2020-07-28T11:06:21","guid":{"rendered":"https:\/\/www.hsu-hh.de\/ztb\/?page_id=3417"},"modified":"2022-01-17T14:17:36","modified_gmt":"2022-01-17T13:17:36","slug":"arbeitsdreieck","status":"publish","type":"page","link":"https:\/\/www.hsu-hh.de\/ztb\/arbeitsdreieck","title":{"rendered":"Arbeitsdreieck"},"content":{"rendered":"<div>\n<div>\n<div>\n<div>\n<div>\n<p><img loading=\"lazy\" decoding=\"async\" width=\"1024\" height=\"700\" class=\"aligncenter wp-image-3888\" src=\"https:\/\/www.hsu-hh.de\/ztb\/wp-content\/uploads\/sites\/665\/2020\/09\/2019_122-1024x700.jpg\" alt=\"Arbeitsdreieck\" data-credit=\"Scheiblich\" srcset=\"https:\/\/www.hsu-hh.de\/ztb\/wp-content\/uploads\/sites\/665\/2020\/09\/2019_122-1024x700.jpg 1024w, https:\/\/www.hsu-hh.de\/ztb\/wp-content\/uploads\/sites\/665\/2020\/09\/2019_122-300x205.jpg 300w, https:\/\/www.hsu-hh.de\/ztb\/wp-content\/uploads\/sites\/665\/2020\/09\/2019_122-768x525.jpg 768w, https:\/\/www.hsu-hh.de\/ztb\/wp-content\/uploads\/sites\/665\/2020\/09\/2019_122-1536x1051.jpg 1536w, https:\/\/www.hsu-hh.de\/ztb\/wp-content\/uploads\/sites\/665\/2020\/09\/2019_122-2048x1401.jpg 2048w, https:\/\/www.hsu-hh.de\/ztb\/wp-content\/uploads\/sites\/665\/2020\/09\/2019_122-1100x752.jpg 1100w\" sizes=\"auto, (max-width: 1024px) 100vw, 1024px\" \/><\/p>\n<p>In den kommenden Wochen werden wir auf dieser Seite Beitr\u00e4ge aus dem Arbeitsdreieck zum Thema des (Aus)Bildungskongresses der Bundeswehr 2022 \u201eDigitale (Aus)Bildung: Wird Intelligenz tats\u00e4chlich k\u00fcnstlich?&#8220; ver\u00f6ffentlichen.<\/p>\n<p>Freuen Sie sich auf Beitr\u00e4ge von:<\/p>\n<hr \/>\n<div class=\"content-block4\"><\/div>\n<div class=\"content-block4\">\n<p><a href=\"https:\/\/www.hsu-hh.de\/ztb\/ausbildungskongress2022\/arbeitsdreieck\/praesident-reifferscheid?preview_id=3951&amp;preview_nonce=91e88e2fc3&amp;preview=true\">Christoph Reifferscheid<\/a><br \/>\nPr\u00e4sident Bildungszentrum der Bundeswehr<\/p>\n<\/div>\n<div class=\"content-block4\"><\/div>\n<div class=\"clearfix\">\n<p style=\"text-align: right\"><span style=\"background-color: #ffffff\"><a href=\"https:\/\/www.hsu-hh.de\/ztb\/ausbildungskongress2022\/arbeitsdreieck\/praesident-reifferscheid\">Zum Beitrag<\/a> &gt;<\/span><\/p>\n<\/div>\n<hr \/>\n<div class=\"content-block4\"><\/div>\n<div class=\"content-block4\">\n<p><a href=\"https:\/\/www.hsu-hh.de\/ztb\/ausbildungskongress2022\/arbeitsdreieck\/brigadegeneral-georg-klein?preview_id=3935&amp;preview_nonce=2aa57681da&amp;preview=true\">Brigadegeneral Georg Klein<\/a><br \/>\nehem. Abteilungsleiter Ausbildung Streitkr\u00e4fte im Kommando Streitkr\u00e4ftebasis<\/p>\n<\/div>\n<div class=\"content-block4\"><\/div>\n<div class=\"clearfix\">\n<p style=\"text-align: right\">Zum <a href=\"https:\/\/www.hsu-hh.de\/ztb\/ausbildungskongress2022\/arbeitsdreieck\/brigadegeneral-georg-klein\">Beitrag<\/a> &gt;<\/p>\n<\/div>\n<hr \/>\n<\/div>\n<\/div>\n<\/div>\n<\/div>\n<\/div>\n","protected":false},"excerpt":{"rendered":"<p>In den kommenden Wochen werden wir auf dieser Seite Beitr\u00e4ge aus dem Arbeitsdreieck zum Thema des (Aus)Bildungskongresses der Bundeswehr 2022 \u201eDigitale (Aus)Bildung: Wird Intelligenz tats\u00e4chlich k\u00fcnstlich?&#8220; ver\u00f6ffentlichen. Freuen Sie sich [&hellip;]<\/p>\n","protected":false},"author":2535,"featured_media":0,"parent":0,"menu_order":0,"comment_status":"closed","ping_status":"closed","template":"","meta":{"footnotes":""},"categories":[47],"tags":[],"class_list":["post-3417","page","type-page","status-publish","hentry","category-kongress"],"_links":{"self":[{"href":"https:\/\/www.hsu-hh.de\/ztb\/wp-json\/wp\/v2\/pages\/3417","targetHints":{"allow":["GET"]}}],"collection":[{"href":"https:\/\/www.hsu-hh.de\/ztb\/wp-json\/wp\/v2\/pages"}],"about":[{"href":"https:\/\/www.hsu-hh.de\/ztb\/wp-json\/wp\/v2\/types\/page"}],"author":[{"embeddable":true,"href":"https:\/\/www.hsu-hh.de\/ztb\/wp-json\/wp\/v2\/users\/2535"}],"replies":[{"embeddable":true,"href":"https:\/\/www.hsu-hh.de\/ztb\/wp-json\/wp\/v2\/comments?post=3417"}],"version-history":[{"count":74,"href":"https:\/\/www.hsu-hh.de\/ztb\/wp-json\/wp\/v2\/pages\/3417\/revisions"}],"predecessor-version":[{"id":5730,"href":"https:\/\/www.hsu-hh.de\/ztb\/wp-json\/wp\/v2\/pages\/3417\/revisions\/5730"}],"wp:attachment":[{"href":"https:\/\/www.hsu-hh.de\/ztb\/wp-json\/wp\/v2\/media?parent=3417"}],"wp:term":[{"taxonomy":"category","embeddable":true,"href":"https:\/\/www.hsu-hh.de\/ztb\/wp-json\/wp\/v2\/categories?post=3417"},{"taxonomy":"post_tag","embeddable":true,"href":"https:\/\/www.hsu-hh.de\/ztb\/wp-json\/wp\/v2\/tags?post=3417"}],"curies":[{"name":"wp","href":"https:\/\/api.w.org\/{rel}","templated":true}]}}