{"id":11950,"date":"2024-11-15T09:38:19","date_gmt":"2024-11-15T08:38:19","guid":{"rendered":"https:\/\/www.hsu-hh.de\/ztb\/?page_id=11950"},"modified":"2025-10-24T11:36:29","modified_gmt":"2025-10-24T09:36:29","slug":"ausbildungskongress2025","status":"publish","type":"page","link":"https:\/\/www.hsu-hh.de\/ztb\/ausbildungskongress2025","title":{"rendered":"20. (Aus)Bildungskongress der Bundeswehr"},"content":{"rendered":"\n<div class=\"wp-block-columns is-layout-flex wp-container-core-columns-is-layout-9d6595d7 wp-block-columns-is-layout-flex\">\n<div class=\"wp-block-column is-layout-flow wp-block-column-is-layout-flow\" style=\"flex-basis:25%\">\n<figure class=\"wp-block-image size-large\"><a href=\"https:\/\/www.hsu-hh.de\/ztb\/wp-content\/uploads\/sites\/665\/2025\/09\/KongressExpress__Ausgabe-Nachlese.pdf\"><img loading=\"lazy\" decoding=\"async\" width=\"724\" height=\"1024\" src=\"https:\/\/www.hsu-hh.de\/ztb\/wp-content\/uploads\/sites\/665\/2025\/09\/KongressExpress__Ausgabe-Nachlese_Cover-724x1024.jpg\" data-credit=\"HSU\/UniBw H\" alt=\"\" class=\"wp-image-12789\" srcset=\"https:\/\/www.hsu-hh.de\/ztb\/wp-content\/uploads\/sites\/665\/2025\/09\/KongressExpress__Ausgabe-Nachlese_Cover-724x1024.jpg 724w, https:\/\/www.hsu-hh.de\/ztb\/wp-content\/uploads\/sites\/665\/2025\/09\/KongressExpress__Ausgabe-Nachlese_Cover-212x300.jpg 212w, https:\/\/www.hsu-hh.de\/ztb\/wp-content\/uploads\/sites\/665\/2025\/09\/KongressExpress__Ausgabe-Nachlese_Cover-768x1086.jpg 768w, https:\/\/www.hsu-hh.de\/ztb\/wp-content\/uploads\/sites\/665\/2025\/09\/KongressExpress__Ausgabe-Nachlese_Cover-1086x1536.jpg 1086w, https:\/\/www.hsu-hh.de\/ztb\/wp-content\/uploads\/sites\/665\/2025\/09\/KongressExpress__Ausgabe-Nachlese_Cover-1448x2048.jpg 1448w, https:\/\/www.hsu-hh.de\/ztb\/wp-content\/uploads\/sites\/665\/2025\/09\/KongressExpress__Ausgabe-Nachlese_Cover-1100x1555.jpg 1100w, https:\/\/www.hsu-hh.de\/ztb\/wp-content\/uploads\/sites\/665\/2025\/09\/KongressExpress__Ausgabe-Nachlese_Cover-scaled.jpg 1811w\" sizes=\"auto, (max-width: 724px) 100vw, 724px\" \/><\/a><figcaption class=\"wp-element-caption\">KongressExpress &#8211; Nachlese<\/figcaption><\/figure>\n<\/div>\n\n\n\n<div class=\"wp-block-column is-layout-flow wp-block-column-is-layout-flow\" style=\"flex-basis:50%\">\n<p class=\"has-text-align-center has-grey-background-color has-background\"><strong>Der 20. (Aus)Bildungskongress der Bundeswehr hat vom 2. &#8211; 4. September 2025  zum Thema \u201eWahrheit, Fiktion und L\u00fcge \u2013 Medienkompetenz und Critical Thinking als gesamtgesellschaftliche Herausforderung\u201c an der Helmut-Schmidt-Universit\u00e4t\/Universit\u00e4t der Bundeswehr Hamburg stattgefunden.<\/strong><\/p>\n\n\n\n<p class=\"has-text-align-center has-grey-background-color has-background\"><strong>Hier finden Sie unseren <a href=\"https:\/\/www.hsu-hh.de\/ztb\/wp-content\/uploads\/sites\/665\/2025\/09\/KongressExpress__Ausgabe-Nachlese.pdf\">Nachbericht <\/a>und unseren <a href=\"https:\/\/www.hsu-hh.de\/ztb\/wp-content\/uploads\/sites\/665\/2025\/09\/2025_Kongresskatalog_Fachbeitrag_ZtB.pdf\">Fachbeitrag <\/a>zu diesem besonderen Jubil\u00e4um. <\/strong><\/p>\n\n\n\n<p class=\"has-grey-background-color has-background\">Zus\u00e4tzlich finden Sie darunter unsere jeweiligen Ausgaben des <strong>KongressExpresses<\/strong>, unser offizielles <strong>Veranstaltungsmagazin<\/strong>. Dieses erscheint t\u00e4glich zum (Aus)Bildungskongress der Bundeswehr und beihaltet neben dem tagesaktuellen Programm ebenfalls <strong>Interviews <\/strong>und <strong>Wortbeitr\u00e4ge<\/strong>, <strong>Impressionen <\/strong>und <strong>Lagepl\u00e4ne<\/strong>.<\/p>\n<\/div>\n\n\n\n<div class=\"wp-block-column is-layout-flow wp-block-column-is-layout-flow\" style=\"flex-basis:25%\">\n<figure class=\"wp-block-image size-large\"><a href=\"https:\/\/www.hsu-hh.de\/ztb\/wp-content\/uploads\/sites\/665\/2025\/09\/2025_Kongresskatalog_Fachbeitrag_ZtB.pdf\"><img loading=\"lazy\" decoding=\"async\" width=\"759\" height=\"1024\" src=\"https:\/\/www.hsu-hh.de\/ztb\/wp-content\/uploads\/sites\/665\/2025\/09\/2025_Kongresskatalog_Beitragscover-759x1024.jpg\" data-credit=\"ZtB\" alt=\"\" class=\"wp-image-12824\" srcset=\"https:\/\/www.hsu-hh.de\/ztb\/wp-content\/uploads\/sites\/665\/2025\/09\/2025_Kongresskatalog_Beitragscover-759x1024.jpg 759w, https:\/\/www.hsu-hh.de\/ztb\/wp-content\/uploads\/sites\/665\/2025\/09\/2025_Kongresskatalog_Beitragscover-222x300.jpg 222w, https:\/\/www.hsu-hh.de\/ztb\/wp-content\/uploads\/sites\/665\/2025\/09\/2025_Kongresskatalog_Beitragscover-768x1036.jpg 768w, https:\/\/www.hsu-hh.de\/ztb\/wp-content\/uploads\/sites\/665\/2025\/09\/2025_Kongresskatalog_Beitragscover-1138x1536.jpg 1138w, https:\/\/www.hsu-hh.de\/ztb\/wp-content\/uploads\/sites\/665\/2025\/09\/2025_Kongresskatalog_Beitragscover-1518x2048.jpg 1518w, https:\/\/www.hsu-hh.de\/ztb\/wp-content\/uploads\/sites\/665\/2025\/09\/2025_Kongresskatalog_Beitragscover-1100x1484.jpg 1100w, https:\/\/www.hsu-hh.de\/ztb\/wp-content\/uploads\/sites\/665\/2025\/09\/2025_Kongresskatalog_Beitragscover.jpg 1654w\" sizes=\"auto, (max-width: 759px) 100vw, 759px\" \/><\/a><figcaption class=\"wp-element-caption\">Fachbeitrag 20. (Aus)Bildungskongress der Bundeswehr<\/figcaption><\/figure>\n<\/div>\n<\/div>\n\n\n\n<div style=\"height:45px\" aria-hidden=\"true\" class=\"wp-block-spacer\"><\/div>\n\n\n\n<div class=\"wp-block-columns is-layout-flex wp-container-core-columns-is-layout-9d6595d7 wp-block-columns-is-layout-flex\">\n<div class=\"wp-block-column is-layout-flow wp-block-column-is-layout-flow\">\n<figure class=\"wp-block-image size-large\"><a href=\"https:\/\/www.hsu-hh.de\/ztb\/wp-content\/uploads\/sites\/665\/2025\/09\/KongressExpress__Ausgabe-1.pdf\"><img loading=\"lazy\" decoding=\"async\" width=\"724\" height=\"1024\" src=\"https:\/\/www.hsu-hh.de\/ztb\/wp-content\/uploads\/sites\/665\/2025\/09\/KongressExpress__Ausgabe-1_Cover-724x1024.jpg\" data-credit=\"HSU\/UniBw H\" alt=\"\" class=\"wp-image-12786\" srcset=\"https:\/\/www.hsu-hh.de\/ztb\/wp-content\/uploads\/sites\/665\/2025\/09\/KongressExpress__Ausgabe-1_Cover-724x1024.jpg 724w, https:\/\/www.hsu-hh.de\/ztb\/wp-content\/uploads\/sites\/665\/2025\/09\/KongressExpress__Ausgabe-1_Cover-212x300.jpg 212w, https:\/\/www.hsu-hh.de\/ztb\/wp-content\/uploads\/sites\/665\/2025\/09\/KongressExpress__Ausgabe-1_Cover-768x1086.jpg 768w, https:\/\/www.hsu-hh.de\/ztb\/wp-content\/uploads\/sites\/665\/2025\/09\/KongressExpress__Ausgabe-1_Cover-1086x1536.jpg 1086w, https:\/\/www.hsu-hh.de\/ztb\/wp-content\/uploads\/sites\/665\/2025\/09\/KongressExpress__Ausgabe-1_Cover-1448x2048.jpg 1448w, https:\/\/www.hsu-hh.de\/ztb\/wp-content\/uploads\/sites\/665\/2025\/09\/KongressExpress__Ausgabe-1_Cover-1100x1555.jpg 1100w, https:\/\/www.hsu-hh.de\/ztb\/wp-content\/uploads\/sites\/665\/2025\/09\/KongressExpress__Ausgabe-1_Cover-scaled.jpg 1811w\" sizes=\"auto, (max-width: 724px) 100vw, 724px\" \/><\/a><figcaption class=\"wp-element-caption\">KongressExpress &#8211; Ausgabe 1<\/figcaption><\/figure>\n<\/div>\n\n\n\n<div class=\"wp-block-column is-layout-flow wp-block-column-is-layout-flow\">\n<figure class=\"wp-block-image size-large\"><a href=\"https:\/\/www.hsu-hh.de\/ztb\/wp-content\/uploads\/sites\/665\/2025\/09\/KongressExpress__Ausgabe-2.pdf\"><img loading=\"lazy\" decoding=\"async\" width=\"724\" height=\"1024\" src=\"https:\/\/www.hsu-hh.de\/ztb\/wp-content\/uploads\/sites\/665\/2025\/09\/KongressExpress__Ausgabe-2_Cover-724x1024.jpg\" data-credit=\"HSU\/UniBw H\" alt=\"\" class=\"wp-image-12787\" srcset=\"https:\/\/www.hsu-hh.de\/ztb\/wp-content\/uploads\/sites\/665\/2025\/09\/KongressExpress__Ausgabe-2_Cover-724x1024.jpg 724w, https:\/\/www.hsu-hh.de\/ztb\/wp-content\/uploads\/sites\/665\/2025\/09\/KongressExpress__Ausgabe-2_Cover-212x300.jpg 212w, https:\/\/www.hsu-hh.de\/ztb\/wp-content\/uploads\/sites\/665\/2025\/09\/KongressExpress__Ausgabe-2_Cover-768x1086.jpg 768w, https:\/\/www.hsu-hh.de\/ztb\/wp-content\/uploads\/sites\/665\/2025\/09\/KongressExpress__Ausgabe-2_Cover-1086x1536.jpg 1086w, https:\/\/www.hsu-hh.de\/ztb\/wp-content\/uploads\/sites\/665\/2025\/09\/KongressExpress__Ausgabe-2_Cover-1448x2048.jpg 1448w, https:\/\/www.hsu-hh.de\/ztb\/wp-content\/uploads\/sites\/665\/2025\/09\/KongressExpress__Ausgabe-2_Cover-1100x1555.jpg 1100w, https:\/\/www.hsu-hh.de\/ztb\/wp-content\/uploads\/sites\/665\/2025\/09\/KongressExpress__Ausgabe-2_Cover-scaled.jpg 1811w\" sizes=\"auto, (max-width: 724px) 100vw, 724px\" \/><\/a><figcaption class=\"wp-element-caption\">KongressExpress &#8211; Ausgabe 2<\/figcaption><\/figure>\n<\/div>\n\n\n\n<div class=\"wp-block-column is-layout-flow wp-block-column-is-layout-flow\">\n<figure class=\"wp-block-image size-large\"><a href=\"https:\/\/www.hsu-hh.de\/ztb\/wp-content\/uploads\/sites\/665\/2025\/09\/KongressExpress__Ausgabe-3.pdf\"><img loading=\"lazy\" decoding=\"async\" width=\"724\" height=\"1024\" src=\"https:\/\/www.hsu-hh.de\/ztb\/wp-content\/uploads\/sites\/665\/2025\/09\/KongressExpress__Ausgabe-3_Cover-724x1024.jpg\" data-credit=\"HSU\/UniBw H\" alt=\"\" class=\"wp-image-12788\" srcset=\"https:\/\/www.hsu-hh.de\/ztb\/wp-content\/uploads\/sites\/665\/2025\/09\/KongressExpress__Ausgabe-3_Cover-724x1024.jpg 724w, https:\/\/www.hsu-hh.de\/ztb\/wp-content\/uploads\/sites\/665\/2025\/09\/KongressExpress__Ausgabe-3_Cover-212x300.jpg 212w, https:\/\/www.hsu-hh.de\/ztb\/wp-content\/uploads\/sites\/665\/2025\/09\/KongressExpress__Ausgabe-3_Cover-768x1086.jpg 768w, https:\/\/www.hsu-hh.de\/ztb\/wp-content\/uploads\/sites\/665\/2025\/09\/KongressExpress__Ausgabe-3_Cover-1086x1536.jpg 1086w, https:\/\/www.hsu-hh.de\/ztb\/wp-content\/uploads\/sites\/665\/2025\/09\/KongressExpress__Ausgabe-3_Cover-1448x2048.jpg 1448w, https:\/\/www.hsu-hh.de\/ztb\/wp-content\/uploads\/sites\/665\/2025\/09\/KongressExpress__Ausgabe-3_Cover-1100x1555.jpg 1100w, https:\/\/www.hsu-hh.de\/ztb\/wp-content\/uploads\/sites\/665\/2025\/09\/KongressExpress__Ausgabe-3_Cover-scaled.jpg 1811w\" sizes=\"auto, (max-width: 724px) 100vw, 724px\" \/><\/a><figcaption class=\"wp-element-caption\">KongressExpress &#8211; Ausgabe 3<\/figcaption><\/figure>\n<\/div>\n<\/div>\n\n\n\n<div style=\"height:45px\" aria-hidden=\"true\" class=\"wp-block-spacer\"><\/div>\n\n\n\n<div class=\"wp-block-columns is-layout-flex wp-container-core-columns-is-layout-9d6595d7 wp-block-columns-is-layout-flex\">\n<div class=\"wp-block-column is-layout-flow wp-block-column-is-layout-flow\" style=\"flex-basis:33.33%\">\n<figure class=\"wp-block-image size-large\"><a href=\"https:\/\/www.hsu-hh.de\/ztb\/wp-content\/uploads\/sites\/665\/2025\/08\/2025_Kongresskatalog-klein.pdf\"><img loading=\"lazy\" decoding=\"async\" width=\"725\" height=\"1024\" src=\"https:\/\/www.hsu-hh.de\/ztb\/wp-content\/uploads\/sites\/665\/2025\/07\/2025_Kongressplakat-725x1024.jpg\" data-credit=\"ZtB\" alt=\"\" class=\"wp-image-12544\" srcset=\"https:\/\/www.hsu-hh.de\/ztb\/wp-content\/uploads\/sites\/665\/2025\/07\/2025_Kongressplakat-725x1024.jpg 725w, https:\/\/www.hsu-hh.de\/ztb\/wp-content\/uploads\/sites\/665\/2025\/07\/2025_Kongressplakat-212x300.jpg 212w, https:\/\/www.hsu-hh.de\/ztb\/wp-content\/uploads\/sites\/665\/2025\/07\/2025_Kongressplakat-768x1085.jpg 768w, https:\/\/www.hsu-hh.de\/ztb\/wp-content\/uploads\/sites\/665\/2025\/07\/2025_Kongressplakat-1087x1536.jpg 1087w, https:\/\/www.hsu-hh.de\/ztb\/wp-content\/uploads\/sites\/665\/2025\/07\/2025_Kongressplakat-1100x1555.jpg 1100w, https:\/\/www.hsu-hh.de\/ztb\/wp-content\/uploads\/sites\/665\/2025\/07\/2025_Kongressplakat.jpg 1241w\" sizes=\"auto, (max-width: 725px) 100vw, 725px\" \/><\/a><figcaption class=\"wp-element-caption\">Kongresskatalog<\/figcaption><\/figure>\n<\/div>\n\n\n\n<div class=\"wp-block-column is-layout-flow wp-block-column-is-layout-flow\" style=\"flex-basis:66.66%\">\n<p class=\"has-text-align-center has-grey-background-color has-background\"><strong>\u201eWahrheit, Fiktion und L\u00fcge \u2013 <\/strong> <br><strong>Medienkompetenz und Critical Thinking als <\/strong><br><strong>gesamtgesellschaftliche Herausforderung\u201c<\/strong><\/p>\n\n\n\n<p class=\"has-grey-background-color has-background\">Der Kongresskatalog bietet neben dem Gru\u00dfwort des Schirmherren, dem Bundesminister der Verteidigung, ebenfalls Gru\u00dfworte, Fachbeitr\u00e4ge anderer F\u00fchrungspers\u00f6nlichkeiten und Stakeholder sowie eine umfassende Programmvorschau auf den 20. (Aus)Bildungskongress der Bundeswehr.<\/p>\n\n\n\n<p class=\"has-text-align-center\">Hier finden Sie Informationen zu:<\/p>\n\n\n\n<p class=\"has-text-align-center\"><strong><a href=\"https:\/\/www.hsu-hh.de\/ztb\/tagungsprogramm-2025\" target=\"_blank\" rel=\"noreferrer noopener\">Tagungsprogramm<\/a><\/strong><br><\/p>\n\n\n\n<p class=\"has-text-align-center\"><strong><strong><a href=\"https:\/\/www.hsu-hh.de\/ztb\/wp-content\/uploads\/sites\/665\/2025\/09\/Kongresskatalog_2025_Ausstellende.pdf\" target=\"_blank\" rel=\"noreferrer noopener\">Fachausstellung<\/a><\/strong><\/strong><\/p>\n\n\n\n<p class=\"has-text-align-center\"><strong><strong><a href=\"https:\/\/www.hsu-hh.de\/ztb\/wp-content\/uploads\/sites\/665\/2025\/09\/Kongresskatalog_2025_Ankonferenzen.pdf\" target=\"_blank\" rel=\"noreferrer noopener\">Ankonferenzen<\/a><\/strong><\/strong><\/p>\n\n\n\n<p class=\"has-text-align-center\"><strong><strong><a href=\"https:\/\/www.hsu-hh.de\/ztb\/wp-content\/uploads\/sites\/665\/2025\/01\/2025-Call-for-Papers-AusBildungskongress-der-Bundeswehr.pdf\" target=\"_blank\" rel=\"noreferrer noopener\">Call for Papers<\/a><\/strong><\/strong><\/p>\n\n\n\n<div class=\"wp-block-columns is-layout-flex wp-container-core-columns-is-layout-9d6595d7 wp-block-columns-is-layout-flex\">\n<div class=\"wp-block-column is-layout-flow wp-block-column-is-layout-flow\"><\/div>\n<\/div>\n<\/div>\n<\/div>\n\n\n\n<div style=\"height:26px\" aria-hidden=\"true\" class=\"wp-block-spacer\"><\/div>\n\n\n\n<hr class=\"wp-block-separator has-alpha-channel-opacity\" \/>\n\n\n\n<div class=\"wp-block-columns is-layout-flex wp-container-core-columns-is-layout-9d6595d7 wp-block-columns-is-layout-flex\">\n<div class=\"wp-block-column is-layout-flow wp-block-column-is-layout-flow\">\n<div class=\"wp-block-columns is-layout-flex wp-container-core-columns-is-layout-9d6595d7 wp-block-columns-is-layout-flex\">\n<div class=\"wp-block-column is-layout-flow wp-block-column-is-layout-flow\"><div class=\"wp-block-image\">\n<figure class=\"aligncenter size-full is-resized\"><a href=\"https:\/\/www.hsu-hh.de\/ztb\/\" target=\"_blank\" rel=\"noreferrer noopener\"><img loading=\"lazy\" decoding=\"async\" width=\"247\" height=\"125\" src=\"https:\/\/www.hsu-hh.de\/ztb\/wp-content\/uploads\/sites\/665\/2024\/01\/ZtB-Logo_rot_247x125.jpeg\" data-credit=\"ZtB\" alt=\"\" class=\"wp-image-10239\" style=\"object-fit:cover;width:243px;height:125px\" \/><\/a><figcaption class=\"wp-element-caption\">Zentrum f\u00fcr technologiegest\u00fctze Bildung<\/figcaption><\/figure>\n<\/div><\/div>\n\n\n\n<div class=\"wp-block-column is-layout-flow wp-block-column-is-layout-flow\"><div class=\"wp-block-image\">\n<figure class=\"aligncenter size-full is-resized\"><a href=\"https:\/\/www.hsu-hh.de\/ztb\/team\" target=\"_blank\" rel=\"noreferrer noopener\"><img loading=\"lazy\" decoding=\"async\" width=\"230\" height=\"125\" src=\"https:\/\/www.hsu-hh.de\/ztb\/wp-content\/uploads\/sites\/665\/2024\/01\/hands-230x125-1.png\" data-credit=\"pixabay\" alt=\"\" class=\"wp-image-10238\" style=\"object-fit:cover;width:240px;height:125px\" \/><\/a><figcaption class=\"wp-element-caption\">Team<\/figcaption><\/figure>\n<\/div><\/div>\n<\/div>\n\n\n\n<div style=\"height:44px\" aria-hidden=\"true\" class=\"wp-block-spacer\"><\/div>\n\n\n\n<div class=\"wp-block-columns is-layout-flex wp-container-core-columns-is-layout-9d6595d7 wp-block-columns-is-layout-flex\">\n<div class=\"wp-block-column is-layout-flow wp-block-column-is-layout-flow\"><div class=\"wp-block-image\">\n<figure class=\"aligncenter size-full is-resized\"><a href=\"https:\/\/www.hsu-hh.de\/ztb\/kompetenzen-fuer-die-digitale-arbeitswelt-kodia-ertuechtigung-zur-digitalisierung\" target=\"_blank\" rel=\"noreferrer noopener\"><img loading=\"lazy\" decoding=\"async\" width=\"1361\" height=\"551\" src=\"https:\/\/www.hsu-hh.de\/ztb\/wp-content\/uploads\/sites\/665\/2025\/06\/dtecbw_KoDiA.jpg\" data-credit=\"stock.adobe.com\/sdecoret\" alt=\"\" class=\"wp-image-12465\" style=\"object-fit:cover;width:240px;height:125px\" srcset=\"https:\/\/www.hsu-hh.de\/ztb\/wp-content\/uploads\/sites\/665\/2025\/06\/dtecbw_KoDiA.jpg 1361w, https:\/\/www.hsu-hh.de\/ztb\/wp-content\/uploads\/sites\/665\/2025\/06\/dtecbw_KoDiA-300x121.jpg 300w, https:\/\/www.hsu-hh.de\/ztb\/wp-content\/uploads\/sites\/665\/2025\/06\/dtecbw_KoDiA-1024x415.jpg 1024w, https:\/\/www.hsu-hh.de\/ztb\/wp-content\/uploads\/sites\/665\/2025\/06\/dtecbw_KoDiA-768x311.jpg 768w, https:\/\/www.hsu-hh.de\/ztb\/wp-content\/uploads\/sites\/665\/2025\/06\/dtecbw_KoDiA-1100x445.jpg 1100w\" sizes=\"auto, (max-width: 1361px) 100vw, 1361px\" \/><\/a><figcaption class=\"wp-element-caption\">Kompetenzen f\u00fcr die digitale Arbeitswelt (KoDiA) \u2013 Ert\u00fcchtigung zur Digitalisierung<\/figcaption><\/figure>\n<\/div><\/div>\n\n\n\n<div class=\"wp-block-column is-layout-flow wp-block-column-is-layout-flow\"><div class=\"wp-block-image is-style-default\">\n<figure class=\"aligncenter size-full is-resized\"><a href=\"https:\/\/www.hsu-hh.de\/ztb\/ausbildungskongress\"><img loading=\"lazy\" decoding=\"async\" width=\"239\" height=\"239\" src=\"https:\/\/www.hsu-hh.de\/ztb\/wp-content\/uploads\/sites\/665\/2023\/03\/grafik.png\" data-credit=\"HSU\/UniBw H\" alt=\"\" class=\"wp-image-7528\" style=\"object-fit:contain;width:240px;height:125px\" srcset=\"https:\/\/www.hsu-hh.de\/ztb\/wp-content\/uploads\/sites\/665\/2023\/03\/grafik.png 239w, https:\/\/www.hsu-hh.de\/ztb\/wp-content\/uploads\/sites\/665\/2023\/03\/grafik-150x150.png 150w, https:\/\/www.hsu-hh.de\/ztb\/wp-content\/uploads\/sites\/665\/2023\/03\/grafik-100x100.png 100w\" sizes=\"auto, (max-width: 239px) 100vw, 239px\" \/><\/a><figcaption class=\"wp-element-caption\">(Aus)Bildungskongress der Bundeswehr<\/figcaption><\/figure>\n<\/div><\/div>\n<\/div>\n<\/div>\n<\/div>\n\n\n\n<hr class=\"wp-block-separator has-alpha-channel-opacity\" \/>\n\n\n\n<div style=\"height:26px\" aria-hidden=\"true\" class=\"wp-block-spacer\"><\/div>\n\n\n\n<div class=\"wp-block-columns is-layout-flex wp-container-core-columns-is-layout-9d6595d7 wp-block-columns-is-layout-flex\">\n<div class=\"wp-block-column is-layout-flow wp-block-column-is-layout-flow\">\n<figure class=\"wp-block-image size-large\"><img loading=\"lazy\" decoding=\"async\" width=\"1024\" height=\"241\" src=\"https:\/\/www.hsu-hh.de\/ztb\/wp-content\/uploads\/sites\/665\/2023\/03\/dtec.bw_EU-Foederhinweis_CMYK_vertikal-1-1024x241.jpg\" data-credit=\"dtec.bw\" alt=\"\" class=\"wp-image-8038\" srcset=\"https:\/\/www.hsu-hh.de\/ztb\/wp-content\/uploads\/sites\/665\/2023\/03\/dtec.bw_EU-Foederhinweis_CMYK_vertikal-1-1024x241.jpg 1024w, https:\/\/www.hsu-hh.de\/ztb\/wp-content\/uploads\/sites\/665\/2023\/03\/dtec.bw_EU-Foederhinweis_CMYK_vertikal-1-300x71.jpg 300w, https:\/\/www.hsu-hh.de\/ztb\/wp-content\/uploads\/sites\/665\/2023\/03\/dtec.bw_EU-Foederhinweis_CMYK_vertikal-1-768x181.jpg 768w, https:\/\/www.hsu-hh.de\/ztb\/wp-content\/uploads\/sites\/665\/2023\/03\/dtec.bw_EU-Foederhinweis_CMYK_vertikal-1-1100x259.jpg 1100w, https:\/\/www.hsu-hh.de\/ztb\/wp-content\/uploads\/sites\/665\/2023\/03\/dtec.bw_EU-Foederhinweis_CMYK_vertikal-1.jpg 1418w\" sizes=\"auto, (max-width: 1024px) 100vw, 1024px\" \/><\/figure>\n<\/div>\n\n\n\n<div class=\"wp-block-column is-layout-flow wp-block-column-is-layout-flow\"><\/div>\n<\/div>\n\n\n\n<div class=\"wp-block-columns is-layout-flex wp-container-core-columns-is-layout-9d6595d7 wp-block-columns-is-layout-flex\">\n<div class=\"wp-block-column is-layout-flow wp-block-column-is-layout-flow\">\n<p>Das <a rel=\"noreferrer noopener\" href=\"https:\/\/dtecbw.de\" target=\"_blank\">dtec.bw \u2013 Zentrum f\u00fcr Digitalisierungs- und Technologieforschung der Bundeswehr<\/a> \u2013 ist ein von den Universit\u00e4ten der Bundeswehr Hamburg und M\u00fcnchen gemeinsam getragenes wissenschaftliches Zentrum und Bestandteil des Konjunkturprogramms der Bundesregierung zur \u00dcberwindung der COVID-19-Krise. Es unterliegt der akademischen Selbstverwaltung. Die Mittel, mit denen das dtec.bw ausgestattet wurde, werden an beiden Universit\u00e4ten der Bundeswehr zur Finanzierung von Forschungsprojekten und Projekten zum Wissens- und Technologietransfer eingesetzt. dtec.bw wird von der Europ\u00e4ischen Union \u2013 NextGenerationEU finanziert.<\/p>\n<\/div>\n<\/div>\n","protected":false},"excerpt":{"rendered":"<p>Der 20. (Aus)Bildungskongress der Bundeswehr hat vom 2. &#8211; 4. September 2025 zum Thema \u201eWahrheit, Fiktion und L\u00fcge \u2013 Medienkompetenz und Critical Thinking als gesamtgesellschaftliche Herausforderung\u201c an der Helmut-Schmidt-Universit\u00e4t\/Universit\u00e4t der [&hellip;]<\/p>\n","protected":false},"author":3708,"featured_media":0,"parent":0,"menu_order":0,"comment_status":"closed","ping_status":"closed","template":"","meta":{"footnotes":""},"categories":[47],"tags":[95,109],"class_list":["post-11950","page","type-page","status-publish","hentry","category-kongress","tag-ausbildungskongress","tag-bundeswehr"],"_links":{"self":[{"href":"https:\/\/www.hsu-hh.de\/ztb\/wp-json\/wp\/v2\/pages\/11950","targetHints":{"allow":["GET"]}}],"collection":[{"href":"https:\/\/www.hsu-hh.de\/ztb\/wp-json\/wp\/v2\/pages"}],"about":[{"href":"https:\/\/www.hsu-hh.de\/ztb\/wp-json\/wp\/v2\/types\/page"}],"author":[{"embeddable":true,"href":"https:\/\/www.hsu-hh.de\/ztb\/wp-json\/wp\/v2\/users\/3708"}],"replies":[{"embeddable":true,"href":"https:\/\/www.hsu-hh.de\/ztb\/wp-json\/wp\/v2\/comments?post=11950"}],"version-history":[{"count":52,"href":"https:\/\/www.hsu-hh.de\/ztb\/wp-json\/wp\/v2\/pages\/11950\/revisions"}],"predecessor-version":[{"id":12890,"href":"https:\/\/www.hsu-hh.de\/ztb\/wp-json\/wp\/v2\/pages\/11950\/revisions\/12890"}],"wp:attachment":[{"href":"https:\/\/www.hsu-hh.de\/ztb\/wp-json\/wp\/v2\/media?parent=11950"}],"wp:term":[{"taxonomy":"category","embeddable":true,"href":"https:\/\/www.hsu-hh.de\/ztb\/wp-json\/wp\/v2\/categories?post=11950"},{"taxonomy":"post_tag","embeddable":true,"href":"https:\/\/www.hsu-hh.de\/ztb\/wp-json\/wp\/v2\/tags?post=11950"}],"curies":[{"name":"wp","href":"https:\/\/api.w.org\/{rel}","templated":true}]}}