{"id":73,"date":"2017-07-03T15:52:08","date_gmt":"2017-07-03T13:52:08","guid":{"rendered":"https:\/\/www.hsu-hh.de\/vorlage\/?page_id=73"},"modified":"2026-01-19T13:46:34","modified_gmt":"2026-01-19T12:46:34","slug":"startseite","status":"publish","type":"page","link":"https:\/\/www.hsu-hh.de\/wiso\/","title":{"rendered":"Fakult\u00e4t f\u00fcr Wirtschafts- und Sozialwissenschaften (WiSo)"},"content":{"rendered":"<div>\n<div>\n<p>Die Fakult\u00e4t gliedert sich in sechs <a href=\"https:\/\/www.hsu-hh.de\/wiso\/professuren\/\">F\u00e4chergruppen<\/a>: Betriebswirtschaftslehre, Volkswirtschaftslehre, Politikwissenschaft, Verwaltungswissenschaft, Mathematik\/Statistik und Rechtswissenschaft. Sie bietet die M\u00f6glichkeit, akkreditierte Abschl\u00fcsse (B.Sc., B.A., M.Sc, M.A., LL.B.) in den <a href=\"https:\/\/www.hsu-hh.de\/wiso\/studiengaenge-2\">Studieng\u00e4ngen<\/a> Betriebswirtschaftslehre, Volkswirtschaftslehre, Politikwissenschaft, Rechtswissenschaft f\u00fcr die \u00f6ffentliche Verwaltung, Wirtschaftsingenieurwesen und Logistik zu erreichen. Hinzu kommt die Mitwirkung bei <a href=\"https:\/\/www.hsu-hh.de\/weiterbildung\/\">weiterbildenden Master-Studieng\u00e4ngen<\/a>. Mit 49 <a href=\"https:\/\/www.hsu-hh.de\/wiso\/professuren\">Universit\u00e4tsprofessorinnen und -professoren<\/a>, mehr als 150 wissenschaftlichen Mitarbeiterinnen und Mitarbeitern und mehr als 1000 Studierenden ist sie derzeit die gr\u00f6\u00dfte Fakult\u00e4t der Helmut-Schmidt-Universit\u00e4t \/ Universit\u00e4t der Bundeswehr Hamburg.<\/p>\n<div class=\"content-block3\">\n<div class=\"background-grey\">\n<h2 style=\"text-align: center\">Studium<\/h2>\n<p style=\"text-align: center\"><img loading=\"lazy\" decoding=\"async\" class=\"alignnone wp-image-1952\" src=\"https:\/\/www.hsu-hh.de\/wiso\/wp-content\/uploads\/sites\/135\/2017\/12\/HS_Sitzreihen3a-300x163.jpg\" alt=\"St\u00fchle\" width=\"346\" height=\"188\" srcset=\"https:\/\/www.hsu-hh.de\/wiso\/wp-content\/uploads\/sites\/135\/2017\/12\/HS_Sitzreihen3a-300x163.jpg 300w, https:\/\/www.hsu-hh.de\/wiso\/wp-content\/uploads\/sites\/135\/2017\/12\/HS_Sitzreihen3a-768x417.jpg 768w, https:\/\/www.hsu-hh.de\/wiso\/wp-content\/uploads\/sites\/135\/2017\/12\/HS_Sitzreihen3a-1024x556.jpg 1024w, https:\/\/www.hsu-hh.de\/wiso\/wp-content\/uploads\/sites\/135\/2017\/12\/HS_Sitzreihen3a.jpg 1971w\" sizes=\"auto, (max-width: 346px) 100vw, 346px\" \/><\/p>\n<p style=\"text-align: center\"><a href=\"https:\/\/www.hsu-hh.de\/wiso\/studiengaenge-2\/\">Studieng\u00e4nge<br \/>\n<\/a><a href=\"https:\/\/www.hsu-hh.de\/wiso\/pruefungsangelegenheiten\/\">Pr\u00fcfungsangelegenheiten<\/a><a href=\"https:\/\/www.hsu-hh.de\/wiso\/weiterbildungsstudiengaenge\/\"><br \/>\n<\/a><a href=\"https:\/\/www.hsu-hh.de\/praktika\/\">Praktika<\/a><br \/>\n<a href=\"https:\/\/www.hsu-hh.de\/wiso\/wichtige-einrichtungen\">Sonstige Einrichtungen<\/a><\/p>\n<\/div>\n<\/div>\n<div class=\"content-block3\">\n<div class=\"background-grey\">\n<h2 style=\"text-align: center\">Forschung<\/h2>\n<p><img loading=\"lazy\" decoding=\"async\" class=\" wp-image-2045 aligncenter\" src=\"https:\/\/www.hsu-hh.de\/wiso\/wp-content\/uploads\/sites\/135\/2017\/12\/RESEARCHb-8-300x163.jpg\" alt=\"research\" width=\"383\" height=\"208\" srcset=\"https:\/\/www.hsu-hh.de\/wiso\/wp-content\/uploads\/sites\/135\/2017\/12\/RESEARCHb-8-300x163.jpg 300w, https:\/\/www.hsu-hh.de\/wiso\/wp-content\/uploads\/sites\/135\/2017\/12\/RESEARCHb-8-768x418.jpg 768w, https:\/\/www.hsu-hh.de\/wiso\/wp-content\/uploads\/sites\/135\/2017\/12\/RESEARCHb-8-1024x558.jpg 1024w, https:\/\/www.hsu-hh.de\/wiso\/wp-content\/uploads\/sites\/135\/2017\/12\/RESEARCHb-8.jpg 1774w\" sizes=\"auto, (max-width: 383px) 100vw, 383px\" \/><\/p>\n<p style=\"text-align: center\"><a href=\"https:\/\/www.hsu-hh.de\/wiso\/professuren\">F\u00e4chergruppen<\/a> <a href=\"https:\/\/www.hsu-hh.de\/wiso\/professorinnen-und-professoren\">&amp;<\/a> <a href=\"https:\/\/www.hsu-hh.de\/wiso\/professorinnen-und-professoren\">Professuren<\/a><br \/>\n<a href=\"https:\/\/www.hsu-hh.de\/wiso\/forschungsbereiche\">Forschungsbereiche &amp;<\/a><a href=\"https:\/\/www.hsu-hh.de\/wiso\/weiterbildungsstudiengaenge\"> Weiterbildung<\/a><a href=\"https:\/\/www.hsu-hh.de\/wiso\/weiterbildungsstudiengaenge\"><br \/>\n<\/a><a href=\"https:\/\/www.hsu-hh.de\/wiso\/doktorandenprogramme\">Doktorandenprogramme<br \/>\n<\/a><a href=\"https:\/\/www.hsu-hh.de\/wiso\/promovieren-habilitieren\/\">Promovieren &amp; Habilitieren<\/a><br \/>\n<a href=\"https:\/\/www.hsu-hh.de\/wiso\/mittelbauvertretung\" target=\"_blank\" rel=\"noopener\">Mittelbauvertretung<\/a><\/p>\n<\/div>\n<\/div>\n<div class=\"content-block3\">\n<div class=\"background-grey\">\n<h2 style=\"text-align: center\">Verwaltung<\/h2>\n<p><img loading=\"lazy\" decoding=\"async\" class=\"wp-image-1507 aligncenter\" src=\"https:\/\/www.hsu-hh.de\/wiso\/wp-content\/uploads\/sites\/135\/2017\/10\/Schriftzug_VL-Verzeichnis-300x163.jpg\" alt=\"Vorlesungsverzeichnis\" width=\"343\" height=\"186\" srcset=\"https:\/\/www.hsu-hh.de\/wiso\/wp-content\/uploads\/sites\/135\/2017\/10\/Schriftzug_VL-Verzeichnis-300x163.jpg 300w, https:\/\/www.hsu-hh.de\/wiso\/wp-content\/uploads\/sites\/135\/2017\/10\/Schriftzug_VL-Verzeichnis-768x418.jpg 768w, https:\/\/www.hsu-hh.de\/wiso\/wp-content\/uploads\/sites\/135\/2017\/10\/Schriftzug_VL-Verzeichnis-1024x557.jpg 1024w, https:\/\/www.hsu-hh.de\/wiso\/wp-content\/uploads\/sites\/135\/2017\/10\/Schriftzug_VL-Verzeichnis.jpg 1971w\" sizes=\"auto, (max-width: 343px) 100vw, 343px\" \/><\/p>\n<p style=\"text-align: center\"><a href=\"https:\/\/www.hsu-hh.de\/wiso\/dekanat-verwaltung\/\">Dekanat &amp; Studiendekanate <\/a><a href=\"https:\/\/www.hsu-hh.de\/wiso\/fakultaetsverwaltung\/\">Fakult\u00e4tsverwaltung<\/a> <a href=\"https:\/\/www.hsu-hh.de\/wiso\/fakultaetsverwaltung\/\">&amp;<\/a> <a href=\"https:\/\/www.hsu-hh.de\/wiso\/fakultaetsverwaltung\/\"><abbr title=\"Informationstechnologie\">IT<\/abbr><\/a><br \/>\n<a href=\"https:\/\/www.hsu-hh.de\/wiso\/ordnungen-und-gremien-2\/\">Gremien &amp; Ordnungen<\/a><br \/>\n<a href=\"https:\/\/www.hsu-hh.de\/wiso\/ausschreibungen-auslobungen\/\">Stellenangebote &amp; Ausschreibungen<\/a><\/p>\n<\/div>\n<\/div>\n<\/div>\n<\/div>\n","protected":false},"excerpt":{"rendered":"<p>Die Fakult\u00e4t gliedert sich in sechs F\u00e4chergruppen: Betriebswirtschaftslehre, Volkswirtschaftslehre, Politikwissenschaft, Verwaltungswissenschaft, Mathematik\/Statistik und Rechtswissenschaft. Sie bietet die M\u00f6glichkeit, akkreditierte Abschl\u00fcsse (B.Sc., B.A., M.Sc, M.A., LL.B.) in den Studieng\u00e4ngen Betriebswirtschaftslehre, Volkswirtschaftslehre, [&hellip;]<\/p>\n","protected":false},"author":1,"featured_media":0,"parent":0,"menu_order":0,"comment_status":"closed","ping_status":"closed","template":"faculty.php","meta":{"footnotes":""},"categories":[29],"tags":[],"class_list":["post-73","page","type-page","status-publish","hentry","category-nachrichtenslider"],"_links":{"self":[{"href":"https:\/\/www.hsu-hh.de\/wiso\/wp-json\/wp\/v2\/pages\/73","targetHints":{"allow":["GET"]}}],"collection":[{"href":"https:\/\/www.hsu-hh.de\/wiso\/wp-json\/wp\/v2\/pages"}],"about":[{"href":"https:\/\/www.hsu-hh.de\/wiso\/wp-json\/wp\/v2\/types\/page"}],"author":[{"embeddable":true,"href":"https:\/\/www.hsu-hh.de\/wiso\/wp-json\/wp\/v2\/users\/1"}],"replies":[{"embeddable":true,"href":"https:\/\/www.hsu-hh.de\/wiso\/wp-json\/wp\/v2\/comments?post=73"}],"version-history":[{"count":312,"href":"https:\/\/www.hsu-hh.de\/wiso\/wp-json\/wp\/v2\/pages\/73\/revisions"}],"predecessor-version":[{"id":7220,"href":"https:\/\/www.hsu-hh.de\/wiso\/wp-json\/wp\/v2\/pages\/73\/revisions\/7220"}],"wp:attachment":[{"href":"https:\/\/www.hsu-hh.de\/wiso\/wp-json\/wp\/v2\/media?parent=73"}],"wp:term":[{"taxonomy":"category","embeddable":true,"href":"https:\/\/www.hsu-hh.de\/wiso\/wp-json\/wp\/v2\/categories?post=73"},{"taxonomy":"post_tag","embeddable":true,"href":"https:\/\/www.hsu-hh.de\/wiso\/wp-json\/wp\/v2\/tags?post=73"}],"curies":[{"name":"wp","href":"https:\/\/api.w.org\/{rel}","templated":true}]}}