{"id":6734,"date":"2024-11-27T18:15:32","date_gmt":"2024-11-27T17:15:32","guid":{"rendered":"https:\/\/www.hsu-hh.de\/wiso\/?page_id=6734"},"modified":"2024-11-27T18:16:18","modified_gmt":"2024-11-27T17:16:18","slug":"vergabe-und-vertragsrecht-ll-m","status":"publish","type":"page","link":"https:\/\/www.hsu-hh.de\/wiso\/vergabe-und-vertragsrecht-ll-m","title":{"rendered":"Vergabe- und Vertragsrecht (LL.M.)"},"content":{"rendered":"\n<p>Der Studiengang Vergabe- und Vertragsrecht ist ein berufsbegleitender Master-Studiengang. Ziel des Studienganges ist die wissenschaftliche Durchdringung rechtswissenschaftlicher Fachgebiete und interdisziplin\u00e4rer Ans\u00e4tze sowie die Vermittlung einer besonderen Qualifikation und Berufsbef\u00e4higung auf dem Gebiet des \u00f6ffentlichen Beschaffungswesens.<br>Die Studierenden erwerben im Rahmen des Studiengangs die F\u00e4higkeit, das System des nationalen, europ\u00e4ischen und internationalen Vergabe- und Vertragsrechts zu \u00fcberblicken und zu verstehen. Sie werden in die Lage versetzt, sich spezielle Anwendungen ebenso wie Zusammenh\u00e4nge selbstst\u00e4ndig wissenschaftlich zu erschlie\u00dfen und entsprechende Vertr\u00e4ge zu gestalten und zu verhandeln. Dabei werden sie in wissenschaftlichem Denken und Arbeiten und zugleich f\u00fcr die sp\u00e4tere Berufspraxis geschult.<\/p>\n\n\n\n<hr class=\"wp-block-separator has-alpha-channel-opacity\" \/>\n\n\n\n<p><strong>Studiengangsbeschreibung<\/strong><\/p>\n\n\n\n<p>Der Studiengang bef\u00e4higt insbesondere zu:<br>\u2022 Rechtlicher Gestaltung von Beschaffungsprozessen<br>\u2022 Projektierung standardisierter Beschaffungsverfahren<br>\u2022 Fertigung von Vertragsentw\u00fcrfen<br>\u2022 Eigenst\u00e4ndiger Gestaltung atypischer Vertragskonstellationen<br>\u2022 Einsch\u00e4tzung und Management rechtlicher und wirtschaftlicher Risiken im Rahmen des \u00f6ffentlichen Beschaffungswesens<br>\u2022 Vorbereitung und F\u00fchrung einschl\u00e4giger Rechtsstreitigkeiten<br>\u2022 Einordnung und Bearbeitung komplexer rechtswissenschaftlicher Problemstellungen im Zusammenhang des staatlichen Beschaffungswesens<\/p>\n\n\n\n<p><strong>Struktur<\/strong><\/p>\n\n\n\n<p>Der Master-Studiengang Vergabe- und Vertragsrecht hat erstmalig Anfang Oktober 2021 begonnen. In der Zukunft ist die Aufnahme des Studiums alle zwei Jahre, jeweils im Oktober, m\u00f6glich. Das Studienjahr an der Helmut-Schmidt-Universit\u00e4t ist in Trimester unterteilt (Herbst-, Winter-und Fr\u00fchjahrstrimester). Jedes Trimester umfasst zw\u00f6lf Wochen.<br>In den ersten 15 Monaten des Studiums wird die Pr\u00e4senzlehre in insgesamt 16 Veranstaltungswochen an der\u00a0<abbr title=\"Helmut Schmidt Universit\u00e4t\">HSU<\/abbr>\u00a0in Hamburg angeboten. Um den beruflichen Anforderungen und der Vereinbarkeit von Familie und Beruf Rechnung zu tragen, findet die Pr\u00e4senzlehre in diesen Wochen grunds\u00e4tzlich jeweils von Mittwoch bis Freitag statt. F\u00fcr die Pr\u00e4senzphasen ist seitens des Arbeitgebers eine Freistellung vom Dienst erforderlich.<br>Die Lehrveranstaltungen werden auf dem Hauptcampus der\u00a0<abbr title=\"Helmut Schmidt Universit\u00e4t\">HSU<\/abbr>\u00a0und auf dem Campus Nord abgehalten. Der Campus Nord befindet sich in etwa 3 km Entfernung vom Hauptcampus der\u00a0<abbr title=\"Helmut Schmidt Universit\u00e4t\">HSU<\/abbr>. Auf dem Campus Nord ist ein Teil der rechtswissenschaftlichen Professuren untergebracht, zudem bietet er wie auch der Hauptcampus eine gute Infrastruktur f\u00fcr die berufsbegleitende Blockwochen-Lehre.<br>Zwischen den Pr\u00e4senzphasen sind in zahlreichen Modulen angeleitete Selbstlernphasen vorgesehen. Hierf\u00fcr werden die sich\u00a0<abbr title=\"unter anderem\">u.a.<\/abbr>\u00a0auf der Lernplattform ILIAS bietenden M\u00f6glichkeiten genutzt. Die letzten neun Monate des Studiums werden vom Schreiben der Masterarbeit dominiert. In dieser Zeit wird eine Anwesenheit in Hamburg nach individueller Absprache zu Betreuungszwecken sowie zur Absolvierung eines Kolloquiums erforderlich sein.<\/p>\n\n\n\n<hr class=\"wp-block-separator has-alpha-channel-opacity\" \/>\n\n\n\n<p><strong>Studieninhalte<\/strong><\/p>\n\n\n\n<p>Der Studiengang Vergabe- und Vertragsrecht ist modularisiert und umfasst 60 Leistungspunkte. Einen inhaltlichen Schwerpunkt des Studienganges bilden die Bereiche des nationalen, europ\u00e4ischen und internationalen Vergaberechts sowie Grundz\u00fcge des Haushaltsrechts und des \u00f6ffentlichen Preisrechts. Ein weiterer inhaltlicher Schwerpunkt besteht in der Vertiefung der Kenntnisse des Vertragsrechts mit einem Schwerpunkt bei der Vertragsgestaltung unter besonderer Be-r\u00fccksichtigung der im Rahmen des \u00f6ffentlichen Beschaffungswesens relevanten Rechtsgebiete \u2013 beispielsweise Kartellrecht, Patentrecht oder Beihilfenrecht.<br>Neben diesen Modulen aus dem Kernfach Rechtswissenschaft gibt es Module aus den F\u00e4chern Verwaltungswissenschaften, Betriebswirtschaftslehre und Psychologie.<\/p>\n\n\n\n<p>Die Module gliedern sich in Pflicht- und Wahlpflichtmodule.<\/p>\n\n\n\n<p><strong>Pflichtmodule<\/strong>:<br>\u2022 Grundlagen des Vergaberechts<br>\u2022 Grundlagen des Vertragsrechts<br>\u2022 Haushaltsrecht und Preisrecht, Haushaltsf\u00fchrung, Finanz- und Rechnungswesen<br>\u2022 Internationales Vergabe- und Vertragsrecht<br>\u2022 Vergabeverfahren und Vertragsgestaltung in der Anwendung<br>\u2022 Projektplanung<\/p>\n\n\n\n<p><strong>Wahlpflichtmodule:<\/strong><br>\u2022 Verhandlungspsychologie<br>\u2022 Bauvergaberecht<br>\u2022 Vergaberechtsschutz<br>\u2022 Beihilfenrecht<br>\u2022 Kartellrecht<br>\u2022 Patentrecht<\/p>\n\n\n\n<p>Das Studium ist in eine Grundlagenphase (1. Studienabschnitt) und in eine Vertiefungsphase (2. Studienabschnitt) unterteilt.<\/p>\n\n\n\n<hr class=\"wp-block-separator has-alpha-channel-opacity\" \/>\n\n\n\n<p>Bewerbung<\/p>\n\n\n\n<p>Die Teilnahme am Studiengang Vergabe- und Vertragsrecht ist nur im Rahmen einer Kooperation zwischen der Helmut-Schmidt-Universit\u00e4t und Abteilungen des BMVg und \u2013 soweit freie Kapazit\u00e4ten vorhanden sind \u2013 auch anderen Ministerien und nachgeordneten Dienststellen m\u00f6glich. Die Bewerbung und die Auswahl der Kandidaten erfolgen \u00fcber die jeweiligen Arbeitgeber. Diese entsenden die Studierenden bei Vorliegen der erforderlichen Zulassungsvoraussetzungen zu einem Studium an die\u00a0<abbr title=\"Helmut Schmidt Universit\u00e4t\">HSU<\/abbr>. Eine direkte Bewerbung an der Helmut-Schmidt-Universit\u00e4t ist nicht m\u00f6glich<\/p>\n\n\n\n<hr class=\"wp-block-separator has-alpha-channel-opacity\" \/>\n\n\n\n<p><a href=\"https:\/\/www.hsu-hh.de\/wiso\/wp-content\/uploads\/sites\/135\/2022\/07\/MHB_VVR_Lesefassung_mAuflagen_Stand_10-08-2021.pdf\" target=\"_blank\" rel=\"noreferrer noopener\">MHB Vergabe-und Vertragsrecht<\/a><\/p>\n\n\n\n<p><a href=\"https:\/\/campus.hsu-hh.de\/qisserver\/rds?state=user&amp;type=0&amp;topitem=\" target=\"_blank\" rel=\"noreferrer noopener\">Lehrangebot Vergabe- und Vertragsrecht<\/a><\/p>\n\n\n\n<p>Allgemeine Pr\u00fcfungsordnung (<a href=\"https:\/\/www.hsu-hh.de\/asv\/apo\/\" target=\"_blank\" rel=\"noreferrer noopener\">APO<\/a>) und Fachspezifische Pr\u00fcfungsordnung (<a href=\"https:\/\/www.hsu-hh.de\/asv\/studiengaenge\/\" target=\"_blank\" rel=\"noreferrer noopener\">FSPO<\/a>) f\u00fcr den Studiengang Vergabe-und Vertragsrecht<\/p>\n\n\n\n<hr class=\"wp-block-separator has-alpha-channel-opacity\" \/>\n\n\n\n<p><strong>Studiendekan Vergabe-und Vertragsrecht<\/strong><br><abbr title=\"Universit\u00e4tsprofessor\">Univ.-Prof.<\/abbr>\u00a0<abbr title=\"Doktor\">Dr.<\/abbr>\u00a0Christian Ernst<br>E-Mail:\u00a0\u00a0<a href=\"mailto:christian.ernst@hsu-hh.de\" target=\"_blank\" rel=\"noreferrer noopener\">christian.ernst@hsu-hh.de<\/a><br>Telefon: +49 40 6541-3871<\/p>\n\n\n\n<p><strong>Bei allgemeinen Fragen zum Studium sowie zu Kooperationsm\u00f6glichkeiten mit der\u00a0<abbr title=\"Helmut Schmidt Universit\u00e4t\">HSU<\/abbr>:<\/strong><br>Astrid Str\u00fc\u00dfmann<br>Referentin f\u00fcr Hochschulmarketing<br>E-Mail:\u00a0<a href=\"mailto:astrid.struessmann@hsu-hh.de\" target=\"_blank\" rel=\"noreferrer noopener\">astrid.struessmann@hsu-hh.de<\/a><br>Telefon: +49 40 6541-3855<\/p>\n","protected":false},"excerpt":{"rendered":"<p>Der Studiengang Vergabe- und Vertragsrecht ist ein berufsbegleitender Master-Studiengang. Ziel des Studienganges ist die wissenschaftliche Durchdringung rechtswissenschaftlicher Fachgebiete und interdisziplin\u00e4rer Ans\u00e4tze sowie die Vermittlung einer besonderen Qualifikation und Berufsbef\u00e4higung auf [&hellip;]<\/p>\n","protected":false},"author":37,"featured_media":0,"parent":0,"menu_order":0,"comment_status":"closed","ping_status":"closed","template":"","meta":{"footnotes":""},"categories":[35,43],"tags":[],"class_list":["post-6734","page","type-page","status-publish","hentry","category-studiengaenge","category-studium"],"_links":{"self":[{"href":"https:\/\/www.hsu-hh.de\/wiso\/wp-json\/wp\/v2\/pages\/6734","targetHints":{"allow":["GET"]}}],"collection":[{"href":"https:\/\/www.hsu-hh.de\/wiso\/wp-json\/wp\/v2\/pages"}],"about":[{"href":"https:\/\/www.hsu-hh.de\/wiso\/wp-json\/wp\/v2\/types\/page"}],"author":[{"embeddable":true,"href":"https:\/\/www.hsu-hh.de\/wiso\/wp-json\/wp\/v2\/users\/37"}],"replies":[{"embeddable":true,"href":"https:\/\/www.hsu-hh.de\/wiso\/wp-json\/wp\/v2\/comments?post=6734"}],"version-history":[{"count":1,"href":"https:\/\/www.hsu-hh.de\/wiso\/wp-json\/wp\/v2\/pages\/6734\/revisions"}],"predecessor-version":[{"id":6735,"href":"https:\/\/www.hsu-hh.de\/wiso\/wp-json\/wp\/v2\/pages\/6734\/revisions\/6735"}],"wp:attachment":[{"href":"https:\/\/www.hsu-hh.de\/wiso\/wp-json\/wp\/v2\/media?parent=6734"}],"wp:term":[{"taxonomy":"category","embeddable":true,"href":"https:\/\/www.hsu-hh.de\/wiso\/wp-json\/wp\/v2\/categories?post=6734"},{"taxonomy":"post_tag","embeddable":true,"href":"https:\/\/www.hsu-hh.de\/wiso\/wp-json\/wp\/v2\/tags?post=6734"}],"curies":[{"name":"wp","href":"https:\/\/api.w.org\/{rel}","templated":true}]}}