{"id":6661,"date":"2024-11-27T10:48:21","date_gmt":"2024-11-27T09:48:21","guid":{"rendered":"https:\/\/www.hsu-hh.de\/wiso\/?page_id=6661"},"modified":"2026-01-06T06:21:10","modified_gmt":"2026-01-06T05:21:10","slug":"volkswirtschaftslehre","status":"publish","type":"page","link":"https:\/\/www.hsu-hh.de\/wiso\/volkswirtschaftslehre","title":{"rendered":"Volkswirtschaftslehre"},"content":{"rendered":"\n<p><a href=\"https:\/\/www.hsu-hh.de\/kuw\">Professur f\u00fcr Volkswirtschaftslehre,&nbsp;<abbr title=\"insbesondere\">insb.<\/abbr>&nbsp;Konjunktur und Wachstum<\/a><br><strong>Univ.&nbsp;<abbr title=\"Professor\">Prof.<\/abbr>&nbsp;<abbr title=\"Doktor\">Dr.<\/abbr>&nbsp;Dierk Herzer<\/strong><br>Geb. H 1, R. 2178<br>Tel. 2775<br>E-Mail:&nbsp;<a href=\"mailto:herzer@hsu-hh.de\" rel='nofollow'>herzer@hsu-hh.de<\/a><\/p>\n\n\n\n<p><a href=\"https:\/\/www.hsu-hh.de\/monecon\/\">Professur f\u00fcr Volkswirtschaftslehre,&nbsp;<abbr title=\"insbesondere\">insb.<\/abbr>&nbsp; Monet\u00e4re \u00d6konomik<\/a><br><strong>Univ.&nbsp;<abbr title=\"Professor\">Prof.<\/abbr>&nbsp;<abbr title=\"Doktor\">Dr.<\/abbr>&nbsp;Christian Pierdzioch<\/strong><br>Geb. H 1, R. 2232<br>Tel. 2232<br>E-Mail:&nbsp;<a href=\"mailto:macroeconomics@hsu-hh.de\" rel='nofollow'>macroeconomics@hsu-hh.de<\/a><\/p>\n\n\n\n<p><a href=\"https:\/\/www.hsu-hh.de\/empwifo\">Professur f\u00fcr Volkswirtschaftslehre,&nbsp;<abbr title=\"insbesondere\">insb.<\/abbr>&nbsp;Politische \u00d6konomik und Empirische Wirtschaftsforschung<\/a><br><strong>Univ.&nbsp;<abbr title=\"Professor\">Prof.<\/abbr>&nbsp;<abbr title=\"Doktor\">Dr.<\/abbr>&nbsp;Michael Berlemann<\/strong><br>Geb. H 1, R. 2174<br>Tel. 2860, Fax 2043<br>E-Mail:&nbsp;<a href=\"mailto:michael.berlemann@hsu-hh.de\" rel='nofollow'>michael.berlemann@hsu-hh.de<\/a><\/p>\n\n\n\n<p><a href=\"https:\/\/www.hsu-hh.de\/finanzwissenschaft\/\">Professur f\u00fcr Volkswirtschaftslehre,&nbsp;<abbr title=\"insbesondere\">insb.<\/abbr>&nbsp;\u00d6konomik des \u00d6ffentliches Sektors<\/a><strong><br><abbr title=\"Doktor\">Dr.<\/abbr>&nbsp;Gunther Markwardt&nbsp;<\/strong>(Professurvertretung)<br>Geb. H&nbsp;1, R. 2144<br>Tel. 3192<br>E-Mail: <a href=\"mailto:gunther.markwardt@hsu-hh.de\" rel='nofollow'>gunther.markwardt@hsu-hh.de<\/a><\/p>\n\n\n\n<p><a href=\"https:\/\/www.hsu-hh.de\/ioek\/\">Professur f\u00fcr Volkswirtschaftslehre,&nbsp;<abbr title=\"insbesondere\">insb.<\/abbr>&nbsp;Industrie\u00f6konomik<\/a><br><strong>Univ.&nbsp;<abbr title=\"Professor\">Prof.<\/abbr>&nbsp;<abbr title=\"Doktor\">Dr.<\/abbr>&nbsp;Ralf Dewenter<\/strong><br>Geb. H 1, R. 2124<br>Tel. 2978<br>E-Mail:&nbsp;<a href=\"mailto:dewenter@hsu-hh.de\" rel='nofollow'>dewenter@hsu-hh.de<\/a><\/p>\n\n\n\n<p><a href=\"https:\/\/www.hsu-hh.de\/dluhosch\">Professur f\u00fcr Volkswirtschaftslehre,&nbsp;<abbr title=\"insbesondere\">insb.<\/abbr>&nbsp;Internationale Wirtschaftsbeziehungen<\/a><br><strong>Univ.&nbsp;<abbr title=\"Professor\">Prof.<\/abbr>&nbsp;<abbr title=\"Doktor\">Dr.<\/abbr>&nbsp;Barbara Dluhosch<\/strong><br>Geb. H 1, R. 2157<br>Tel. 2071, Fax 2042<br>E-Mail:&nbsp;international.econ at hsu-hh.de<\/p>\n\n\n\n<p><a href=\"https:\/\/www.hsu-hh.de\/ordnung\">Professur f\u00fcr Volkswirtschaftslehre,&nbsp;<abbr title=\"insbesondere\">insb.<\/abbr>&nbsp;Ordnungs\u00f6konomik<\/a><br><strong>Univ.&nbsp;<abbr title=\"Professor\">Prof.<\/abbr>&nbsp;<abbr title=\"Doktor\">Dr.<\/abbr>&nbsp;Dirk Meyer&nbsp;<\/strong>(Professurvertretung)<br>Geb. H 1, R. 2005<br>Tel. 2705, Fax 2003<br>E-Mail:&nbsp;<a href=\"mailto:dirk.meyer@hsu-hh.de\" rel='nofollow'>dirk.meyer@hsu-hh.de<\/a><\/p>\n\n\n\n<p><a href=\"https:\/\/www.hsu-hh.de\/be\/\">Professur f\u00fcr Volkswirtschaftslehre,&nbsp;<abbr title=\"insbesondere\">insb.<\/abbr>&nbsp;Behavioral Economics<\/a><br><strong>Univ.&nbsp;<abbr title=\"Professor\">Prof.<\/abbr>&nbsp;<abbr title=\"Doktor\">Dr.<\/abbr>&nbsp;Stefan Traub<\/strong><br>Geb. H 1, R. 2158<br>Tel. 2865<br>E-Mail:&nbsp;<a href=\"mailto:traubs@hsu-hh.de\" rel='nofollow'>traubs@hsu-hh.de<\/a><\/p>\n\n\n\n<p>zur\u00a0<a href=\"https:\/\/www.hsu-hh.de\/fgvwl\/\" target=\"_blank\" rel=\"noreferrer noopener\">F\u00e4chergruppe\u00a0<abbr title=\"Volkswirtschaftslehre\">VWL<\/abbr><\/a><\/p>\n","protected":false},"excerpt":{"rendered":"<p>Professur f\u00fcr Volkswirtschaftslehre,&nbsp;insb.&nbsp;Konjunktur und WachstumUniv.&nbsp;Prof.&nbsp;Dr.&nbsp;Dierk HerzerGeb. H 1, R. 2178Tel. 2775E-Mail:&nbsp;herzer@hsu-hh.de Professur f\u00fcr Volkswirtschaftslehre,&nbsp;insb.&nbsp; Monet\u00e4re \u00d6konomikUniv.&nbsp;Prof.&nbsp;Dr.&nbsp;Christian PierdziochGeb. H 1, R. 2232Tel. 2232E-Mail:&nbsp;macroeconomics@hsu-hh.de Professur f\u00fcr Volkswirtschaftslehre,&nbsp;insb.&nbsp;Politische \u00d6konomik und Empirische WirtschaftsforschungUniv.&nbsp;Prof.&nbsp;Dr.&nbsp;Michael BerlemannGeb. [&hellip;]<\/p>\n","protected":false},"author":37,"featured_media":0,"parent":0,"menu_order":0,"comment_status":"closed","ping_status":"closed","template":"","meta":{"footnotes":""},"categories":[4],"tags":[],"class_list":["post-6661","page","type-page","status-publish","hentry","category-forschung"],"_links":{"self":[{"href":"https:\/\/www.hsu-hh.de\/wiso\/wp-json\/wp\/v2\/pages\/6661","targetHints":{"allow":["GET"]}}],"collection":[{"href":"https:\/\/www.hsu-hh.de\/wiso\/wp-json\/wp\/v2\/pages"}],"about":[{"href":"https:\/\/www.hsu-hh.de\/wiso\/wp-json\/wp\/v2\/types\/page"}],"author":[{"embeddable":true,"href":"https:\/\/www.hsu-hh.de\/wiso\/wp-json\/wp\/v2\/users\/37"}],"replies":[{"embeddable":true,"href":"https:\/\/www.hsu-hh.de\/wiso\/wp-json\/wp\/v2\/comments?post=6661"}],"version-history":[{"count":4,"href":"https:\/\/www.hsu-hh.de\/wiso\/wp-json\/wp\/v2\/pages\/6661\/revisions"}],"predecessor-version":[{"id":7142,"href":"https:\/\/www.hsu-hh.de\/wiso\/wp-json\/wp\/v2\/pages\/6661\/revisions\/7142"}],"wp:attachment":[{"href":"https:\/\/www.hsu-hh.de\/wiso\/wp-json\/wp\/v2\/media?parent=6661"}],"wp:term":[{"taxonomy":"category","embeddable":true,"href":"https:\/\/www.hsu-hh.de\/wiso\/wp-json\/wp\/v2\/categories?post=6661"},{"taxonomy":"post_tag","embeddable":true,"href":"https:\/\/www.hsu-hh.de\/wiso\/wp-json\/wp\/v2\/tags?post=6661"}],"curies":[{"name":"wp","href":"https:\/\/api.w.org\/{rel}","templated":true}]}}