{"id":6650,"date":"2024-11-27T10:33:32","date_gmt":"2024-11-27T09:33:32","guid":{"rendered":"https:\/\/www.hsu-hh.de\/wiso\/?page_id=6650"},"modified":"2026-03-23T15:48:51","modified_gmt":"2026-03-23T14:48:51","slug":"privatdozenten-privatdozentinnen-professoren-professorinnen-nach-%c2%a7-17-absatz-1-des-hmbhg-ehrendoktorinnen-ehrendoktoren","status":"publish","type":"page","link":"https:\/\/www.hsu-hh.de\/wiso\/privatdozenten-privatdozentinnen-professoren-professorinnen-nach-%c2%a7-17-absatz-1-des-hmbhg-ehrendoktorinnen-ehrendoktoren","title":{"rendered":"Privatdozenten\/ Privatdozentinnen\/ Professoren\/ Professorinnen nach \u00a7 17, Absatz 1 des HmbHG &amp; Ehrendoktorinnen\/ Ehrendoktoren"},"content":{"rendered":"\n<p><strong>Professoren\/ Professorinnen nach \u00a7 17, Absatz 1 des HmbHG<\/strong><br>Bayer, Stefan, <abbr title=\"Professor\">Prof.<\/abbr> <abbr title=\"Doktor\">Dr.<\/abbr> (<abbr title=\"Volkswirtschaftslehre\">VWL<\/abbr>)<br><a href=\"http:\/\/economic-trends-research.de\/\" target=\"_blank\" rel=\"noreferrer noopener\">Br\u00e4uninger, Michael, <abbr title=\"Professor\">Prof.<\/abbr> <abbr title=\"Doktor\">Dr.<\/abbr><\/a> (<abbr title=\"Volkswirtschaftslehre\">VWL<\/abbr>)<br>Jonas, Michael, <abbr title=\"Professor\">Prof.<\/abbr> <abbr title=\"Doktor\">Dr.<\/abbr> <\/p>\n\n\n\n<hr class=\"wp-block-separator has-alpha-channel-opacity\" \/>\n\n\n\n<p><strong>Ehrendoktorinnen\/ Ehrendoktoren<\/strong><br><strong><abbr title=\"Professor\">Prof.<\/abbr>&nbsp;<abbr title=\"Doktor\">Dr.<\/abbr>&nbsp;<abbr title=\"rerum\">rer.<\/abbr> <abbr title=\"politicarum\">pol.<\/abbr>&nbsp;<abbr title=\"Doktor\">Dr.<\/abbr>&nbsp;h.c.&nbsp;<abbr title=\"multiplex\">mult.<\/abbr>&nbsp;Martin J. Beckmann<\/strong><br>Technische Universit\u00e4t M\u00fcnchen, em.<br><strong><abbr title=\"Professor\">Prof.<\/abbr>&nbsp;&nbsp;<abbr title=\"Doktor\">Dr.<\/abbr>&nbsp;<abbr title=\"rerum\">rer.<\/abbr> <abbr title=\"politicarum\">pol.<\/abbr>&nbsp;<abbr title=\"Doktor\">Dr.<\/abbr>&nbsp;h. c.&nbsp;<abbr title=\"rerum\">rer.<\/abbr>&nbsp;<abbr title=\"politicarum\">pol.<\/abbr>&nbsp;Wolfgang Domschke<\/strong><br>Technische &nbsp;Universit\u00e4t Darmstadt<br><strong>Prof .&nbsp;<abbr title=\"Doktor\">Dr.<\/abbr>&nbsp;jur.&nbsp;<abbr title=\"Doktor\">Dr.<\/abbr>&nbsp;h.c. Thomas&nbsp; Ellwein<\/strong> ( 16.7.1927 \u2013 6.1.1998 )<br>Universit\u00e4t &nbsp;Konstanz<br><strong><abbr title=\"Professor\">Prof.<\/abbr>&nbsp;<abbr title=\"Doktor\">Dr.<\/abbr>&nbsp;<abbr title=\"rerum\">rer.<\/abbr>&nbsp;<abbr title=\"politicarum\">pol.<\/abbr>&nbsp;h.c. Helga Haftendorn<\/strong><br>Freie&nbsp;Universit\u00e4t &nbsp;Berlin,&nbsp;Otto-Suhr-Institut f\u00fcr Politikwissenschaft, Arbeitsstelle Transnationale Beziehungen, Au\u00dfen- und Sicherheitspolitik<br><strong>Bundeskanzler a. D.&nbsp;<abbr title=\"Doktor\">Dr.<\/abbr>&nbsp;h. c.&nbsp;<abbr title=\"multiplex\">mult.<\/abbr>&nbsp;Helmut&nbsp;&nbsp;Schmidt<\/strong> (23.12.1918 \u2013 10.11.2015)<br><strong>Prof .&nbsp;<abbr title=\"Doktor\">Dr.<\/abbr>&nbsp;<abbr title=\"rerum\">rer.<\/abbr> <abbr title=\"politicarum\">pol.<\/abbr>&nbsp;<abbr title=\"Doktor\">Dr.<\/abbr>&nbsp;h. c. Egon Tuchtfeld<\/strong> ( 27.11.1923 \u2013 23.8.2007 )<br>Universit\u00e4t &nbsp;Bern<\/p>\n\n\n\n<hr class=\"wp-block-separator has-alpha-channel-opacity\" \/>\n\n\n\n<p><strong>Ehemalige Professoren &amp; Professoren im Ruhestand<\/strong><br><strong>Betriebswirtschaftslehre<\/strong><br><abbr title=\"Professor\">Prof.<\/abbr> <abbr title=\"Doktor\">Dr.<\/abbr> Tido B\u00f6ttcher (verstorben)<br><abbr title=\"Professor\">Prof.<\/abbr> <abbr title=\"Doktor\">Dr.<\/abbr> Michel Domsch<br><abbr title=\"Professor\">Prof.<\/abbr> <abbr title=\"Doktor\">Dr.<\/abbr> Rudolf Federmann<br><abbr title=\"Professor\">Prof.<\/abbr> <abbr title=\"Doktor\">Dr.<\/abbr> Michael Gaitanides<br><abbr title=\"Professor\">Prof.<\/abbr> <abbr title=\"Doktor\">Dr.<\/abbr> Werner Junginger (verstorben)<br><abbr title=\"Professor\">Prof.<\/abbr> <abbr title=\"Doktor\">Dr.<\/abbr> Friedrich-Wilhelm Lausberg (verstorben)<br><abbr title=\"Professor\">Prof.<\/abbr> <abbr title=\"Doktor\">Dr.<\/abbr> Hans-Jochen Kleineidam (verstorben)<br><abbr title=\"Professor\">Prof.<\/abbr> <abbr title=\"Doktor\">Dr.<\/abbr> G\u00fcnther Ortmann<br><abbr title=\"Professor\">Prof.<\/abbr> <abbr title=\"Doktor\">Dr.<\/abbr> Ulrich T\u00fcshaus<br><abbr title=\"Professor\">Prof.<\/abbr> <abbr title=\"Doktor\">Dr.<\/abbr> Klaus Zoller (verstorben)<br><strong>Volkswirtschaftslehre<\/strong><br><abbr title=\"Professor\">Prof.<\/abbr> <abbr title=\"Doktor\">Dr.<\/abbr> Michael Carlberg (verstorben)<br><abbr title=\"Professor\">Prof.<\/abbr> <abbr title=\"Doktor\">Dr.<\/abbr> Ghanie A. Ghaussy<br><abbr title=\"Professor\">Prof.<\/abbr> <abbr title=\"Doktor\">Dr.<\/abbr> Johannes Hackmann<br><abbr title=\"Professor\">Prof.<\/abbr> <abbr title=\"Doktor\">Dr.<\/abbr> J\u00f6rn Kruse<br><abbr title=\"Professor\">Prof.<\/abbr> <abbr title=\"Doktor\">Dr.<\/abbr> Franco Reither&nbsp;(verstorben)<br><abbr title=\"Professor\">Prof.<\/abbr> <abbr title=\"Doktor\">Dr.<\/abbr> Horst Sanmann (verstorben)<br><abbr title=\"Professor\">Prof.<\/abbr> <abbr title=\"Doktor\">Dr.<\/abbr> Wolf Sch\u00e4fer (verstorben)<br><abbr title=\"Professor\">Prof.<\/abbr> <abbr title=\"Doktor\">Dr.<\/abbr> Klaus W. Zimmermann (verstorben)<br><strong>Verwaltungslehre<\/strong><br><abbr title=\"Professor\">Prof.<\/abbr> <abbr title=\"Doktor\">Dr.<\/abbr> J\u00fcrgen Gornas<br><abbr title=\"Professor\">Prof.<\/abbr> <abbr title=\"Doktor\">Dr.<\/abbr> Herbert K\u00f6nig (verstorben)<br><abbr title=\"Professor\">Prof.<\/abbr> <abbr title=\"Doktor\">Dr.<\/abbr> Rainer Koch<br><abbr title=\"Professor\">Prof.<\/abbr> <abbr title=\"Doktor\">Dr.<\/abbr> Rainer Pr\u00e4torius<br><strong>Mathematik\/Statistik<\/strong><br><abbr title=\"Professor\">Prof.<\/abbr> <abbr title=\"Doktor\">Dr.<\/abbr> Hartmut Hebbel<br><abbr title=\"Professor\">Prof.<\/abbr> <abbr title=\"Doktor\">Dr.<\/abbr> Wolf Krumbholz<br><abbr title=\"Professor\">Prof.<\/abbr> <abbr title=\"Doktor\">Dr.<\/abbr> Fritz Pokropp<br><abbr title=\"Professor\">Prof.<\/abbr> Dr.Wilfried Seidel<br><abbr title=\"Professor\">Prof.<\/abbr> <abbr title=\"Doktor\">Dr.<\/abbr> G\u00f6tz Uebe<br><strong>Sozialwissenschaften<\/strong><br><abbr title=\"Professor\">Prof.<\/abbr> <abbr title=\"Doktor\">Dr.<\/abbr> Wolfgang Gessenharter (verstorben)<br><abbr title=\"Professor\">Prof.<\/abbr> <abbr title=\"Doktor\">Dr.<\/abbr> Jens-Rainer Ahrens<br><abbr title=\"Professor\">Prof.<\/abbr> <abbr title=\"Doktor\">Dr.<\/abbr> J\u00fcrgen Hartmann<br><abbr title=\"Professor\">Prof.<\/abbr> <abbr title=\"Doktor\">Dr.<\/abbr> Michael Hereth<br><abbr title=\"Professor\">Prof.<\/abbr> <abbr title=\"Doktor\">Dr.<\/abbr> Manfred Knapp<br><abbr title=\"Professor\">Prof.<\/abbr> <abbr title=\"Doktor\">Dr.<\/abbr> August Pradetto<br><strong>Rechtswissenschaften<\/strong><br><abbr title=\"Professor\">Prof.<\/abbr> <abbr title=\"Doktor\">Dr.<\/abbr> Carsten Brodersen (verstorben)<br><abbr title=\"Professor\">Prof.<\/abbr> <abbr title=\"Doktor\">Dr.<\/abbr> Hermann-Josef Bunte<br><abbr title=\"Professor\">Prof.<\/abbr> <abbr title=\"Doktor\">Dr.<\/abbr> Michael Kirn (verstorben)<br><abbr title=\"Professor\">Prof.<\/abbr> <abbr title=\"Doktor\">Dr.<\/abbr> Harro Plander (verstorben)<br><abbr title=\"Professor\">Prof.<\/abbr> <abbr title=\"Doktor\">Dr.<\/abbr> Gerhard Zimmer<\/p>\n","protected":false},"excerpt":{"rendered":"<p>Professoren\/ Professorinnen nach \u00a7 17, Absatz 1 des HmbHGBayer, Stefan, Prof. Dr. (VWL)Br\u00e4uninger, Michael, Prof. Dr. (VWL)Jonas, Michael, Prof. Dr. Ehrendoktorinnen\/ EhrendoktorenProf.&nbsp;Dr.&nbsp;rer. pol.&nbsp;Dr.&nbsp;h.c.&nbsp;mult.&nbsp;Martin J. BeckmannTechnische Universit\u00e4t M\u00fcnchen, em.Prof.&nbsp;&nbsp;Dr.&nbsp;rer. pol.&nbsp;Dr.&nbsp;h. c.&nbsp;rer.&nbsp;pol.&nbsp;Wolfgang [&hellip;]<\/p>\n","protected":false},"author":37,"featured_media":0,"parent":0,"menu_order":0,"comment_status":"closed","ping_status":"closed","template":"","meta":{"footnotes":""},"categories":[4],"tags":[],"class_list":["post-6650","page","type-page","status-publish","hentry","category-forschung"],"_links":{"self":[{"href":"https:\/\/www.hsu-hh.de\/wiso\/wp-json\/wp\/v2\/pages\/6650","targetHints":{"allow":["GET"]}}],"collection":[{"href":"https:\/\/www.hsu-hh.de\/wiso\/wp-json\/wp\/v2\/pages"}],"about":[{"href":"https:\/\/www.hsu-hh.de\/wiso\/wp-json\/wp\/v2\/types\/page"}],"author":[{"embeddable":true,"href":"https:\/\/www.hsu-hh.de\/wiso\/wp-json\/wp\/v2\/users\/37"}],"replies":[{"embeddable":true,"href":"https:\/\/www.hsu-hh.de\/wiso\/wp-json\/wp\/v2\/comments?post=6650"}],"version-history":[{"count":5,"href":"https:\/\/www.hsu-hh.de\/wiso\/wp-json\/wp\/v2\/pages\/6650\/revisions"}],"predecessor-version":[{"id":7337,"href":"https:\/\/www.hsu-hh.de\/wiso\/wp-json\/wp\/v2\/pages\/6650\/revisions\/7337"}],"wp:attachment":[{"href":"https:\/\/www.hsu-hh.de\/wiso\/wp-json\/wp\/v2\/media?parent=6650"}],"wp:term":[{"taxonomy":"category","embeddable":true,"href":"https:\/\/www.hsu-hh.de\/wiso\/wp-json\/wp\/v2\/categories?post=6650"},{"taxonomy":"post_tag","embeddable":true,"href":"https:\/\/www.hsu-hh.de\/wiso\/wp-json\/wp\/v2\/tags?post=6650"}],"curies":[{"name":"wp","href":"https:\/\/api.w.org\/{rel}","templated":true}]}}