{"id":413,"date":"2017-09-05T16:03:00","date_gmt":"2017-09-05T14:03:00","guid":{"rendered":"https:\/\/www.hsu-hh.de\/wweb\/?page_id=413"},"modified":"2022-11-17T13:15:22","modified_gmt":"2022-11-17T12:15:22","slug":"praktika","status":"publish","type":"page","link":"https:\/\/www.hsu-hh.de\/wiso\/praktika","title":{"rendered":"Praktika"},"content":{"rendered":"<p>Praktika erm\u00f6glichen es den Studierenden verschiedene Gesch\u00e4ftskulturen und -mentalit\u00e4ten kennen zu lernen und im Fall von Auslandsaufenthalten, Einblick in die Lebensweise anderer Kulturen zu nehmen. Idealerweise sollten Praktika Studierenden sowohl die M\u00f6glichkeit geben, ihre an der Universit\u00e4t erworbenen Kenntnisse umzusetzen als auch ihre Kompetenzen zu erweitern.<\/p>\n<h3>Praktika f\u00fcr welche Studieng\u00e4nge und\/oder Schwerpunkte?<\/h3>\n<p>An der Fakult\u00e4t f\u00fcr Wirtschafts- und Sozialwissenschaften, sind Praktika auf unterschiedliche Weise in die Studieng\u00e4nge eingebunden. Studierende der <a href=\"https:\/\/www.hsu-hh.de\/wiso\/betriebswirtschaftslehre-bachelor-of-science-master-of-science\" target=\"_blank\" rel=\"noopener noreferrer\">Betriebswirtschaftslehre<\/a> mit den Studienschwerpunkten &#8222;Interkulturelles Management&#8220;, &#8222;Innovations- und Netzwerkmanagement&#8220; oder &#8222;Risikomanagement&#8220; sowie Studierende der <a href=\"https:\/\/www.hsu-hh.de\/wiso\/wp-content\/uploads\/sites\/135\/2018\/09\/VWL_MA-MHB_Stand_24-07-2017.pdf\" target=\"_blank\" rel=\"noopener noreferrer\">Volkswirtschaftslehre<\/a> (Beginn Master-Studium vor 2019) haben die M\u00f6glichkeit ein Praktikum im Rahmen ihres Masterstudiums als Wahlpflichtmodul zu absolvieren.<br \/>\nF\u00fcr Sudierende der <strong>Politikwissenschaft<\/strong> besteht sowohl im <a href=\"https:\/\/www.hsu-hh.de\/wiso\/wp-content\/uploads\/sites\/135\/2018\/03\/Pol_BA-MHB_Stand_Oktober_2016.pdf\" target=\"_blank\" rel=\"noopener noreferrer\">Bachelor<\/a>&#8211; als auch im Master-Studium (<a href=\"https:\/\/www.hsu-hh.de\/wiso\/wp-content\/uploads\/sites\/135\/2018\/03\/Pol_IB_MA-MHB_Stand_Oktober_2016.pdf\" target=\"_blank\" rel=\"noopener noreferrer\">IB<\/a> und <a href=\"https:\/\/www.hsu-hh.de\/wiso\/wp-content\/uploads\/sites\/135\/2018\/03\/Pol_DF_MA-MHB_Stand_Oktober_2016.pdf\" target=\"_blank\" rel=\"noopener noreferrer\">DF<\/a>) die M\u00f6glichkeit, ein Praktikum im Rahmen eines Praxismoduls durchzuf\u00fchren. Studienvorhaben zur Anfertigung einer Studien-, Bachelor- oder Masterarbeit sind unabh\u00e4ngig vom Studienschwerpunkt m\u00f6glich.<\/p>\n<p><strong>Gef\u00f6rdert werden ausschlie\u00dflich:<\/strong><\/p>\n<p>1. Pflichtpraktika,<br \/>\n2. Praktika, die im Rahmen von Wahlpflichtmodulen abgeleistet werden sowie<br \/>\n3. Studienvorhaben zur Anfertigung einer Studien-, Bachelor- oder Masterarbeit.<\/p>\n<p><strong>Freiwillige Praktika<\/strong> k\u00f6nnen nat\u00fcrlich unabh\u00e4ngig vom Studiengang und Schwerpunkten absolviert werden. Diese d\u00fcrfen jedoch nur am Dienst- oder am Arbeitsort stattfinden.<\/p>\n<h3>Individuelle Praktika und Auslandsvorhaben (unter 3 Monaten)<\/h3>\n<p>Wie bei einem Praktikum im Inland suchen Sie sich auch den Praktikumsplatz oder die Institution f\u00fcr Ihre Rechercheaufenthalte im Ausland selbstst\u00e4ndig.<\/p>\n<h3>Praktika &#8222;Vernetzte Sicherheit&#8220;<\/h3>\n<p>Besonders engagierten Studierenden wird jedes Jahr die M\u00f6glichkeit geboten, ein Praktikum in Institutionen der Vernetzten Sicherheit zu absolvieren. In folgenden Institutionen konnten in den letzten Jahren Praktikumspl\u00e4tze zur Verf\u00fcgungen gestellt werden:<\/p>\n<p>Wissenschaftliche Dienste des Deutschen Bundestages<br \/>\nBundesministerium f\u00fcr wirtschaftliche Zusammenarbeit und Entwicklung<br \/>\nBundesministerium der Verteidigung<br \/>\nGoethe Institut M\u00fcnchen und London<br \/>\nEuropean Defence Agency (EDA), Br\u00fcssel<br \/>\nStab des Deutschen Milit\u00e4rischen Vertreters im Milit\u00e4rausschuss der NATO und bei der Europ\u00e4ischen Union, Br\u00fcssel<br \/>\nNATO HQ Supreme Allied Command Transformation (SACT), Norfolk, Virginia<br \/>\nNATO CIMIC Centre of Excellence \/ The Hague, NL<br \/>\nInstituto de Historia y Cultura Militar del Ej\u00e9rcito de Tierra de Espana (IHCM), Madrid<br \/>\nDas Programm steht Studierenden aller Fachrichtungen offen. Einzige Bedingung ist, dass das Praktikum als Pflicht- oder Wahlpflichtmodul im jeweiligen Studienfach anerkannt werden kann.<\/p>\n<p>Bewerbungen f\u00fcr individuelle Vorhaben und Praktika im Bereich &#8222;Vernetzte Sicherheit&#8220; sind <strong>bis zum 15. Dezember<\/strong> des Jahres, vor dem Sie Ihren Auslandsaufenthalt planen, m\u00f6glich. Wie bei einem Auslandsstudium erfolgt auch bei Auslandspraktika sowie Rechercheaufenthalten (unter drei Monaten) eine Bestenauswahl.<\/p>\n<p><a href=\"https:\/\/web.hsu-hh.de\/fak\/geiso\/fkv\/prak\/informationen-fuer-studierende\/praktika-im-ausland\" rel='nofollow'>Weitere Informationen und Unterlagen\/Formulare finden Sie hier (<abbr title=\"Geistes- und Sozialwissenschaften\">GeiSo<\/abbr>).<\/a><\/p>\n<p>E-Mail: <a href=\"mailto:praktikum-wiso@hsu-hh.de\" rel='nofollow'>praktikum-wiso@hsu-hh.de<\/a><\/p>\n","protected":false},"excerpt":{"rendered":"<p>Praktika erm\u00f6glichen es den Studierenden verschiedene Gesch\u00e4ftskulturen und -mentalit\u00e4ten kennen zu lernen und im Fall von Auslandsaufenthalten, Einblick in die Lebensweise anderer Kulturen zu nehmen. Idealerweise sollten Praktika Studierenden sowohl [&hellip;]<\/p>\n","protected":false},"author":23,"featured_media":0,"parent":0,"menu_order":0,"comment_status":"closed","ping_status":"closed","template":"","meta":{"footnotes":""},"categories":[6,35,43],"tags":[67,65],"class_list":["post-413","page","type-page","status-publish","hentry","category-lehre","category-studiengaenge","category-studium","tag-auslandsaufenthalt","tag-praktikum"],"_links":{"self":[{"href":"https:\/\/www.hsu-hh.de\/wiso\/wp-json\/wp\/v2\/pages\/413","targetHints":{"allow":["GET"]}}],"collection":[{"href":"https:\/\/www.hsu-hh.de\/wiso\/wp-json\/wp\/v2\/pages"}],"about":[{"href":"https:\/\/www.hsu-hh.de\/wiso\/wp-json\/wp\/v2\/types\/page"}],"author":[{"embeddable":true,"href":"https:\/\/www.hsu-hh.de\/wiso\/wp-json\/wp\/v2\/users\/23"}],"replies":[{"embeddable":true,"href":"https:\/\/www.hsu-hh.de\/wiso\/wp-json\/wp\/v2\/comments?post=413"}],"version-history":[{"count":115,"href":"https:\/\/www.hsu-hh.de\/wiso\/wp-json\/wp\/v2\/pages\/413\/revisions"}],"predecessor-version":[{"id":5181,"href":"https:\/\/www.hsu-hh.de\/wiso\/wp-json\/wp\/v2\/pages\/413\/revisions\/5181"}],"wp:attachment":[{"href":"https:\/\/www.hsu-hh.de\/wiso\/wp-json\/wp\/v2\/media?parent=413"}],"wp:term":[{"taxonomy":"category","embeddable":true,"href":"https:\/\/www.hsu-hh.de\/wiso\/wp-json\/wp\/v2\/categories?post=413"},{"taxonomy":"post_tag","embeddable":true,"href":"https:\/\/www.hsu-hh.de\/wiso\/wp-json\/wp\/v2\/tags?post=413"}],"curies":[{"name":"wp","href":"https:\/\/api.w.org\/{rel}","templated":true}]}}