{"id":9,"date":"2016-06-07T18:09:30","date_gmt":"2016-06-07T16:09:30","guid":{"rendered":"https:\/\/webbox.hsu-hh.de\/vorlage\/?page_id=9"},"modified":"2025-11-14T08:15:32","modified_gmt":"2025-11-14T07:15:32","slug":"impressum","status":"publish","type":"page","link":"https:\/\/www.hsu-hh.de\/werkstoffkunde\/impressum","title":{"rendered":"Impressum"},"content":{"rendered":"\n<h2 class=\"wp-block-heading\">Angaben gem. \u00a7 5 Telemediengesetz<\/h2>\n\n\n\n<p><strong>Herausgeber<\/strong><\/p>\n\n\n\n<p>Helmut-Schmidt-Universit\u00e4t\/Universit\u00e4t der Bundeswehr Hamburg<br>Holstenhofweg 85<br>22043 Hamburg<\/p>\n\n\n\n<p>Telefon<br>040 6541-1<\/p>\n\n\n\n<p>Telefax<br>040 6541-2869<\/p>\n\n\n\n<p>E-Mail<br><a href=\"mailto:PressestelleHSU@bundeswehr.org\" rel=\"nofollow\">PressestelleHSU@bundeswehr.org<\/a><\/p>\n\n\n\n<h3 class=\"wp-block-heading\">Gesetzlicher Vertreter<\/h3>\n\n\n\n<p>Der Pr\u00e4sident<br><abbr title=\"Professor\">Prof.<\/abbr>&nbsp;<abbr title=\"Doktor\">Dr.<\/abbr>&nbsp;<abbr title=\"rerum\">rer.<\/abbr>&nbsp;<abbr title=\"politicarum\">pol.<\/abbr>&nbsp;Klaus Beckmann<br>Telefon 040 6541-2700<br>Telefax 040 6541-2702<\/p>\n\n\n\n<p><strong>Inhaltlich Verantwortliche gem\u00e4\u00df \u00a7 7 Telemediengesetz<\/strong><\/p>\n\n\n\n<p><abbr title=\"Universit\u00e4tsprofessor\">Univ.-Prof.<\/abbr> <abbr title=\"Doktor\">Dr.<\/abbr>&#8211;<abbr title=\"Ingenieur\">Ing.<\/abbr> <abbr title=\"habilitatus\">habil.<\/abbr>&nbsp; Thomas Klassen<br>Helmut-Schmidt-Universit\u00e4t \/ Universit\u00e4t der Bundeswehr Hamburg<br>Holstenhofweg 85<br>22043 Hamburg<\/p>\n\n\n\n<p>Telefon: (040) 6541-3617<\/p>\n\n\n\n<p>Telefax: (040) 6541-3653<\/p>\n\n\n\n<p>E-Mail: <a href=\"mailto:Thomas.Klassen@hsu-hh.de\" rel='nofollow'>Thomas.Klassen@hsu-hh.de<\/a><\/p>\n\n\n\n<p>Sekretariat Caroline Hahn: (040) 6541-2271<\/p>\n\n\n\n<p>E-Mail: <a href=\"mailto:hahnc@hsu-hh.de\" rel='nofollow'>Caroline.Hahn@hsu-hh.de<\/a><\/p>\n\n\n\n<p><strong>Redaktion<\/strong><\/p>\n\n\n\n<p>Pressestelle<br>Tel.: (040) 6541-2774<br>Fax: (040) 6541-2834<br>E-Mail: <a href=\"mailto:PressestelleHSU@bundeswehr.org\" rel=\"nofollow\">PressestelleHSU@bundeswehr.org<\/a><\/p>\n\n\n\n<p><strong>Haftungsausschluss<\/strong><\/p>\n\n\n\n<p>Trotz sorgf\u00e4ltiger inhaltlicher Kontrolle \u00fcbernehmen wir keine Haftung f\u00fcr die Richtigkeit, Vollst\u00e4ndigkeit und Aktualit\u00e4t unserer Webseiten sowie f\u00fcr die Inhalte externer Links. F\u00fcr den Inhalt der verlinkten Seiten sind ausschlie\u00dflich deren Betreiber verantwortlich.<\/p>\n\n\n\n<p><strong>Urheberrechtsvermerk<\/strong><\/p>\n\n\n\n<p>Das Layout, s\u00e4mtliche Grafiken und Fotos sowie die Textbeitr\u00e4ge sind urheberrechtlich gesch\u00fctzt. Es gelten die gesetzlichen Bestimmungen. \u00c4nderungen d\u00fcrfen nicht vorgenommen werden. Bei Anfragen wenden Sie sich an den auf den jeweiligen Seiten erkenntlichen Autor.<\/p>\n","protected":false},"excerpt":{"rendered":"<p>Angaben gem. \u00a7 5 Telemediengesetz Herausgeber Helmut-Schmidt-Universit\u00e4t\/Universit\u00e4t der Bundeswehr HamburgHolstenhofweg 8522043 Hamburg Telefon040 6541-1 Telefax040 6541-2869 E-MailPressestelleHSU@bundeswehr.org Gesetzlicher Vertreter Der Pr\u00e4sidentProf.&nbsp;Dr.&nbsp;rer.&nbsp;pol.&nbsp;Klaus BeckmannTelefon 040 6541-2700Telefax 040 6541-2702 Inhaltlich Verantwortliche gem\u00e4\u00df \u00a7 [&hellip;]<\/p>\n","protected":false},"author":1,"featured_media":0,"parent":0,"menu_order":0,"comment_status":"closed","ping_status":"closed","template":"","meta":{"footnotes":""},"categories":[4],"tags":[],"class_list":["post-9","page","type-page","status-publish","hentry","category-forschung"],"_links":{"self":[{"href":"https:\/\/www.hsu-hh.de\/werkstoffkunde\/wp-json\/wp\/v2\/pages\/9","targetHints":{"allow":["GET"]}}],"collection":[{"href":"https:\/\/www.hsu-hh.de\/werkstoffkunde\/wp-json\/wp\/v2\/pages"}],"about":[{"href":"https:\/\/www.hsu-hh.de\/werkstoffkunde\/wp-json\/wp\/v2\/types\/page"}],"author":[{"embeddable":true,"href":"https:\/\/www.hsu-hh.de\/werkstoffkunde\/wp-json\/wp\/v2\/users\/1"}],"replies":[{"embeddable":true,"href":"https:\/\/www.hsu-hh.de\/werkstoffkunde\/wp-json\/wp\/v2\/comments?post=9"}],"version-history":[{"count":18,"href":"https:\/\/www.hsu-hh.de\/werkstoffkunde\/wp-json\/wp\/v2\/pages\/9\/revisions"}],"predecessor-version":[{"id":2375,"href":"https:\/\/www.hsu-hh.de\/werkstoffkunde\/wp-json\/wp\/v2\/pages\/9\/revisions\/2375"}],"wp:attachment":[{"href":"https:\/\/www.hsu-hh.de\/werkstoffkunde\/wp-json\/wp\/v2\/media?parent=9"}],"wp:term":[{"taxonomy":"category","embeddable":true,"href":"https:\/\/www.hsu-hh.de\/werkstoffkunde\/wp-json\/wp\/v2\/categories?post=9"},{"taxonomy":"post_tag","embeddable":true,"href":"https:\/\/www.hsu-hh.de\/werkstoffkunde\/wp-json\/wp\/v2\/tags?post=9"}],"curies":[{"name":"wp","href":"https:\/\/api.w.org\/{rel}","templated":true}]}}