{"id":557,"date":"2018-07-25T15:45:37","date_gmt":"2018-07-25T13:45:37","guid":{"rendered":"https:\/\/www.hsu-hh.de\/wb\/?page_id=557"},"modified":"2020-11-26T10:47:28","modified_gmt":"2020-11-26T09:47:28","slug":"iff-forschungsprojekt","status":"publish","type":"page","link":"https:\/\/www.hsu-hh.de\/wb\/iff-forschungsprojekt","title":{"rendered":"IFF-Forschungsprojekt"},"content":{"rendered":"<div>\n<h2>Subjektives Lernzeiterleben und kollektive Zeitpraktiken der Erwachsenenbildung: Zur empirischen Rekonstruktion spezifischer Zeitmodalit\u00e4ten in Lern- und Bildungsprozessen (abgeschlossen)<\/h2>\n<h3>Gef\u00f6rdert durch die interne Forschungsf\u00f6rderung der Helmut-Schmidt-Universit\u00e4t \/ Universit\u00e4t der Bundeswehr<br \/>\nProjektteam: <abbr title=\"Professor\">Prof.<\/abbr> <abbr title=\"Doktor\">Dr<\/abbr>. Sabine Schmidt-Lauff, Hannah Hassinger, <abbr title=\"Doktor\">Dr<\/abbr>. J\u00f6rg Schwarz<br \/>\nLaufzeit: 07\/2018- 06\/2019<\/h3>\n<p>Lern- und Bildungsprozesse sind unl\u00f6sbar mit Zeitlichkeit verbunden. Die aktuelle erziehungswissenschaftliche Forschung hat dies erkannt, weist aber noch Desiderata insbesondere in der Verbindung bildungstheoretischer \u00dcberlegungen und empirischer Forschung auf: Das IFF-Projekt untersucht den Zusammenhang zwischen subjektiven Zeiterfahrungen und der praktischen Herstellung spezifischer Zeitqualit\u00e4ten in organisierten Angeboten der Erwachsenenbildung, wobei (durch eine besonders pr\u00e4gnante Zeitstruktur charakterisierte) Ma\u00dfnahmen im Bereich des \u201aBildungsurlaubs\u2018 fokussiert werden.<\/p>\n<p>Das Projekt zielt auf einen essentiellen Beitrag einerseits zur empirisch fundierten Theoriebildung in Bezug auf die Rolle spezifischer Zeitqualit\u00e4ten f\u00fcr Lern- und Bildungsprozesse Erwachsener, andererseits zur methodologischen Fundierung ihrer empirischen Erforschung.<\/p>\n<h3><\/h3>\n<h3>Publikationen:<\/h3>\n<p>Schmidt-Lauff, S., Hassinger, H., &amp; Schwarz, J. (2021). Zeitlichkeit und Zeitmodalit\u00e4ten. Ein multiperspektivischer empirischer Zugang zu Zeit im Bildungsurlaub. In A. Pabst &amp; C. Zeuner (Hrsg.), <em>\u201eF\u00fcnf Tage sind einfach viel zu wenig\u201c \u2013 Bildungszeit und Bildungsfreistellung in der Diskussion<\/em>. Frankfurt a.M.: Wochenschau Verlag.<\/p>\n<p>Schwarz, J\u00f6rg; Hassinger, Hannah &amp; Schmidt-Lauff, Sabine (2020). Subjektives Lernzeiterleben und kollektive Zeitpraktiken in der Erwachsenbildung: zur empirischen Rekonstruktion von Zeitmodalit\u00e4ten in Lern- und Bildungsprozessen [50 Abs\u00e4tze]. <em>Forum Qualitative Sozialforschung \/ Forum: Qualitative Social Research<\/em>, 21(2), Art. 3, http:\/\/dx.doi.org\/10.17169\/fqs-21.2.3489.<\/p>\n<p>Schwarz, J. (2019). Zeit als Ressource der Erwachsenenbildung. <em>Hessische Bl\u00e4tter f\u00fcr Volksbildung<\/em>, 69(4), 335\u2013343. https:\/\/doi.org\/10.3278\/HBV1904W335<\/p>\n<p>Schwarz, J. &amp; Schmidt-Lauff, S. (2019): (Sp\u00e4t-)Moderne Zeitregime, kollektive Zeitpraktiken und subjektives Lernzeiterleben. In: D\u00f6rner, O. et al. (Hrsg.): <em>Erwachsenenbildung und Lernen in Zeiten von Globalisierung, Transformation und Entgrenzung<\/em>. Baltmannsweiler: Schneider Verlag Hohengehren.<\/p>\n<h3>Pr\u00e4sentationen:<\/h3>\n<p>Hassinger, H., Schmidt-Lauff, S. &amp; Schwarz, J. Zeit in der Bildungspraxis: Eine Rekonstruktion kollektiver Zeitpraktiken und des subjektiven Lernzeiterlebens in Bildungsurlaubsveranstaltungen. Posterpr\u00e4sentation. Jahrestagung der Sektion Erwachsenenbildung der DGfE, 25.-27.9.2019, Halle.<\/p>\n<p>Schwarz, J. Nur f\u00fcr begrenzte Zeit\u2026 Temporale Grenzziehungen als Gegenstand und Medium p\u00e4dagogischen Organisierens. Vortrag. Jahrestagung der Sektion Organisationsp\u00e4dagogik der DGfE, 21.-22.02.2019, Trier.<\/p>\n<p>Schmidt-Lauff, S. &amp; Schwarz, J.: (Sp\u00e4t-)Moderne Zeitregime, kollektive Zeitpraktiken und subjektives Lernzeiterleben. Vortrag. Jahrestagung der Sektion Erwachsenenbildung der DGfE \u201e\u201eErwachsenenbildung und Lernen in Zeiten von Globalisierung, Transformation und Entgrenzung\u201c, 26.-28.09.2018, Mainz.<\/p>\n<p>Schmidt-Lauff, S.\/Schwarz, J.: Subjektives Lernzeiterleben und kollektive Zeitpraktiken in der Erwachsenenbildung. Zur empirischen Rekonstruktion spezifischer Zeitmodalit\u00e4ten in Lern- und Bildungsprozessen. Posterpr\u00e4sentation. Tag der Forschung an der HSU Hamburg, 03.05.2018, Hamburg.<\/p>\n<p>Eine grafische Darstellung des Forschungsprojektes finden Sie hier:<\/p>\n<div class=\"col-xs-12 downloads-item\">\n<div class=\"row border-line\">\n<div class=\"thumbnail-area\"><img decoding=\"async\" class=\"download-image\" src=\"\/wp-content\/themes\/hsu\/img\/dummy\/downloads_dummy.png\" alt=\"\" \/><\/div>\n<div class=\"text-area\"><span class=\"download-text\">Projektergebnisposter 2019<\/span><\/div>\n<div class=\"download-area\"><a class=\"download-link\" href=\"https:\/\/www.hsu-hh.de\/wb\/wp-content\/uploads\/sites\/647\/2019\/10\/Poster_Tagung_Halle_2019.pdf\"><span class=\"download-name\">pdf laden<\/span><span class=\"donwload-icon\"><img decoding=\"async\" class=\"download-icon\" src=\"\/wp-content\/themes\/hsu\/img\/icons\/download_icon.png\" alt=\"download icon\" \/><\/span><span class=\"download-size\">1 MB<\/span><\/a><\/div>\n<\/div>\n<\/div>\n<div class=\"col-xs-12 downloads-item\">\n<div class=\"row border-line\">\n<div class=\"thumbnail-area\"><img decoding=\"async\" class=\"download-image\" src=\"\/wp-content\/themes\/hsu\/img\/dummy\/downloads_dummy.png\" alt=\"\" \/><\/div>\n<div class=\"text-area\"><span class=\"download-text\">Poster der IFF-Forschungsf\u00f6rderung 2018<\/span><\/div>\n<div class=\"download-area\"><a class=\"download-link\" href=\"https:\/\/www.hsu-hh.de\/wb\/wp-content\/uploads\/sites\/647\/2018\/07\/Poster-IFF-Subjektives-Lernzeiterleben.pdf\"><span class=\"download-name\">pdf laden<\/span><span class=\"donwload-icon\"><img decoding=\"async\" class=\"download-icon\" src=\"\/wp-content\/themes\/hsu\/img\/icons\/download_icon.png\" alt=\"download icon\" \/><\/span><span class=\"download-size\">343 KB<\/span><\/a><\/div>\n<\/div>\n<\/div>\n<\/div>\n","protected":false},"excerpt":{"rendered":"<p>Subjektives Lernzeiterleben und kollektive Zeitpraktiken der Erwachsenenbildung: Zur empirischen Rekonstruktion spezifischer Zeitmodalit\u00e4ten in Lern- und Bildungsprozessen (abgeschlossen) Gef\u00f6rdert durch die interne Forschungsf\u00f6rderung der Helmut-Schmidt-Universit\u00e4t \/ Universit\u00e4t der Bundeswehr Projektteam: Prof. [&hellip;]<\/p>\n","protected":false},"author":28,"featured_media":0,"parent":0,"menu_order":0,"comment_status":"closed","ping_status":"closed","template":"","meta":{"footnotes":""},"categories":[4],"tags":[],"class_list":["post-557","page","type-page","status-publish","hentry","category-forschung"],"_links":{"self":[{"href":"https:\/\/www.hsu-hh.de\/wb\/wp-json\/wp\/v2\/pages\/557","targetHints":{"allow":["GET"]}}],"collection":[{"href":"https:\/\/www.hsu-hh.de\/wb\/wp-json\/wp\/v2\/pages"}],"about":[{"href":"https:\/\/www.hsu-hh.de\/wb\/wp-json\/wp\/v2\/types\/page"}],"author":[{"embeddable":true,"href":"https:\/\/www.hsu-hh.de\/wb\/wp-json\/wp\/v2\/users\/28"}],"replies":[{"embeddable":true,"href":"https:\/\/www.hsu-hh.de\/wb\/wp-json\/wp\/v2\/comments?post=557"}],"version-history":[{"count":10,"href":"https:\/\/www.hsu-hh.de\/wb\/wp-json\/wp\/v2\/pages\/557\/revisions"}],"predecessor-version":[{"id":1248,"href":"https:\/\/www.hsu-hh.de\/wb\/wp-json\/wp\/v2\/pages\/557\/revisions\/1248"}],"wp:attachment":[{"href":"https:\/\/www.hsu-hh.de\/wb\/wp-json\/wp\/v2\/media?parent=557"}],"wp:term":[{"taxonomy":"category","embeddable":true,"href":"https:\/\/www.hsu-hh.de\/wb\/wp-json\/wp\/v2\/categories?post=557"},{"taxonomy":"post_tag","embeddable":true,"href":"https:\/\/www.hsu-hh.de\/wb\/wp-json\/wp\/v2\/tags?post=557"}],"curies":[{"name":"wp","href":"https:\/\/api.w.org\/{rel}","templated":true}]}}

<div>
<h2>Subjektives Lernzeiterleben und kollektive Zeitpraktiken der Erwachsenenbildung: Zur empirischen Rekonstruktion spezifischer Zeitmodalitäten in Lern- und Bildungsprozessen (abgeschlossen)</h2>
<h3>Gefördert durch die interne Forschungsförderung der Helmut-Schmidt-Universität / Universität der Bundeswehr<br />
Projektteam: <abbr title="Professor">Prof.</abbr> <abbr title="Doktor">Dr</abbr>. Sabine Schmidt-Lauff, Hannah Hassinger, <abbr title="Doktor">Dr</abbr>. Jörg Schwarz<br />
Laufzeit: 07/2018- 06/2019</h3>
<p>Lern- und Bildungsprozesse sind unlösbar mit Zeitlichkeit verbunden. Die aktuelle erziehungswissenschaftliche Forschung hat dies erkannt, weist aber noch Desiderata insbesondere in der Verbindung bildungstheoretischer Überlegungen und empirischer Forschung auf: Das IFF-Projekt untersucht den Zusammenhang zwischen subjektiven Zeiterfahrungen und der praktischen Herstellung spezifischer Zeitqualitäten in organisierten Angeboten der Erwachsenenbildung, wobei (durch eine besonders prägnante Zeitstruktur charakterisierte) Maßnahmen im Bereich des ‚Bildungsurlaubs‘ fokussiert werden.</p>
<p>Das Projekt zielt auf einen essentiellen Beitrag einerseits zur empirisch fundierten Theoriebildung in Bezug auf die Rolle spezifischer Zeitqualitäten für Lern- und Bildungsprozesse Erwachsener, andererseits zur methodologischen Fundierung ihrer empirischen Erforschung.</p>
<h3></h3>
<h3>Publikationen:</h3>
<p>Schmidt-Lauff, S., Hassinger, H., &amp; Schwarz, J. (2021). Zeitlichkeit und Zeitmodalitäten. Ein multiperspektivischer empirischer Zugang zu Zeit im Bildungsurlaub. In A. Pabst &amp; C. Zeuner (Hrsg.), <em>„Fünf Tage sind einfach viel zu wenig“ – Bildungszeit und Bildungsfreistellung in der Diskussion</em>. Frankfurt a.M.: Wochenschau Verlag.</p>
<p>Schwarz, Jörg; Hassinger, Hannah &amp; Schmidt-Lauff, Sabine (2020). Subjektives Lernzeiterleben und kollektive Zeitpraktiken in der Erwachsenbildung: zur empirischen Rekonstruktion von Zeitmodalitäten in Lern- und Bildungsprozessen [50 Absätze]. <em>Forum Qualitative Sozialforschung / Forum: Qualitative Social Research</em>, 21(2), Art. 3, http://dx.doi.org/10.17169/fqs-21.2.3489.</p>
<p>Schwarz, J. (2019). Zeit als Ressource der Erwachsenenbildung. <em>Hessische Blätter für Volksbildung</em>, 69(4), 335–343. https://doi.org/10.3278/HBV1904W335</p>
<p>Schwarz, J. &amp; Schmidt-Lauff, S. (2019): (Spät-)Moderne Zeitregime, kollektive Zeitpraktiken und subjektives Lernzeiterleben. In: Dörner, O. et al. (Hrsg.): <em>Erwachsenenbildung und Lernen in Zeiten von Globalisierung, Transformation und Entgrenzung</em>. Baltmannsweiler: Schneider Verlag Hohengehren.</p>
<h3>Präsentationen:</h3>
<p>Hassinger, H., Schmidt-Lauff, S. &amp; Schwarz, J. Zeit in der Bildungspraxis: Eine Rekonstruktion kollektiver Zeitpraktiken und des subjektiven Lernzeiterlebens in Bildungsurlaubsveranstaltungen. Posterpräsentation. Jahrestagung der Sektion Erwachsenenbildung der DGfE, 25.-27.9.2019, Halle.</p>
<p>Schwarz, J. Nur für begrenzte Zeit… Temporale Grenzziehungen als Gegenstand und Medium pädagogischen Organisierens. Vortrag. Jahrestagung der Sektion Organisationspädagogik der DGfE, 21.-22.02.2019, Trier.</p>
<p>Schmidt-Lauff, S. &amp; Schwarz, J.: (Spät-)Moderne Zeitregime, kollektive Zeitpraktiken und subjektives Lernzeiterleben. Vortrag. Jahrestagung der Sektion Erwachsenenbildung der DGfE „„Erwachsenenbildung und Lernen in Zeiten von Globalisierung, Transformation und Entgrenzung“, 26.-28.09.2018, Mainz.</p>
<p>Schmidt-Lauff, S./Schwarz, J.: Subjektives Lernzeiterleben und kollektive Zeitpraktiken in der Erwachsenenbildung. Zur empirischen Rekonstruktion spezifischer Zeitmodalitäten in Lern- und Bildungsprozessen. Posterpräsentation. Tag der Forschung an der HSU Hamburg, 03.05.2018, Hamburg.</p>
<p>Eine grafische Darstellung des Forschungsprojektes finden Sie hier:</p>
<div class="col-xs-12 downloads-item">
<div class="row border-line">
<div class="thumbnail-area"><img decoding="async" class="download-image" src="/wp-content/themes/hsu/img/dummy/downloads_dummy.png" alt="" /></div>
<div class="text-area"><span class="download-text">Projektergebnisposter 2019</span></div>
<div class="download-area"><a class="download-link" href="https://www.hsu-hh.de/wb/wp-content/uploads/sites/647/2019/10/Poster_Tagung_Halle_2019.pdf"><span class="download-name">pdf laden</span><span class="donwload-icon"><img decoding="async" class="download-icon" src="/wp-content/themes/hsu/img/icons/download_icon.png" alt="download icon" /></span><span class="download-size">1 MB</span></a></div>
</div>
</div>
<div class="col-xs-12 downloads-item">
<div class="row border-line">
<div class="thumbnail-area"><img decoding="async" class="download-image" src="/wp-content/themes/hsu/img/dummy/downloads_dummy.png" alt="" /></div>
<div class="text-area"><span class="download-text">Poster der IFF-Forschungsförderung 2018</span></div>
<div class="download-area"><a class="download-link" href="https://www.hsu-hh.de/wb/wp-content/uploads/sites/647/2018/07/Poster-IFF-Subjektives-Lernzeiterleben.pdf"><span class="download-name">pdf laden</span><span class="donwload-icon"><img decoding="async" class="download-icon" src="/wp-content/themes/hsu/img/icons/download_icon.png" alt="download icon" /></span><span class="download-size">343 KB</span></a></div>
</div>
</div>
</div>

<p>Subjektives Lernzeiterleben und kollektive Zeitpraktiken der Erwachsenenbildung: Zur empirischen Rekonstruktion spezifischer Zeitmodalitäten in Lern- und Bildungsprozessen (abgeschlossen) Gefördert durch die interne Forschungsförderung der Helmut-Schmidt-Universität / Universität der Bundeswehr Projektteam: Prof. [&hellip;]</p>
