{"id":860,"date":"2022-08-16T15:26:00","date_gmt":"2022-08-16T13:26:00","guid":{"rendered":"https:\/\/www.hsu-hh.de\/voelkerrecht\/?page_id=860"},"modified":"2023-04-25T10:53:04","modified_gmt":"2023-04-25T08:53:04","slug":"rebecca-kruse","status":"publish","type":"page","link":"https:\/\/www.hsu-hh.de\/voelkerrecht\/rebecca-kruse","title":{"rendered":"Rebecca Kruse"},"content":{"rendered":"\n<p>Helmut-Schmidt-Universit\u00e4t<br>Fakult\u00e4t f\u00fcr Wirtschafts- und Sozialwissenschaften<br>Holstenhofweg 85, Geb. H1, R. 2120<br>22043 Hamburg<\/p>\n\n\n\n<p>Telefon: +49 40 6541 4495<br>E-Mail: <a href=\"mailto:kruser@hsu-hh.de\" rel='nofollow'>kruser@hsu-hh.de<\/a><\/p>\n","protected":false},"excerpt":{"rendered":"<p>Helmut-Schmidt-Universit\u00e4tFakult\u00e4t f\u00fcr Wirtschafts- und SozialwissenschaftenHolstenhofweg 85, Geb. H1, R. 212022043 Hamburg Telefon: +49 40 6541 4495E-Mail: kruser@hsu-hh.de<\/p>\n","protected":false},"author":2394,"featured_media":0,"parent":0,"menu_order":0,"comment_status":"closed","ping_status":"closed","template":"","meta":{"footnotes":""},"categories":[8,39],"tags":[],"class_list":["post-860","page","type-page","status-publish","hentry","category-team","category-wissenschaftliche-mitarbeiter"],"_links":{"self":[{"href":"https:\/\/www.hsu-hh.de\/voelkerrecht\/wp-json\/wp\/v2\/pages\/860","targetHints":{"allow":["GET"]}}],"collection":[{"href":"https:\/\/www.hsu-hh.de\/voelkerrecht\/wp-json\/wp\/v2\/pages"}],"about":[{"href":"https:\/\/www.hsu-hh.de\/voelkerrecht\/wp-json\/wp\/v2\/types\/page"}],"author":[{"embeddable":true,"href":"https:\/\/www.hsu-hh.de\/voelkerrecht\/wp-json\/wp\/v2\/users\/2394"}],"replies":[{"embeddable":true,"href":"https:\/\/www.hsu-hh.de\/voelkerrecht\/wp-json\/wp\/v2\/comments?post=860"}],"version-history":[{"count":20,"href":"https:\/\/www.hsu-hh.de\/voelkerrecht\/wp-json\/wp\/v2\/pages\/860\/revisions"}],"predecessor-version":[{"id":1531,"href":"https:\/\/www.hsu-hh.de\/voelkerrecht\/wp-json\/wp\/v2\/pages\/860\/revisions\/1531"}],"wp:attachment":[{"href":"https:\/\/www.hsu-hh.de\/voelkerrecht\/wp-json\/wp\/v2\/media?parent=860"}],"wp:term":[{"taxonomy":"category","embeddable":true,"href":"https:\/\/www.hsu-hh.de\/voelkerrecht\/wp-json\/wp\/v2\/categories?post=860"},{"taxonomy":"post_tag","embeddable":true,"href":"https:\/\/www.hsu-hh.de\/voelkerrecht\/wp-json\/wp\/v2\/tags?post=860"}],"curies":[{"name":"wp","href":"https:\/\/api.w.org\/{rel}","templated":true}]}}