{"id":391,"date":"2017-11-09T12:30:45","date_gmt":"2017-11-09T11:30:45","guid":{"rendered":"https:\/\/www.hsu-hh.de\/voelkerrecht\/?page_id=391"},"modified":"2023-03-07T11:04:27","modified_gmt":"2023-03-07T10:04:27","slug":"courses","status":"publish","type":"page","link":"https:\/\/www.hsu-hh.de\/voelkerrecht\/en\/courses","title":{"rendered":"Courses"},"content":{"rendered":"\n<p><\/p>\n\n\n\n<h2 class=\"wp-block-heading\">Spring Term 2023<\/h2>\n\n\n\n<p><strong>Vorlesung:<\/strong><\/p>\n\n\n\n<p><strong>Europarecht (WS12J03):<br><\/strong>Montag, bis 19.06.2023, 09:45 \u2013 11:15 Uhr, H1, Seminarraum 0108 (w\u00f6chentlich)<\/p>\n\n\n\n<p>Dienstag, am 02.05.2023, 09:45 \u2013 11:15 Uhr, H1, Seminarraum 0108 (einmalig)<\/p>\n\n\n\n<p><strong>V\u00f6lkerrecht I: Einf\u00fchrung in das V\u00f6lkerrecht (WS16P51\/WS12J10):<br><\/strong>Montag, bis 19.06.2023, 15:45 \u2013 17:15 Uhr, H1, Seminarraum 0301\/0303 (w\u00f6chentlich)<\/p>\n\n\n\n<p>Dienstag, am 02.05.2023, 15:45 \u2013 17:15 Uhr, H1, Seminarraum 0301\/0303 (einmalig)<\/p>\n\n\n\n<p><strong>V\u00f6lkerrecht II: Recht der \u00e4u\u00dferen Sicherheit (WS16P51):<br><\/strong>Donnerstag, bis 22.06.2023, 09:45 \u2013 11:15 Uhr, H1, Seminarraum 0108 (w\u00f6chentlich)<\/p>\n\n\n\n<hr class=\"wp-block-separator has-alpha-channel-opacity\" \/>\n\n\n\n<h2 class=\"wp-block-heading\">Winter Term 2023<\/h2>\n\n\n\n<p><strong>Seminar:<\/strong><\/p>\n\n\n\n<p><strong>Projektmodul\/Moot Court (WS15J01):<\/strong><br>Montag, 16.01.2023 bis 27.02.2023, 15:45 \u2013 17:15 Uhr, H1, Seminarraum 0108<br>Donnerstag, 02.03.2023, 14:00 \u2013 19:00 Uhr, H1, Seminarraum 0108<\/p>\n\n\n\n<p><strong>Transnationales Recht II\/Projektmodul (WS23P33):<\/strong><br>Mittwoch, bis 22.03.2023, 09:45 Uhr bis 11:15 Uhr, H1, Komplexraum 1002<br>Mittwoch, 01.03.2023, 11:30 \u2013 13:00 Uhr, H1, Seminarraum 0110<br>Mittwoch, bis 01.03.2023, 14:00 \u2013 15:30 Uhr, Geb\u00e4ude M01, Mensa-Raum 0001<\/p>\n\n\n\n<p><strong>Vorlesung:<\/strong><\/p>\n\n\n\n<p><strong>Staatsrecht II (WS12J12):<br><\/strong>Montag, bis 20.03.2023, 09:00 \u2013 11:15 Uhr, H1, Seminarraum 0108<\/p>\n\n\n\n<hr class=\"wp-block-separator has-alpha-channel-opacity\" \/>\n\n\n\n<h2 class=\"wp-block-heading\">Autumn Term 2022<\/h2>\n\n\n\n<p><strong>Juristisches Seminar<br><\/strong>Seminar<br>(WS14J06)<br>Montag, 10.10.2022, 14:00 \u2013 15:30 Uhr<br>Mittwoch, 23.11.2022, 14:00 \u2013 19:00 Uhr<br>Donnerstag, 24.11.2022, 13:00 \u2013 18:00 Uhr<br>Freitag, 25.11.2022, 09:30 \u2013 14:00 Uhr<\/p>\n\n\n\n<p><strong>Transnationales Recht I<br><\/strong>Kolloquium<br>(WS23P33)<br>Montag, 15:45 \u2013 17:00 Uhr<\/p>\n\n\n\n<p><strong>V\u00f6lkerrecht II: Recht der \u00e4u\u00dferen Sicherheit<br><\/strong>Vorlesung<br>(WS16P51)<br>Montag, 11:30-13:00 Uhr<\/p>\n\n\n\n<hr class=\"wp-block-separator has-alpha-channel-opacity\" \/>\n\n\n\n<p><\/p>\n","protected":false},"excerpt":{"rendered":"<p>Spring Term 2023 Vorlesung: Europarecht (WS12J03):Montag, bis 19.06.2023, 09:45 \u2013 11:15 Uhr, H1, Seminarraum 0108 (w\u00f6chentlich) Dienstag, am 02.05.2023, 09:45 \u2013 11:15 Uhr, H1, Seminarraum 0108 (einmalig) V\u00f6lkerrecht I: Einf\u00fchrung [&hellip;]<\/p>\n","protected":false},"author":136,"featured_media":0,"parent":0,"menu_order":0,"comment_status":"closed","ping_status":"closed","template":"","meta":{"footnotes":""},"categories":[7],"tags":[],"class_list":["post-391","page","type-page","status-publish","hentry","category-research"],"_links":{"self":[{"href":"https:\/\/www.hsu-hh.de\/voelkerrecht\/wp-json\/wp\/v2\/pages\/391","targetHints":{"allow":["GET"]}}],"collection":[{"href":"https:\/\/www.hsu-hh.de\/voelkerrecht\/wp-json\/wp\/v2\/pages"}],"about":[{"href":"https:\/\/www.hsu-hh.de\/voelkerrecht\/wp-json\/wp\/v2\/types\/page"}],"author":[{"embeddable":true,"href":"https:\/\/www.hsu-hh.de\/voelkerrecht\/wp-json\/wp\/v2\/users\/136"}],"replies":[{"embeddable":true,"href":"https:\/\/www.hsu-hh.de\/voelkerrecht\/wp-json\/wp\/v2\/comments?post=391"}],"version-history":[{"count":31,"href":"https:\/\/www.hsu-hh.de\/voelkerrecht\/wp-json\/wp\/v2\/pages\/391\/revisions"}],"predecessor-version":[{"id":1510,"href":"https:\/\/www.hsu-hh.de\/voelkerrecht\/wp-json\/wp\/v2\/pages\/391\/revisions\/1510"}],"wp:attachment":[{"href":"https:\/\/www.hsu-hh.de\/voelkerrecht\/wp-json\/wp\/v2\/media?parent=391"}],"wp:term":[{"taxonomy":"category","embeddable":true,"href":"https:\/\/www.hsu-hh.de\/voelkerrecht\/wp-json\/wp\/v2\/categories?post=391"},{"taxonomy":"post_tag","embeddable":true,"href":"https:\/\/www.hsu-hh.de\/voelkerrecht\/wp-json\/wp\/v2\/tags?post=391"}],"curies":[{"name":"wp","href":"https:\/\/api.w.org\/{rel}","templated":true}]}}