{"id":121,"date":"2017-10-17T16:20:13","date_gmt":"2017-10-17T14:20:13","guid":{"rendered":"https:\/\/www.hsu-hh.de\/voelkerrecht\/?page_id=121"},"modified":"2023-05-16T07:43:59","modified_gmt":"2023-05-16T05:43:59","slug":"maike-middeler","status":"publish","type":"page","link":"https:\/\/www.hsu-hh.de\/voelkerrecht\/maike-middeler","title":{"rendered":"Maike Middeler"},"content":{"rendered":"\n<p>Helmut-Schmidt-Universit\u00e4t<br>Fakult\u00e4t f\u00fcr Wirtschafts- und Sozialwissenschaften<br>Holstenhofweg 85, Geb. H1, R. 2122<br>22043 Hamburg<\/p>\n\n\n\n<p>Telefon: +49 40 6541 2549<br>E-Mail: <a href=\"mailto:middelm@hsu-hh.de\" rel='nofollow'>middelem@hsu-hh.de<\/a><\/p>\n","protected":false},"excerpt":{"rendered":"<p>Helmut-Schmidt-Universit\u00e4tFakult\u00e4t f\u00fcr Wirtschafts- und SozialwissenschaftenHolstenhofweg 85, Geb. H1, R. 212222043 Hamburg Telefon: +49 40 6541 2549E-Mail: middelem@hsu-hh.de<\/p>\n","protected":false},"author":2394,"featured_media":0,"parent":0,"menu_order":0,"comment_status":"closed","ping_status":"closed","template":"","meta":{"footnotes":""},"categories":[8,39],"tags":[],"class_list":["post-121","page","type-page","status-publish","hentry","category-team","category-wissenschaftliche-mitarbeiter"],"_links":{"self":[{"href":"https:\/\/www.hsu-hh.de\/voelkerrecht\/wp-json\/wp\/v2\/pages\/121","targetHints":{"allow":["GET"]}}],"collection":[{"href":"https:\/\/www.hsu-hh.de\/voelkerrecht\/wp-json\/wp\/v2\/pages"}],"about":[{"href":"https:\/\/www.hsu-hh.de\/voelkerrecht\/wp-json\/wp\/v2\/types\/page"}],"author":[{"embeddable":true,"href":"https:\/\/www.hsu-hh.de\/voelkerrecht\/wp-json\/wp\/v2\/users\/2394"}],"replies":[{"embeddable":true,"href":"https:\/\/www.hsu-hh.de\/voelkerrecht\/wp-json\/wp\/v2\/comments?post=121"}],"version-history":[{"count":23,"href":"https:\/\/www.hsu-hh.de\/voelkerrecht\/wp-json\/wp\/v2\/pages\/121\/revisions"}],"predecessor-version":[{"id":1534,"href":"https:\/\/www.hsu-hh.de\/voelkerrecht\/wp-json\/wp\/v2\/pages\/121\/revisions\/1534"}],"wp:attachment":[{"href":"https:\/\/www.hsu-hh.de\/voelkerrecht\/wp-json\/wp\/v2\/media?parent=121"}],"wp:term":[{"taxonomy":"category","embeddable":true,"href":"https:\/\/www.hsu-hh.de\/voelkerrecht\/wp-json\/wp\/v2\/categories?post=121"},{"taxonomy":"post_tag","embeddable":true,"href":"https:\/\/www.hsu-hh.de\/voelkerrecht\/wp-json\/wp\/v2\/tags?post=121"}],"curies":[{"name":"wp","href":"https:\/\/api.w.org\/{rel}","templated":true}]}}