{"id":478,"date":"2017-10-19T14:17:32","date_gmt":"2017-10-19T12:17:32","guid":{"rendered":"https:\/\/www.hsu-hh.de\/verwaltung\/?page_id=478"},"modified":"2026-02-18T15:39:48","modified_gmt":"2026-02-18T14:39:48","slug":"zustaendigkeiten-dezernat-ii","status":"publish","type":"page","link":"https:\/\/www.hsu-hh.de\/verwaltung\/zustaendigkeiten-dezernat-ii","title":{"rendered":"Abteilung II Finanzangelegenheiten"},"content":{"rendered":"<script>\tvar sosereDefaults = {\"allowfullscreen\":true,\"fit\":\"contain\",\"transition\":\"crossfade\",\"loop\":true,\"autoplay\":\"3000\",\"stopautoplayontouch\":true,\"keyboard\":true,\"nav\":\"thumbs\"}<\/script><div class='sosere--wp' data-ids='2518'data-link='file'data-itemtag='dl'data-icontag='dt'data-captiontag='dd'data-columns='0'data-size='large'data-width='1024'data-auto='false'data-max-width='100%'data-ratio='1.414364640884'><div id='gallery-1' class='gallery galleryid-478 gallery-columns-0 gallery-size-thumbnail'><dl class='gallery-item'>\n\t\t\t<dt class='gallery-icon landscape'>\n\t\t\t\t<a href='https:\/\/www.hsu-hh.de\/verwaltung\/wp-content\/uploads\/sites\/503\/2026\/02\/Organigramm-Abt.-II_04022026-1024x724.png' data-full='https:\/\/www.hsu-hh.de\/verwaltung\/wp-content\/uploads\/sites\/503\/2026\/02\/Organigramm-Abt.-II_04022026.png' data-credit=\"Abt. II\"><img loading=\"lazy\" decoding=\"async\" width=\"150\" height=\"150\" src=\"https:\/\/www.hsu-hh.de\/verwaltung\/wp-content\/uploads\/sites\/503\/2026\/02\/Organigramm-Abt.-II_04022026-150x150.png\" class=\"attachment-thumbnail size-thumbnail\" alt=\"\" srcset=\"https:\/\/www.hsu-hh.de\/verwaltung\/wp-content\/uploads\/sites\/503\/2026\/02\/Organigramm-Abt.-II_04022026-150x150.png 150w, https:\/\/www.hsu-hh.de\/verwaltung\/wp-content\/uploads\/sites\/503\/2026\/02\/Organigramm-Abt.-II_04022026-100x100.png 100w\" sizes=\"auto, (max-width: 150px) 100vw, 150px\" \/><\/a>\n\t\t\t<\/dt><\/dl>\n\t\t<\/div>\n<\/div>\n\n<h3>Leitung<\/h3>\n<p><strong>Leitung:<\/strong><br \/>Sabrina Tschierschke, ORR\u00b4in<br \/>Geb. C 2\/S 2, R. 106<br \/>Telefon: 040 \/ 6541 -2134<br \/>E-Mail: sabrina.tschierschke@hsu.hamburg<\/p>\n<p style=\"text-align: left\"><strong>Vertreter:<br \/><\/strong>Frank L\u00fcdemann, RAR<br \/>Telefon: 040 \/ 6541 -2790<br \/>E-Mail: frank.luedemann@hsu.hamburg<\/p>\n<p>Postanschrift:<br \/>Helmut-Schmidt-Universit\u00e4t\/Universit\u00e4t der Bundeswehr Hamburg<br \/>Abteilung II<br \/>Postfach 700822<br \/>22008 Hamburg<\/p>\n<p>Besucheranschrift:<br \/>Helmut-Schmidt-Universit\u00e4t\/Universit\u00e4t der Bundeswehr Hamburg<br \/>Abteilung II<br \/>Holstenhofweg 85<br \/>22043 Hamburg<\/p>\n<h3>\u00a0<\/h3>\n<h3>Dezernat II 1 &#8222;Finanzen und Steuern&#8220;<\/h3>\n<p>Das Dezernat II 1 ist zust\u00e4ndig f\u00fcr die Bereitstellung und Bewirtschaftung der Haushaltsmittel f\u00fcr die Universit\u00e4t. Hier wird der Stand der Bewirtschaftung der Haushaltsmittel \u00fcberwacht und kann bei Bedarf f\u00fcr einzelne Bereiche abgefragt werden. Zudem werden im Dezernat die Haushaltsvoranschl\u00e4ge erstellt, Berichte und Vorlagen gefertigt und Haushaltsmittel bei Bedarf nachgefordert oder zur\u00fcckgemeldet. In diesem Bereich werden alle an der <abbr title=\"Helmut Schmidt Universit\u00e4t\">HSU<\/abbr>\/UniBw H anfallenden Kosten (Rechnungen, Reisekosten, Personalkosten) <abbr title=\"et cetera\">etc.<\/abbr> zur Zahlung angewiesen. Die Mitarbeiter des Drittmittelcontrollings beraten und unterst\u00fctzen das wissenschaftliche Personal der <abbr title=\"Helmut Schmidt Universit\u00e4t\">HSU<\/abbr>\/UniBw H bei der Beantragung von Drittmittelprojekten und sind mit der administrativen Bearbeitung und Abwicklung der laufenden Drittmittel beauftragt. Au\u00dferdem befasst sich das Dezernat mit allen steuerrechtlichen Fragestellungen der <abbr title=\"Helmut Schmidt Universit\u00e4t\">HSU<\/abbr>\/UniBw H.<\/p>\n<h3>II 1 &#8211; Dezernatsleiter Finanzen und Steuern<\/h3>\n<p>Frank L\u00fcdemann, ROAR<br \/>Geb. C 2\/S 2, R. 105<br \/>Telefon: 040 \/ 6541 -2790<br \/>E-Mail: frank.luedemann@hsu.hamburg<\/p>\n<p><strong><span style=\"text-decoration: underline\">II 1.1 &#8211; Teildezernatsleitung Haushalt<\/span>\u00a0<\/strong><\/p>\n<p>Jens Vagt, RAR<br \/>Geb. C 2\/S 2, R. 007a<br \/>Telefon: 040 \/ 6541 -2216<br \/>E-Mail: vagt@hsu.hamburg<\/p>\n<p><strong>II 1.1.1 &#8211; Gesch\u00e4ftszimmer SAP<\/strong><br \/>Markus Ellmer, RAI<br \/>Geb. C 2\/S 2, R. 007<br \/>Telefon: 040 \/ 6541 -2330<br \/>E-Mail: markus.ellmer@hsu.hamburg<\/p>\n<p>Org.-E-Mail: hhmgezi@hsu-hh.de<\/p>\n<p><strong>II 1.1.2 &#8211; Haushalt<\/strong><br \/>Sandra B\u00fcttner<br \/>Geb. C 2\/S 2, R. 007<br \/>Telefon: 040 \/ 6541 -2217<br \/>E-Mail: sandra.buettner@hsu.hamburg<\/p>\n<p><strong>II 1.1.3 &#8211; Buchungen HIS<\/strong><br \/>Nadine Kloth<br \/>Geb. C 2\/S 2, R. 007<br \/>Telefon: 040 \/ 6541 -2901<br \/>E-Mail: nadine.kloth@hsu.hamburg<\/p>\n<p>Jasmin Merenczuk<br \/>Geb. C 2\/S 2, R. 007<br \/>Telefon: 040 \/ 6541 -2106<br \/>E-Mail: jasmin.merenczuk@hsu.hamburg<\/p>\n<p><span style=\"text-decoration: underline\"><strong>II 1.2 \/ II 1.3 &#8211; Teildezernatsleitung Drittmittelcontrolling \/ dtec.bw und Steuern<\/strong><\/span><\/p>\n<p>N.N.<br \/>Geb. C 2\/S 2<br \/>Telefon:\u00a0<br \/>E-Mail:\u00a0<\/p>\n<p><strong>II 1.2.1 &#8211; Drittmittelbearbeitung<\/strong><br \/>Daniel Westphal, RAI<br \/>Geb. C 2\/S 2, R. 102<br \/>Telefon: 040 \/ 6541 -2312<br \/>E-Mail: daniel.westphal@hsu.hamburg<\/p>\n<p><strong>II 1.2.1.1 &#8211; Projektbearbeitung<\/strong><br \/>Jan-Frederik Linke, ROS<br \/>Geb. C 2\/S 2, R. 002<br \/>Telefon: 040 \/ 6541 -2206<br \/>E-Mail: jan.linke@hsu.hamburg<\/p>\n<p><strong>II 1.2.1.2 &#8211; Projekteinrichtung \/ -anzeigen<\/strong><br \/>Josephine Gallas<br \/>Geb. C 2\/S 2, R. 002<br \/>Telefon: 040 \/ 6541 -2301<br \/>E-Mail: gallasj@hsu.hamburg<\/p>\n<p><strong>II 1.2.2 &#8211; dtec.bw<\/strong><br \/>German Rajt<br \/>Geb. C 2\/S 2, R. 103<br \/>Telefon: 040 \/ 6541 -3451<br \/>E-Mail: rajtge@hsu.hamburg<\/p>\n<p><strong>II 1.2.2.1 &#8211; dtec.bw<\/strong><br \/>Meikel Dennis Singh<br \/>Geb. C 2\/S 2, R. 003<br \/>Telefon: 040 \/ 6541 -3331<br \/>E-Mail: dennis.singh@hsu.hamburg<\/p>\n<p>Org.-E-Mail: dtec.projekt@hsu-hh.de<\/p>\n<p><strong>II 1.2.3 &#8211; Rechnungsbearbeitung \/ Buchungen HIS<\/strong><br \/>Aileen Gehrke<br \/>Geb. C 2\/S 2, R. 003<br \/>Telefon: 040 \/ 6541 -3107<br \/>E-Mail: aileen.gehrke@hsu.hamburg<\/p>\n<p>Dierk Sausmikat<br \/>Geb. C 2\/S 2, R. 002<br \/>Telefon: 040 \/ 6541 -3107<br \/>E-Mail: dierk.sausmikat@hsu.hamburg<\/p>\n<p><strong>II 1.3.1 &#8211; Steuern<\/strong><br \/>Florian Zogmann, RAmtm<br \/>Geb. C 2\/S 2, R. 104<br \/>Telefon: 040 \/ 6541 -2811<br \/>E-Mail: florian.zogmann@hsu.hamburg<\/p>\n<p><strong>II 1.3.1.1 &#8211; Steuern<\/strong><br \/>Bet\u00fcl S\u00f6nmez<br \/>Geb. C 2\/S 2, R. 003<br \/>Telefon: 040 \/ 6541 -3143<br \/>E-Mail: betuel.soenmez@hsu.hamburg<\/p>\n<p>Org.-E-Mail: steuern@hsu-hh.de<\/p>\n<p><span style=\"text-decoration: underline\"><strong>II 1.4 &#8211; Teildezernatsleitung Grundsatz Finanzen<\/strong>\u00a0<\/span><\/p>\n<p>Tobias Heidemann, RAmtm <br \/>Geb. C 2\/S 2, R. 115<br \/>Telefon: 040 \/ 6541 -3213<br \/>E-Mail: tobias.heidemann@hsu-hh.de<\/p>\n<h3>Dezernat II 2 \u201eTravel Management\u201c<\/h3>\n<p>Das Dezernat II 1 (Travel Management) ist zust\u00e4ndig f\u00fcr die Planung, Buchung und Abrechnung dienstlicher Reisen (<abbr title=\"inclusive\">inkl.<\/abbr> aller Drittmittelreisen), Trennungsgeld, Umzugskosten, Zahlstelle, Jobticket und weitere Bereiche der Nebengeb\u00fchrnisse.<\/p>\n<p><strong>Allgemeine Erreichbarkeiten (Org-Adressen):<br \/><\/strong>reisestelle@hsu-hh.de<br \/>reisekosten@hsu-hh.de<br \/>umzugskosten@hsu-hh.de<br \/>trennungsgeld@hsu-hh.de<br \/>jobticket@hsu-hh.de<br \/>zahlstelle@hsu-hh.de<\/p>\n<h3>II 2 &#8211; Dezernatsleiterin Travel Managment<br \/>(Grundsatz Nebengeb\u00fchrnisse, Umzugskosten, Kinderbetreuungskosten)<\/h3>\n<p>Andrea Utech<br \/>Geb. C 2\/S 2, R. 111<br \/>Telefon: 040 \/ 6541 -3067<br \/>E-Mail: utech@hsu.hamburg<\/p>\n<p><span style=\"text-decoration: underline\"><strong>II 2.1 &#8211; Teildezernatsleitung Trennungsgeld<\/strong><\/span><\/p>\n<p>Hartmut Kerner, RAI<br \/>Geb. C 2\/S 2, R. 108<br \/>Telefon: 040 \/ 6541 -2115<br \/>E-Mail: hartmut.kerner@hsu.hamburg<\/p>\n<p><strong>II 2.1.1 &#8211; Trennungsgeld<\/strong><br \/>Sarah Hill, RS\u00b4in<br \/>Geb. C 2\/S 2, R. 108<br \/>Telefon: 040 \/ 6541 -3692<br \/>E-Mail: hills@hsu.hamburg<\/p>\n<p><strong>II 2.1.2 &#8211; Jobticket, Zahlstelle, Verpflegungskarten<\/strong><br \/>Sabine Diehl<br \/>Geb. C 2\/S 2, R. 109<br \/>Telefon: 040 \/ 6541 -2934\/2229<br \/>E-Mail: sabine.diehl@hsu.hamburg<\/p>\n<p><strong>Zahlstelle \u00d6ffnungszeiten (Geb. H1, R. 0703)<\/strong><\/p>\n<p>Dienstag: 13:00 &#8211; 14:30 Uhr<br \/>Donnerstag: 13:00 &#8211; 14:30 Uhr<\/p>\n<p><span style=\"text-decoration: underline\"><strong>II 2.2 &#8211; Teildezernatzleitung Reisekosten<\/strong><\/span><\/p>\n<p>Janett Winnecke, RHS\u00b4in<br \/>Geb. C 2\/S 2, R. 110<br \/>Telefon: 040 \/ 6541 -3037<br \/>E-Mail: janett.winnecke@hsu.hamburg<\/p>\n<p><strong>II 2.2.1 &#8211; Reisekostenbearbeitung<br \/><\/strong>Thorsten Emmerich, RHS<br \/>Geb. C 2\/S 2, R. 109<br \/>Telefon: 040 \/ 6541 -3710<br \/>E-Mail: thorsten.emmerich@hsu.hamburg<\/p>\n<p><strong>II 2.2.2 &#8211; Reisekostenbearbeitung\u00a0<\/strong><br \/>Sheena Dunker, RS\u00b4in<br \/>Geb. C 2\/S 2, R. 110<br \/>Telefon: 040 \/ 6541 -2925<br \/>E-Mail: dunkers@hsu.hamburg<\/p>\n<p><strong>II 2.2.3 &#8211; Reisekostenbearbeitung\u00a0<\/strong><br \/>Alexander Blume<br \/>Geb. C 2\/S 2, R. 110<br \/>Telefon: 040 \/ 6541 &#8211; 3207<br \/>E-Mail: blumea@hsu.hamburg<\/p>\n<p><span style=\"text-decoration: underline\"><strong>II 2.3 &#8211; Teildezernatsleitung Reisestelle<\/strong><\/span><\/p>\n<p>Fenja Lienau<br \/>Geb. C 2\/S 2, R. 107<br \/>Telefon: 040 \/ 6541 -3639<br \/>E-Mail: lienauf@hsu.hamburg<\/p>\n<p><strong>II 2.3.1 Reisestelle\u00a0<\/strong><br \/>Julia Lohmann\u00a0<br \/>Geb. C 2\/S 2, R. 107<br \/>Telefon: 040 \/ 6541 -3030<br \/>E-Mail: lohmannj@hsu.hamburg<\/p>\n<p><strong>II 2.3.2 Reisekostenbearbeitung\u00a0<br \/><\/strong>Marlene Hauswald<br \/>Geb. C 2\/S 2, R. 107<br \/>Telefon: 040 \/ 6541 -3842<br \/>E-Mail: hauswalm@hsu.hamburg<\/p>\n<h3>Dezernat II 3 \u201eEinkauf\u201c<\/h3>\n<p>Das Dezernat II 3 (Einkauf) ist zust\u00e4ndig f\u00fcr alle Beschaffungen an der <abbr title=\"Helmut Schmidt Universit\u00e4t\">HSU<\/abbr>\/UniBw H (<abbr title=\"inclusive\">inkl.<\/abbr> Beschaffungen aus Drittmitteln). Hier laufen rechtzeitig alle Bedarfsforderungen auf, die dann nach Auftragserteilung entsprechend haushalterisch vorgemerkt werden.<\/p>\n<h3>II 3 &#8211; Dezernatsleitung Einkauf<\/h3>\n<p>Thilo Asmus, ROAR<br \/>Geb. C 2\/S 1, R. 107<br \/>Telefon: 040 \/ 6541 -2594<br \/>E-Mail: thilo.asmus@hsu.hamburg<\/p>\n<p><span style=\"text-decoration: underline\"><strong>II 3.1 &#8211; Teildezernatsleitung Einkauf<\/strong><\/span><\/p>\n<p>Janina Lauenburger (Bearbeitung D-Belege)<br \/>Geb. C 2\/S 1, R. 102<br \/>Telefon: 040 \/ 6541 -2552<br \/>E-Mail: janina.lauenburger@hsu.hamburg<\/p>\n<p>Org.-E-Mail: DBelege@hsu-hh.de<\/p>\n<p><strong>II 3.1.1 &#8211; Eink\u00e4ufer<\/strong><br \/>Mario Michalski, RAI<br \/>Geb. C 2\/S 1, R. 104<br \/>Telefon: 040 \/ 6541 -2709<br \/>E-Mail: mario.michalski@hsu.hamburg<\/p>\n<p><strong>II 3.1.2 &#8211; Eink\u00e4uferin<\/strong><br \/>Nicola V\u00f6lsch<br \/>Geb. C 2\/S 1, R. 102<br \/>Telefon: 040 \/ 6541 -2335<br \/>E-Mail: voelsch@hsu.hamburg<\/p>\n<p><strong>II 3.1.3 &#8211; Eink\u00e4uferin dtec.bw<\/strong><br \/>N.N.<br \/>Geb. C 2\/S 1, R.\u00a0<br \/>Telefon: 040 \/ 6541 &#8211;<br \/>E-Mail:\u00a0<\/p>\n<p><strong>II 3.1.4 &#8211; Eink\u00e4uferin<\/strong><br \/>Stephanie Petzke<br \/>Geb. C 2\/S 1, R. 104<br \/>Telefon: 040 \/ 6541 -3586<br \/>E-Mail: stephanie.petzke@hsu.hamburg<\/p>\n<p><strong>II 3.1.5 &#8211; Eink\u00e4uferin dtec.bw<\/strong><br \/>Jasmin Strau\u00df<br \/>Geb. C 2\/S 1, R. 006<br \/>Telefon: 040 \/ 6541 -3480<br \/>E-Mail: jasmin.strauss@hsu.hamburg<\/p>\n<p><strong>II 3.1.6 &#8211; Eink\u00e4uferin dtec.bw<\/strong><br \/>Irene Dickfeld<br \/>Geb. C 2\/S 1, R. 006<br \/>Telefon: 040 \/ 6541 -3487<br \/>E-Mail: irene.dickfeld@hsu.hamburg<\/p>\n<p><span style=\"text-decoration: underline\"><strong>II 3.2 &#8211; Teildezernat Materialverwaltung<\/strong><\/span><\/p>\n<p><strong>II 3.2.1 &#8211; Materialbestandspr\u00fcfungen<\/strong><br \/>Joachim Kleinert<br \/>Geb. C 2\/S 1, R. 105<br \/>Telefon: 040 \/ 6541 -3631<br \/>E-Mail: joachim.kleinert@hsu.hamburg<\/p>\n<p>Nicole Leite<br \/>Geb. C 2\/S 1, R. 002<br \/>Telefon: 040 \/ 6541 -3491<br \/>E-Mail: leiten@hsu.hamburg<\/p>\n<p>Org.-E-Mail: materialbestand@hsu-hh.de<\/p>\n<p><strong>II 3.2.2 &#8211; Leitung Materiallager (Inventarisierung, Instandsetzung, Zollangelegenheiten)<\/strong><br \/>N.N.<br \/>Geb. C 2\/S 1, R. 105<br \/>Telefon: 040 \/ 6541 &#8211;<br \/>E-Mail:\u00a0<\/p>\n<p><strong>II 3.2.3 &#8211; Materiallager<br \/><\/strong>Till Knabjohann<br \/>Geb. V 4, R. 001<br \/>Telefon: 040 \/ 6541 -2448<br \/>E-Mail: knabjoht@hsu.hamburg<\/p>\n<p>Thorsten Ruminski<br \/>Geb. V 4, R. 001<br \/>Telefon: 040 \/ 6541 -2448<br \/>E-Mail: ruminskt@hsu.hamburg<\/p>\n<p>Robert Knops<br \/>Geb. V 4, R. 001<br \/>Telefon: 040 \/ 6541 -2448<br \/>E-Mail: knopsr@hsu.hamburg<\/p>\n<p>Markus Baumgartner<br \/>Geb. V 4, R. 001<br \/>Telefon: 040 \/ 6541 -2448<br \/>E-Mail: markus.baumgartner@hsu.hamburg<\/p>\n<p>Daniel Busch<br \/>Geb. V 4, R. 001<br \/>Telefon: 040 \/ 6541 -2448<br \/>E-Mail: daniel.busch@hsu.hamburg<\/p>\n<p>Stephan Nienburg<br \/>Geb. V 4, R. 001<br \/>Telefon: 040 \/ 6541 -2448<br \/>E-Mail: s.nienburg@hsu.hamburg<\/p>\n<p>Org.-E-Mail: matlager@hsu-hh.de<\/p>\n<p><strong>\u00d6ffnungszeiten V 4:<\/strong><br \/>Mo.-Fr.: 08:30-12:00 Uhr und 12:30-13:30 Uhr<\/p>\n<p><span style=\"text-decoration: underline\"><strong>II 3.3 &#8211; Teildezernatsleitung Rechnungswesen<\/strong><\/span><\/p>\n<p>Heike Bu\u00df, RAI\u00b4in (<abbr title=\"Informationstechnologie\">IT<\/abbr>-Einkauf \/ Bearbeitung Barkauf)<br \/>Geb. C 2\/S 1, R. 002<br \/>Telefon: 040 \/ 6541 -3456<br \/>E-Mail: heike.buss@hsu.hamburg<\/p>\n<p>Org.-E-Mail: barkauf@hsu-hh.de<\/p>\n<p><strong>II 3.3.1 Rechnungsbearbeitung<\/strong><br \/>Nergis Dereli<br \/>Geb. C 2\/S 1, R. 104<br \/>Telefon: 040 \/ 6541 -3459<br \/>E-Mail: salmann@hsu.hamburg<\/p>\n<p><strong>II 3.3.2 Rechnungsbearbeitung<\/strong><br \/>N.N.<br \/>Geb. C 2\/S 1, R.\u00a0<br \/>Telefon: 040 \/ 6541 &#8211;<br \/>E-Mail:\u00a0<\/p>\n<p><strong>II 3.3.3 Rechnungsbearbeitung<\/strong><br \/>Manuela Behrens<br \/>Geb. C 2\/S 1, R. 104<br \/>Telefon: 040 \/ 6541 -2494<br \/>E-Mail: behrensm@hsu.hamburg<\/p>\n<p>Org.-E-Mail: rechnung@hsu-hh.de<\/p>\n<h3>Dezernat II 4 \u201eTechnischer Einkauf\u201c<\/h3>\n<p>Das Dezernat II 4 (Technischer Einkauf) beschafft f\u00fcr die <abbr title=\"Helmut Schmidt Universit\u00e4t\">HSU<\/abbr>\/UniBw H alle technischen Ger\u00e4te und Anlagen im Rahmen von Investitionsbeschaffungen ab 5.000,-\u20ac und setzt Beschaffungsma\u00dfnahmen in DTEC-Projekten um.<\/p>\n<h3>II 4 &#8211; Dezernatsleiter Technischer Einkauf<strong><br \/><\/strong><\/h3>\n<p>Daniel Kiesewetter<br \/>Geb. C 2\/S 1, R. 002<br \/>Telefon: 040 \/ 6541 -2294<br \/>E-Mail: daniel.kiesewetter@hsu.hamburg<\/p>\n<p><span style=\"text-decoration: underline\"><strong>II 4.1 &#8211;\u00a0 Teildezernatzleitung Technischer Einkauf<\/strong><\/span><\/p>\n<p>Antje Borchers, RAI\u00b4in<br \/>Geb. C 2\/S 1, R. 005<br \/>Telefon: 040 \/ 6541 -3689<br \/>E-Mail: antje.borchers@hsu.hamburg<\/p>\n<p><strong>II 4.1.2 &#8211; Technischer Einkauf<\/strong><br \/>Tanja Petersen<br \/>Geb. C 2\/S 1, R. 005<br \/>Telefon: 040 \/ 6541 -2706<br \/>E-Mail: tanja.petersen@hsu.hamburg<\/p>\n<p><strong>II 4.1.3 &#8211; Technische Unterst\u00fctzung<\/strong><br \/>Theresa Kummer, TRHS\u00b4in<br \/>Geb. C 2\/S 1, R. 005<br \/>Telefon: 040 \/ 6541 -2750<br \/>E-Mail: kummert@hsu-hh.de<\/p>","protected":false},"excerpt":{"rendered":"<p>Leitung Leitung:Sabrina Tschierschke, ORR\u00b4inGeb. C 2\/S 2, R. 106Telefon: 040 \/ 6541 -2134E-Mail: sabrina.tschierschke@hsu.hamburg Vertreter:Frank L\u00fcdemann, RARTelefon: 040 \/ 6541 -2790E-Mail: frank.luedemann@hsu.hamburg Postanschrift:Helmut-Schmidt-Universit\u00e4t\/Universit\u00e4t der Bundeswehr HamburgAbteilung IIPostfach 70082222008 Hamburg Besucheranschrift:Helmut-Schmidt-Universit\u00e4t\/Universit\u00e4t [&hellip;]<\/p>\n","protected":false},"author":32,"featured_media":0,"parent":0,"menu_order":0,"comment_status":"closed","ping_status":"closed","template":"","meta":{"footnotes":""},"categories":[4],"tags":[],"class_list":["post-478","page","type-page","status-publish","hentry","category-forschung"],"_links":{"self":[{"href":"https:\/\/www.hsu-hh.de\/verwaltung\/wp-json\/wp\/v2\/pages\/478","targetHints":{"allow":["GET"]}}],"collection":[{"href":"https:\/\/www.hsu-hh.de\/verwaltung\/wp-json\/wp\/v2\/pages"}],"about":[{"href":"https:\/\/www.hsu-hh.de\/verwaltung\/wp-json\/wp\/v2\/types\/page"}],"author":[{"embeddable":true,"href":"https:\/\/www.hsu-hh.de\/verwaltung\/wp-json\/wp\/v2\/users\/32"}],"replies":[{"embeddable":true,"href":"https:\/\/www.hsu-hh.de\/verwaltung\/wp-json\/wp\/v2\/comments?post=478"}],"version-history":[{"count":362,"href":"https:\/\/www.hsu-hh.de\/verwaltung\/wp-json\/wp\/v2\/pages\/478\/revisions"}],"predecessor-version":[{"id":2522,"href":"https:\/\/www.hsu-hh.de\/verwaltung\/wp-json\/wp\/v2\/pages\/478\/revisions\/2522"}],"wp:attachment":[{"href":"https:\/\/www.hsu-hh.de\/verwaltung\/wp-json\/wp\/v2\/media?parent=478"}],"wp:term":[{"taxonomy":"category","embeddable":true,"href":"https:\/\/www.hsu-hh.de\/verwaltung\/wp-json\/wp\/v2\/categories?post=478"},{"taxonomy":"post_tag","embeddable":true,"href":"https:\/\/www.hsu-hh.de\/verwaltung\/wp-json\/wp\/v2\/tags?post=478"}],"curies":[{"name":"wp","href":"https:\/\/api.w.org\/{rel}","templated":true}]}}