{"id":73,"date":"2017-11-07T10:52:08","date_gmt":"2017-11-07T09:52:08","guid":{"rendered":"https:\/\/www.hsu-hh.de\/vorlage\/?page_id=73"},"modified":"2026-03-05T13:14:42","modified_gmt":"2026-03-05T12:14:42","slug":"startseite","status":"publish","type":"page","link":"https:\/\/www.hsu-hh.de\/verglreg\/","title":{"rendered":"Professur f\u00fcr Politikwissenschaft, insbesondere Vergleichende Regierungslehre"},"content":{"rendered":"\n<h2 class=\"wp-block-heading\"><abbr title=\"Professor\">Prof.<\/abbr> <abbr title=\"Doktor\">Dr.<\/abbr> Florian Grotz<\/h2>\n\n\n\n<div style=\"height:20px\" aria-hidden=\"true\" class=\"wp-block-spacer\"><\/div>\n\n\n\n<div class=\"wp-block-media-text is-stacked-on-mobile\" style=\"grid-template-columns:40% auto\"><figure class=\"wp-block-media-text__media\"><img loading=\"lazy\" decoding=\"async\" width=\"945\" height=\"948\" src=\"https:\/\/www.hsu-hh.de\/verglreg\/wp-content\/uploads\/sites\/740\/2024\/02\/picture-0019.jpg\" data-credit=\"HSU\" alt=\"\" class=\"wp-image-1719 size-full\" srcset=\"https:\/\/www.hsu-hh.de\/verglreg\/wp-content\/uploads\/sites\/740\/2024\/02\/picture-0019.jpg 945w, https:\/\/www.hsu-hh.de\/verglreg\/wp-content\/uploads\/sites\/740\/2024\/02\/picture-0019-300x300.jpg 300w, https:\/\/www.hsu-hh.de\/verglreg\/wp-content\/uploads\/sites\/740\/2024\/02\/picture-0019-150x150.jpg 150w, https:\/\/www.hsu-hh.de\/verglreg\/wp-content\/uploads\/sites\/740\/2024\/02\/picture-0019-768x770.jpg 768w, https:\/\/www.hsu-hh.de\/verglreg\/wp-content\/uploads\/sites\/740\/2024\/02\/picture-0019-100x100.jpg 100w\" sizes=\"auto, (max-width: 945px) 100vw, 945px\" \/><\/figure><div class=\"wp-block-media-text__content\">\n<h2 class=\"wp-block-heading\">Herzlich Willkommen:<\/h2>\n\n\n\n<p>Auf den folgenden Seiten k\u00f6nnen Sie sich \u00fcber die Forschung, das Lehrangebot sowie die weiteren Aktivit\u00e4ten unseres Teams informieren. Im Zentrum unserer Forschungsinteressen steht die Funktions-, Leistungs- und Reformf\u00e4higkeit demokratischer Institutionen. Dazu z\u00e4hlen vor allem Wahlen und Wahlsysteme, direkte Demokratie, Parteiensysteme und Parteienregierungen sowie Staats- und Verwaltungsstrukturen, die wir im historischen und internationalen Vergleich untersuchen. Den regionalen Schwerpunkt bilden die Mitgliedstaaten der Europ\u00e4ischen Union. F\u00fcr Fragen und Anregungen stehen wir Ihnen gerne zur Verf\u00fcgung.<\/p>\n<\/div><\/div>\n\n\n\n<div style=\"height:31px\" aria-hidden=\"true\" class=\"wp-block-spacer\"><\/div>\n\n\n\n<h2 class=\"wp-block-heading\"><em>Aktuelles:<\/em><\/h2>\n\n\n\n<p>02.02.2026: <abbr title=\"Professor\">Prof.<\/abbr> <abbr title=\"Doktor\">Dr.<\/abbr> Ludger Helms, Professor f\u00fcr Politikwissenschaft (Lehrstuhl f\u00fcr Vergleichende Politikwissenschaft, Universit\u00e4t Innsbruck), verbringt vom 2. bis 6. Februar 2026 einen Forschungsaufenthalt an unserem Arbeitsbereich. Wir hei\u00dfen Herrn Helms herzlich willkommen.<\/p>\n\n\n\n<p>24.11.2025: <abbr title=\"Professor\">Prof.<\/abbr> Grotz hat gemeinsam mit <abbr title=\"Professor\">Prof.<\/abbr> <a href=\"https:\/\/www.bertelsmann-stiftung.de\/de\/ueber-uns\/wer-wir-sind\/ansprechpartner\/mitarbeiter\/cid\/robert-vehrkamp\" rel='nofollow'>Robert Vehrkamp<\/a> (Bertelsmann Stiftung\/Leuphana Universit\u00e4t L\u00fcneburg) einen Beitrag zum aktuellen Stand der Wahlrechtsreform f\u00fcr den Deutschen Bundestag verfasst, der in der heutigen Ausgabe der Frankfurter Allgemeinen Zeitung erschienen ist. Den Text finden Sie <a href=\"https:\/\/www.hsu-hh.de\/verglreg\/wp-content\/uploads\/sites\/740\/2025\/11\/FAZ_2025_Wahlreform_251124.pdf\">hier<\/a>.<\/p>\n\n\n\n<p>01.11.2025: Das BMVg f\u00f6rdert ein Projekt zum Thema \u201e<a href=\"https:\/\/www.hsu-hh.de\/verglreg\/gesamtverteidigung-foederale-koordination-und-zivil-militaerische-zusammenarbeit\">Gesamtverteidigung \u2013 F\u00f6derale Koordination und zivil-milit\u00e4rische Zusammenarbeit<\/a>\u201c. Geleitet wird das einj\u00e4hrige Vorhaben von <abbr title=\"Professor\">Prof.<\/abbr> <abbr title=\"Doktor\">Dr.<\/abbr> Florian Grotz und <abbr title=\"Professor\">Prof.<\/abbr> <abbr title=\"Doktor\">Dr.<\/abbr> Silvia Veit. Das Projekt untersucht, wie zivile und milit\u00e4rische Akteure im Rahmen der f\u00f6deralen Gesamtverteidigung zusammenwirken und wie Koordination \u00fcber Ebenen und Zust\u00e4ndigkeiten hinweg organisiert ist. Um ein Mapping zentraler Strukturen zu erstellen, werden Dokumente analysiert und Expert:inneninterviews durchgef\u00fchrt.<\/p>\n\n\n\n<p>15.09.2025 Die <strong>VolkswagenStiftung <\/strong>hat <abbr title=\"Professor\">Prof.<\/abbr> Grotz im Rahmen ihres Task-Forces-Programms &#8222;Transformationswissen \u00fcber Demokratien im Wandel \u2013 transdisziplin\u00e4re Perspektiven&#8220; eine <strong>Projektf\u00f6rderung zum Thema <u>\u201e<\/u><\/strong><u><a href=\"https:\/\/www.volkswagenstiftung.de\/de\/news\/aktuelles\/demokratiewandel-im-fokus-neun-neue-forschungsprojekte-erhalten-foerderung\" rel='nofollow'>Demokratiereformen zwischen Ideal und Anpassung: Wissenschaftliche Evidenz f\u00fcr die politische Praxis<\/a><\/u><strong><u>\u201c<\/u>\u00a0<\/strong>bewilligt. In Zusammenarbeit mit dem Berliner Think Tank <a href=\"https:\/\/www.progressives-zentrum.org\" rel='nofollow'>Das Progressive Zentrum<\/a> untersucht das einj\u00e4hrige Projekt, wie man demokratische Strukturen \u00e4ndern kann, damit sie besser funktionieren. Um praktische L\u00f6sungen zu entwickeln, werden Interviews und Planspiele durchgef\u00fchrt. Die Ergebnisse werden in einem &#8222;Praxishandbuch Demokratiereform&#8220; zusammengef\u00fchrt.\u00a0<br>Aus den Projektmitteln wird auch eine <strong>Vertretungsprofessur <\/strong>f\u00fcr Herrn Grotz <strong>im Herbsttrimester 2025 und im Wintertrimester 2026<\/strong>\u00a0finanziert, die von Frau <a href=\"https:\/\/www.hsu-hh.de\/verglreg\/dr-johanna-schnabel\"><abbr title=\"Doktor\">Dr.<\/abbr> Johanna Schnabel<\/a> \u00fcbernommen wird. Wir hei\u00dfen Frau Schnabel an unserem Lehrstuhl ganz herzlich willkommen!\u00a0<br><\/p>\n\n\n\n<hr class=\"wp-block-separator has-alpha-channel-opacity\" \/>\n\n\n\n<p>15.09.2025 Soeben ist die zweite, vollst\u00e4ndig \u00fcberarbeitete und erweiterte <strong>Neuauflage von <\/strong><u><a href=\"https:\/\/www.nomos-shop.de\/de\/p\/das-politische-system-der-bundesrepublik-deutschland-978-3-7560-1989-2\" rel='nofollow'>\u201eDas politische System der Bundesrepublik Deutschland\u201c<\/a><\/u>\u00a0im <strong>Nomos Verlag <\/strong>erschienen, die <abbr title=\"Professor\">Prof.<\/abbr> Grotz gemeinsam mit <abbr title=\"Professor\">Prof.<\/abbr> Wolfgang Schroeder (Universit\u00e4t Kassel\/WZB Berlin) verfasst hat. In diesem Einf\u00fchrungsbuch werden alle wichtigen Entwicklungen seit Beginn des russischen Angriffskriegs gegen die Ukraine, der Amtszeit der Ampel-Koalition und dem Antritt der neuen schwarz-roten Bundesregierung sowie die laufende Debatte um die \u201ewehrhafte Demokratie\u201c systematisch aufgearbeitet und eingeordnet.\u00a0<\/p>\n\n\n\n<hr class=\"wp-block-separator has-alpha-channel-opacity\" \/>\n\n\n\n<p>1.9.2025 <abbr title=\"Professor\">Prof.<\/abbr> Grotz wurde ins <em>Editorial Board<\/em> der internationalen Fachzeitschrift <em><a href=\"https:\/\/www.tandfonline.com\/journals\/fjcs21\/about-this-journal#aims-and-scope\" rel='nofollow'>East European Politics<\/a> <\/em>berufen, die herausragende Forschungsergebnisse zu Gesellschaft, Politik und Regieren im postkommunistischen Raum ver\u00f6ffentlicht.<\/p>\n\n\n\n<div style=\"height:20px\" aria-hidden=\"true\" class=\"wp-block-spacer\"><\/div>\n\n\n\n<hr class=\"wp-block-separator has-alpha-channel-opacity\" \/>\n\n\n\n<h2 class=\"wp-block-heading\"><em>Neue Publikationen:<\/em><\/h2>\n\n\n\n<p>Grotz, Florian\/Kropp, Sabine 2025: Wehrhafter Bundesstaat? Zur demokratischen Resilienz des deutschen F\u00f6deralismus, in: <em>Jahrbuch des F\u00f6deralismus 2025<\/em>. Baden-Baden: Nomos, 35\u201344. <a href=\"http:\/\/doi.org\/10.5771\/9783748955429\" rel='nofollow'>doi.org\/10.5771\/9783748955429<\/a><\/p>\n\n\n\n<p>Grotz, Florian\/Klausch, Martin 2025: Die Wahl zur Hamburgischen B\u00fcrgerschaft vom 2. M\u00e4rz 2025: Best\u00e4tigung von Rot-Gr\u00fcn trotz gegenl\u00e4ufigem Bundestrend. <em>Zeitschrift f\u00fcr Parlamentsfragen <\/em>56(3): 549\u2013568. <a href=\"http:\/\/doi.org\/10.5771\/0340-1758-2025-3-549\" rel='nofollow'>doi.org\/10.5771\/0340-1758-2025-3-549<\/a>&nbsp;<\/p>\n\n\n\n<p>Grotz, Florian\/Schroeder, Wolfgang 2025: <em>Das politische System der Bundesrepublik Deutschland. <\/em>2. Auflage. Baden-Baden: Nomos.<\/p>\n\n\n\n<p>Grotz, Florian\/Berz, Jan\/Kroeber, Corinna\/Kukec, Marko 2025: <em>Prime Ministers in Central and Eastern Europe. Careers, Context, and Performance<\/em>. Comparative Politics Series. Oxford: Oxford University Press.<\/p>\n\n\n\n<p>Grotz, Florian\/Weber, Till 2025: Prime Ministers and Party System Stability in Postcommunist Democracies. <em>World Politics<\/em> 77(1): 71-110. <a href=\"https:\/\/doi.org\/10.1353\/wp.2025.a950023\" rel='nofollow'>doi.org\/10.1353\/wp.2025.a950023<\/a><\/p>\n\n\n\n<p>Grotz, Florian\/Helms, Ludger 2025: Making Sense of Comeback Prime Ministers. <em>European Political Science Review <\/em>17(4): 711\u2013728. <a href=\"http:\/\/doi.org\/10.1017\/S1755773924000377\" rel='nofollow'>doi.org\/10.1017\/S1755773924000377<\/a>&nbsp;<\/p>\n\n\n\n<p><a>Grotz, Florian\/Kroeber, Corinna\/Kukec, Marko 2024: <\/a>Cabinet Reshuffles and Prime-Ministerial Performance in Central and Eastern Europe. <em>Government and Opposition<\/em> 59(4): 1252-1273. <a href=\"https:\/\/doi.org\/10.1017\/gov.2022.24\" target=\"_blank\" rel=\"noreferrer noopener\">doi.org\/10.1017\/gov.2022.24<\/a><\/p>\n\n\n\n<p>Grotz, Florian\/Kukec, Marko (<abbr title=\"Herausgeber\">Hrsg.<\/abbr>) 2024: <em>Prime Ministers and Party Governments in Central and Eastern Europe<\/em>. London: Routledge.<\/p>\n\n\n\n<p>Anger, Tim-Niklas\/Klausch, Martin. 2024: Planspielangebote der Landesparlamente. Eine Bestandsaufnahme. <em>Zeitschrift f\u00fcr Parlamentsfragen<\/em> 55(1): 76-92. <a href=\"https:\/\/doi.org\/10.5771\/0340-1758-2024-1\" rel='nofollow'>doi.org\/10.5771\/0340-1758-2024-1<\/a><\/p>\n\n\n\n<p><\/p>\n\n\n\n<hr class=\"wp-block-separator has-alpha-channel-opacity\" \/>\n\n\n\n<h2 class=\"wp-block-heading\"><em>Sprechstunden:<\/em><\/h2>\n\n\n\n<p><strong><abbr title=\"Professor\">Prof.<\/abbr> <abbr title=\"Doktor\">Dr.<\/abbr> Florian Grotz:<\/strong><br>nach vorheriger Vereinbarung<\/p>\n\n\n\n<p><strong><abbr title=\"Doktor\">Dr.<\/abbr> Johanna Schnabel, Professurvertretung:<\/strong><br>nach vorheriger Vereinbarung<\/p>\n\n\n\n<p><strong><abbr title=\"Doktor\">Dr.<\/abbr> Marko Kukec:<\/strong><br>nach vorheriger Vereinbarung<\/p>\n\n\n\n<p><strong>Christina Stremming:<\/strong><br>nach vorheriger Vereinbarung<\/p>\n\n\n\n<div style=\"height:20px\" aria-hidden=\"true\" class=\"wp-block-spacer\"><\/div>\n\n\n\n<hr class=\"wp-block-separator has-alpha-channel-opacity\" \/>\n\n\n\n<h2 class=\"wp-block-heading\">Kontakt:<\/h2>\n\n\n\n<p>Helmut Schmidt Universit\u00e4t \/ Universit\u00e4t der Bundeswehr<br>Professur f\u00fcr Politikwissenschaft, <abbr title=\"insbesondere\">insb.<\/abbr> Vergleichende Regierungslehre<br><abbr title=\"Professor\">Prof.<\/abbr> <abbr title=\"Doktor\">Dr.<\/abbr> Florian Grotz<br>Holstenhofweg 85<br>22043 Hamburg<\/p>\n\n\n\n<p><strong>Sekretariat:       <\/strong>Susanne Latzel<\/p>\n\n\n\n<p>Geb\u00e4ude H1, Raum 2164<br>Telefon: +49 (0)40 6541 2954<br>Fax: +49 (0)40 6541 3370<br>email: susanne.latzel@hsu.hamburg<\/p>\n","protected":false},"excerpt":{"rendered":"<p>Prof. Dr. Florian Grotz Herzlich Willkommen: Auf den folgenden Seiten k\u00f6nnen Sie sich \u00fcber die Forschung, das Lehrangebot sowie die weiteren Aktivit\u00e4ten unseres Teams informieren. Im Zentrum unserer Forschungsinteressen steht [&hellip;]<\/p>\n","protected":false},"author":138,"featured_media":0,"parent":0,"menu_order":0,"comment_status":"closed","ping_status":"closed","template":"faculty.php","meta":{"footnotes":""},"categories":[35],"tags":[115,66,60,111,64,106,74,62,113,58,85],"class_list":["post-73","page","type-page","status-publish","hentry","category-startseite","tag-bullerjahn","tag-grotz-de","tag-inbesondere-vergleichende-regierungslehre","tag-klausch","tag-kretschmer","tag-kukec","tag-latzel-de","tag-lewandowsky","tag-noll","tag-professur-fuer-politikwissenschaft","tag-weinmann"],"_links":{"self":[{"href":"https:\/\/www.hsu-hh.de\/verglreg\/wp-json\/wp\/v2\/pages\/73","targetHints":{"allow":["GET"]}}],"collection":[{"href":"https:\/\/www.hsu-hh.de\/verglreg\/wp-json\/wp\/v2\/pages"}],"about":[{"href":"https:\/\/www.hsu-hh.de\/verglreg\/wp-json\/wp\/v2\/types\/page"}],"author":[{"embeddable":true,"href":"https:\/\/www.hsu-hh.de\/verglreg\/wp-json\/wp\/v2\/users\/138"}],"replies":[{"embeddable":true,"href":"https:\/\/www.hsu-hh.de\/verglreg\/wp-json\/wp\/v2\/comments?post=73"}],"version-history":[{"count":369,"href":"https:\/\/www.hsu-hh.de\/verglreg\/wp-json\/wp\/v2\/pages\/73\/revisions"}],"predecessor-version":[{"id":2237,"href":"https:\/\/www.hsu-hh.de\/verglreg\/wp-json\/wp\/v2\/pages\/73\/revisions\/2237"}],"wp:attachment":[{"href":"https:\/\/www.hsu-hh.de\/verglreg\/wp-json\/wp\/v2\/media?parent=73"}],"wp:term":[{"taxonomy":"category","embeddable":true,"href":"https:\/\/www.hsu-hh.de\/verglreg\/wp-json\/wp\/v2\/categories?post=73"},{"taxonomy":"post_tag","embeddable":true,"href":"https:\/\/www.hsu-hh.de\/verglreg\/wp-json\/wp\/v2\/tags?post=73"}],"curies":[{"name":"wp","href":"https:\/\/api.w.org\/{rel}","templated":true}]}}