{"id":680,"date":"2018-02-05T12:18:38","date_gmt":"2018-02-05T11:18:38","guid":{"rendered":"https:\/\/www.hsu-hh.de\/verglreg\/?page_id=680"},"modified":"2018-02-05T12:18:38","modified_gmt":"2018-02-05T11:18:38","slug":"archiv-weiterer-meldungen","status":"publish","type":"page","link":"https:\/\/www.hsu-hh.de\/verglreg\/archiv-weiterer-meldungen","title":{"rendered":"Archiv weiterer Meldungen"},"content":{"rendered":"<p>&nbsp;<\/p>\n<p>27.06.2017 Prof. Grotz nimmt an der Tagung &#8222;Zwischen Reichtum und Prekarit\u00e4t. Welchen Wohlfahrtsstaat ben\u00f6tigen K\u00fcnstler_innen?&#8220; teil, die von der Universit\u00e4t Kassel und der Friedrich-Ebert-Stifung im Rahmen der &#8222;documenta 14&#8220; veranstaltet wird. Das Programm finden sie hier .<\/p>\n<p>01.06.2017\u00a0In der heutigen Ausgabe der Tageszeitung &#8222;Il Messaggero&#8220; (Rom) hat\u00a0Prof. Grotz ein Interview zur\u00a0aktuellen Reform des italienischen Wahlsystems gegeben. Das Interview finden Sie hier .<\/p>\n<p>28.04.2017\u00a0Gemeinsam mit <abbr title=\"Doktor\">Dr.<\/abbr> Heiko Giebler und <abbr title=\"Doktor\">Dr.<\/abbr> Aiko Wagner (Wissenschaftszentrum Berlin f\u00fcr Sozialforschung) wird <abbr title=\"Doktor\">Dr.<\/abbr> Lewandowsky f\u00fcr den in der Politischen Vierteljahresschrift (PVS) publizierten Aufsatz &#8222;Rechtspopulismus in Deutschland. Eine empirische Einordnung der Parteien zur Bundestagswahl 2013 unter besonderer Ber\u00fccksichtigung der AfD&#8220; von der Deutschen Gesellschaft f\u00fcr Wahlforschung (DGfW) der Forschungspreis f\u00fcr Aufs\u00e4tze verliehen. Die Verleihung findet am 19. Mai 2017 am Rande der Tagung des DVPW-Arbeitskreises Wahlen statt.<\/p>\n<p>27.04.2017 Prof. Grotz wurde als Experten zu einer Sitzung des &#8222;Committee on Political Affairs and Democracy &#8220; der Parlamentarischen Versammlung des Europarates eingeladen. Dort hat er zum Thema &#8222;Electoral Systems: Normative Criteria and Comparative Overview&#8220; referiert.<\/p>\n<p>10.04.2017 In der Zeitschrift &#8222;bdvb aktuell&#8220; (Ausgabe 136) ist ein Interview mit Prof. Grotz\u00a0zum Erstarken populistischer Bewegungen in Europa erschienen.N\u00e4heres finden Sie\u00a0hier .<\/p>\n<p>23.01.2017 Gemeinsam mit Prof. Robert Vehrkamp hat Prof. Grotz hat in der heutigen Ausgabe der Frankfurter Allgemeinen Zeitung einen Diskussionsbeitrag zur Reform des Bundestagswahlsystem ver\u00f6ffentlicht. Der Text erscheint zugleich als &#8222;Einwurf&#8220; &#8211; Policy-Brief der Bertelsmann Stiftung 1\/2017 .<\/p>\n<p>03.05.2016 Am 3. Mai wird <abbr title=\"Doktor\">Dr.<\/abbr> Lewandowsky an einer Podiumsdiskussion \u00fcber die AfD an der <abbr title=\"Technische Universit\u00e4t\">TU<\/abbr> Kaiserslautern teilnehmen N\u00e4here Informationen finden Sie hier .<\/p>\n<p>25.02.2016 Prof. Grotz hat an einer Podiumsdiskussion im K\u00f6rberForum Hamburg zum Thema &#8222;B\u00fcrgerschaft und Volkes Stimme&#8220; teilgenommen. N\u00e4here Informationen finden Sie hier .<\/p>\n<p>08.02.2016 Die Neuausgabe des &#8222;Kleinen Lexikons der Politik&#8220; wurde in der S\u00fcddeutschen Zeitung besprochen. Den Rezensionstext finden Sie hier .<\/p>\n<p>27.01.2016 Der S\u00fcddeutschen Zeitung gab <abbr title=\"Doktor\">Dr.<\/abbr> Lewandowsky ein Interview zu Frauen unter W\u00e4hlern und Mitgliedern der Alternative f\u00fcr Deutschland (AfD). Hier finden Sie den Text.<\/p>\n<p>07.12.2015 <abbr title=\"Doktor\">Dr.<\/abbr> Lewandowsky wurde in der Sendung &#8222;Der Tag&#8220; des Senders Phoenix zum Sieg des Front National in der ersten Runde der franz\u00f6sischen Regionalwahlen interviewt. Sie finden das Gespr\u00e4ch hier .<\/p>\n<p>07.07.2015 Prof. Grotz nimmt an einer Podiumsdiskussion im Julius-Leber-Forum Hamburg zum Thema &#8222;Wie fragt man das Volk? Zur Diskussion \u00fcber die Einf\u00fchrung von &#8222;B\u00fcrgerschaftsreferenden&#8220; in Hamburg&#8220; teil. N\u00e4here Informationen finden Sie hier.<\/p>\n<p>08.04.2015 In der MDR-Sendung &#8222;Exakt&#8220; beantwortete <abbr title=\"Doktor\">Dr.<\/abbr> Lewandowsky Fragen zu den j\u00fcngsten Anschl\u00e4gen aus Asylbewerberheime in Deutschland.<\/p>\n<p>23.02.2015 Prof. Grotz hat den Ruf auf die W3-Professur &#8222;Politische Systeme&#8220; an der <abbr title=\"Technische Universit\u00e4t\">TU<\/abbr> Chemnitz (Nachfolge Prof. Eckhard Jesse) abgelehnt und ein Bleibeangebot der Helmut-Schmidt-Universit\u00e4t angenommen.<\/p>\n<p>01.12.2014 Prof. Grotz hat eine Einladung an das Department of Political and Social Sciences am European University Institute (EUI) in Florenz erhalten. Er wird dort vom 15. September bis 15. Dezember 2015 als &#8222;Visiting Fellow&#8220; arbeiten.<\/p>\n<p>20.11.2014 Der Deutsche Akademische Austauschdienst (DAAD) hat Prof. Grotz f\u00fcr den Zeitraum 2014-2017 in die Auswahlkommission f\u00fcr die Stipendien deutscher Doktorand\/innen am Europ\u00e4ischen Hochschulinstitut (EUI) in Florenz berufen.<\/p>\n<p>13.11.2014 Prof. Grotz hat einen Ruf auf die W3-Professur &#8222;Politische Systeme&#8220; an der <abbr title=\"Technische Universit\u00e4t\">TU<\/abbr> Chemnitz erhalten.<\/p>\n<p>28.10.2014 Prof. Grotz hat eine Einladung erhalten, in der Abteilung &#8222;Demokratie und Demokratisierung&#8220; des Wissenschaftszentrums Berlin f\u00fcr Sozialforschung (WZB) als Gastwissenschaftler zu arbeiten. Er wird dort einen Forschungsaufenthalt von April bis September 2015 verbringen.<\/p>\n<p>27.05.2014\u00a0Heute morgen sprach <abbr title=\"Doktor\">Dr.<\/abbr> Lewandowsky mit\u00a0DRadio Wissen\u00a0\u00fcber den Erfolg rechtspopulistischer Parteien bei der Europawahl. Den Bericht finden Sie\u00a0hier .<\/p>\n<p>24.03.2014 F\u00fcr die Deutsche Welle gab <abbr title=\"Doktor\">Dr.<\/abbr> Lewandowsky ein Interview zum Ergebnis des Front National bei den Kommunalwahlen in Frankreich. Den Bericht finden Sie hier .<\/p>\n<p>24.03.2014 <abbr title=\"Doktor\">Dr.<\/abbr> Lewandowsky wurde von DRadio Wissen zu rechtspopulistischen Parteien vor Europawahlen interviewt. Den Wortlaut finden Sie hier .<\/p>\n<p>04.03.2014 Die Helmut-Schmidt-Universit\u00e4t ist dem European Consortium of Political Science (ECPR) beigetreten, das mit \u00fcber 340 Instituten aus 46 L\u00e4ndern zu den wichtigsten politikwissenschaftlichen Organisationen auf internationaler Ebene z\u00e4hlt. Prof. Grotz fungiert als &#8222;Official Representative&#8220; der HSU beim ECPR.<\/p>\n<p>16.12.2013 Prof. Grotz hat in der heutigen Ausgabe der Frankfurter Allgemeinen Zeitung einen Diskussionsbeitrag zum Bundestagswahlsystem ver\u00f6ffentlicht. Den Text finden Sie hier.<\/p>\n<p>24.09.2013 Prof. Grotz hat im Faktencheck zur ARD-Sendung &#8222;Hart aber fair&#8220; vom 23.September 2013 \u00fcber die Koalitionsoptionen nach der Bundestagswahl 2013 Auskunft gegeben.<\/p>\n<p>19.08.2013 Auf Einladung des Kirchlichen Dienstes in der Arbeitswelt (KDA) referiert Marcel Lewandowsky am 15. September 2013 in Duisburg zum Thema &#8222;Politische Partizipation vor der Bundestagswahl 2013&#8243;.<\/p>\n<p>25.06.2013\u00a0Am 12. Juli 2013 referiert Marcel Lewandowsky in Hagen auf Einladung von Birgit Sippel MdEP und Ren\u00e9 R\u00f6spel MdB zum Thema \u201eRechtspopulismus in Europa&#8220;.<\/p>\n<p>03.06.2013 Gemeinsam mit Prof. Frank Decker (Universit\u00e4t Bonn) hat Prof. Grotz in der Frankfurter Allgemeinen Zeitung einen Diskussionsbeitrag zur Direkten Demokratie in Europa ver\u00f6ffentlicht. Den Text finden Sie\u00a0hier.<\/p>\n<p>07.05.2013 Marcel Lewandowsky hat im Faktencheck zur Sendung \u201eHart aber fair&#8220; vom 6. Mai 2013 \u00fcber die Alternative f\u00fcr Deutschland (AfD) Auskunft gegeben.<\/p>\n<p>03.05.2013 Prof. Grotz hat den Jury-Vorsitz zur Vergabe des Dissertationspreises der Deutschen Vereinigung f\u00fcr Politische Wissenschaft (DVPW) \u00fcbernommen. Unter der weiteren Beteiligung von Prof. Andr\u00e9 Brodocz (Universit\u00e4t Erfurt) und Prof. Anna Geis (Universit\u00e4t Magdeburg) wird die Jury die Preistr\u00e4gerin oder den Preistr\u00e4ger aus 14 eingegangenen Bewerbungen ausw\u00e4hlen und eine Laudatio verfassen, die in Heft 4\/2013 der Politischen Vierteljahresschrift ver\u00f6ffentlicht wird.<\/p>\n<p>03.05.2013 Auf dem Evangelischen Kirchentag diskutierte Marcel Lewandowsky im Rahmen einer Veranstaltung der Friedrich-Ebert-Stiftung mit der Vizepr\u00e4sidentin der Hamburger B\u00fcrgerschaft, Barbara Duden, zum Thema \u201eNichtw\u00e4hler&#8220;.<\/p>\n<p>05.04.2013 Das Zentrum f\u00fcr Demokratieforschung (ZDEMO) an der Leuphana Universit\u00e4t L\u00fcneburg hat Prof. Grotz als st\u00e4ndiges Mitglied assoziiert. Die Ernennung w\u00fcrdigt eine langj\u00e4hrige und produktive Forschungskooperation im Bereich \u201eParty Government and Institutional Change\u201c, die nun zwischen der HSU und dem ZDEMO fortgef\u00fchrt wird.<\/p>\n<p>02.04.2013 Die Akkreditierungsagentur ACQUIN e.V. hat Prof. Grotz in eine Gutachtergruppe aufgenommen, die unterschiedliche geistes- und sozialwissenschaftliche Studieng\u00e4nge an der Nationalen Kasachischen Universit\u00e4t \u201eAl-Farabi&#8220; \u00fcberpr\u00fcfen und beurteilen soll. Die Evaluierung umfasst auch eine Vor-Ort-Begehung in Almaty, die im September 2013 stattfinden wird.<\/p>\n<p>Prof. Grotz ist f\u00fcr den Zeitraum 2014-2017 in die Auswahlkommission f\u00fcr die Stipendien deutscher Doktorand\/innen am Europ\u00e4ischen Hochschulinstitut (EUI) in Florenz berufen.<\/p>\n","protected":false},"excerpt":{"rendered":"<p>&nbsp; 27.06.2017 Prof. Grotz nimmt an der Tagung &#8222;Zwischen Reichtum und Prekarit\u00e4t. Welchen Wohlfahrtsstaat ben\u00f6tigen K\u00fcnstler_innen?&#8220; teil, die von der Universit\u00e4t Kassel und der Friedrich-Ebert-Stifung im Rahmen der &#8222;documenta 14&#8220; [&hellip;]<\/p>\n","protected":false},"author":138,"featured_media":0,"parent":0,"menu_order":0,"comment_status":"closed","ping_status":"closed","template":"","meta":{"footnotes":""},"categories":[],"tags":[],"class_list":["post-680","page","type-page","status-publish","hentry"],"_links":{"self":[{"href":"https:\/\/www.hsu-hh.de\/verglreg\/wp-json\/wp\/v2\/pages\/680","targetHints":{"allow":["GET"]}}],"collection":[{"href":"https:\/\/www.hsu-hh.de\/verglreg\/wp-json\/wp\/v2\/pages"}],"about":[{"href":"https:\/\/www.hsu-hh.de\/verglreg\/wp-json\/wp\/v2\/types\/page"}],"author":[{"embeddable":true,"href":"https:\/\/www.hsu-hh.de\/verglreg\/wp-json\/wp\/v2\/users\/138"}],"replies":[{"embeddable":true,"href":"https:\/\/www.hsu-hh.de\/verglreg\/wp-json\/wp\/v2\/comments?post=680"}],"version-history":[{"count":5,"href":"https:\/\/www.hsu-hh.de\/verglreg\/wp-json\/wp\/v2\/pages\/680\/revisions"}],"predecessor-version":[{"id":1354,"href":"https:\/\/www.hsu-hh.de\/verglreg\/wp-json\/wp\/v2\/pages\/680\/revisions\/1354"}],"wp:attachment":[{"href":"https:\/\/www.hsu-hh.de\/verglreg\/wp-json\/wp\/v2\/media?parent=680"}],"wp:term":[{"taxonomy":"category","embeddable":true,"href":"https:\/\/www.hsu-hh.de\/verglreg\/wp-json\/wp\/v2\/categories?post=680"},{"taxonomy":"post_tag","embeddable":true,"href":"https:\/\/www.hsu-hh.de\/verglreg\/wp-json\/wp\/v2\/tags?post=680"}],"curies":[{"name":"wp","href":"https:\/\/api.w.org\/{rel}","templated":true}]}}