{"id":1861,"date":"2025-01-16T12:53:18","date_gmt":"2025-01-16T11:53:18","guid":{"rendered":"https:\/\/www.hsu-hh.de\/verglreg\/?page_id=1861"},"modified":"2025-10-06T08:24:04","modified_gmt":"2025-10-06T06:24:04","slug":"martin-klausch-m-ed","status":"publish","type":"page","link":"https:\/\/www.hsu-hh.de\/verglreg\/team\/ehemalige-mitarbeitende\/martin-klausch-m-ed","title":{"rendered":"Martin Klausch, M. Ed."},"content":{"rendered":"\n<div class=\"wp-block-columns is-layout-flex wp-container-core-columns-is-layout-9d6595d7 wp-block-columns-is-layout-flex\">\n<div class=\"wp-block-column is-layout-flow wp-block-column-is-layout-flow\">\n<p>Helmut-Schmidt-Universit\u00e4t \/<br>Universit\u00e4t der Bundeswehr<br>Holstenhofweg 85<br>22043 Hamburg<\/p>\n\n\n\n<p><br>Kontakt:<br>E-Mail: <a href=\"mailto:martin.klausch@hsu-hh.de\" rel='nofollow'>martin.klausch@hsu-hh.de<\/a><\/p>\n\n\n\n<p><\/p>\n<\/div>\n\n\n\n<div class=\"wp-block-column is-layout-flow wp-block-column-is-layout-flow\"><div class=\"wp-block-image\">\n<figure class=\"aligncenter size-full is-resized\"><img loading=\"lazy\" decoding=\"async\" width=\"800\" height=\"800\" src=\"https:\/\/www.hsu-hh.de\/verglreg\/wp-content\/uploads\/sites\/740\/2018\/10\/2018-10-02_F\u00fcr-die-Website_Team_Martin-Klausch.jpg\" data-credit=\"Randy Johns\" alt=\"x\" class=\"wp-image-934\" style=\"width:200px\" srcset=\"https:\/\/www.hsu-hh.de\/verglreg\/wp-content\/uploads\/sites\/740\/2018\/10\/2018-10-02_F\u00fcr-die-Website_Team_Martin-Klausch.jpg 800w, https:\/\/www.hsu-hh.de\/verglreg\/wp-content\/uploads\/sites\/740\/2018\/10\/2018-10-02_F\u00fcr-die-Website_Team_Martin-Klausch-150x150.jpg 150w, https:\/\/www.hsu-hh.de\/verglreg\/wp-content\/uploads\/sites\/740\/2018\/10\/2018-10-02_F\u00fcr-die-Website_Team_Martin-Klausch-300x300.jpg 300w, https:\/\/www.hsu-hh.de\/verglreg\/wp-content\/uploads\/sites\/740\/2018\/10\/2018-10-02_F\u00fcr-die-Website_Team_Martin-Klausch-768x768.jpg 768w, https:\/\/www.hsu-hh.de\/verglreg\/wp-content\/uploads\/sites\/740\/2018\/10\/2018-10-02_F\u00fcr-die-Website_Team_Martin-Klausch-100x100.jpg 100w\" sizes=\"auto, (max-width: 800px) 100vw, 800px\" \/><figcaption class=\"wp-element-caption\">x<\/figcaption><\/figure>\n<\/div><\/div>\n<\/div>\n\n\n\n<hr class=\"wp-block-separator has-alpha-channel-opacity\" \/>\n\n\n\n<h2 class=\"wp-block-heading\">Lebenslauf:<\/h2>\n\n\n\n<p>10\/2018 &#8211; 09\/2025<br>Wissenschaftlicher Mitarbeiter am Lehrstuhl f\u00fcr Vergleichende Regierungslehre an der Helmut-Schmidt-Universit\u00e4t\/Universit\u00e4t der Bundeswehr (Leiter: <abbr title=\"Professor\">Prof.<\/abbr> <abbr title=\"Doktor\">Dr.<\/abbr> Florian Grotz), Hamburg<\/p>\n\n\n\n<p>10\/2017-08\/2018<br>Lehre am Goethe-Institut Hanoi, Vietnam<br>Haupts\u00e4chlich t\u00e4tig im Berufsmigrationsprojekt f\u00fcr Pflegekr\u00e4fte<\/p>\n\n\n\n<p>10\/2014-10\/2017<br>Studentischer Mitarbeiter an der Arbeitsstelle Empirische Politische Soziologie der BRD an der Freien Universit\u00e4t Berlin<br>(Leiter: <abbr title=\"Professor\">Prof.<\/abbr> <abbr title=\"Doktor\">Dr.<\/abbr> Oskar Niedermayer, seit&nbsp; 10\/2017: <abbr title=\"Professor\">Prof.<\/abbr> <abbr title=\"Doktor\">Dr.<\/abbr> Thorsten Faas), Berlin<\/p>\n\n\n\n<p>07\/2016-09\/2017<br>Sachbearbeiter im Ministerium des Innern und f\u00fcr Kommunales (MIK) des Landes Brandenburg, Referat 31 \u2013 \u201eGrundsatzfragen des Kommunalverfassungsrechts, allgemeine Kommunalaufsicht, einschlie\u00dflich Aufsicht \u00fcber das kommunale Auftragswesen, kommunales Dienst- und Disziplinarrecht, Aufgaben und Gebietsstrukturen der Kommunen, kommunales Statusrecht, Kreisneugliederungsgesetzgebung und gesetzliche Einf\u00fchrung von neuen Verwaltungsmodellen im kreisangeh\u00f6rigen Bereich\u201c, Potsdam<\/p>\n\n\n\n<p>04\/2016-07\/2016<br>Praktikum im Ministerium des Innern und f\u00fcr Kommunales (MIK) des Landes Brandenburg, Potsdam<\/p>\n\n\n\n<p>04\/2012-09\/2014<br>Redaktionsassistenz in der Agence France-Presse (Werkstudent), Berlin<\/p>\n\n\n\n<hr class=\"wp-block-separator has-alpha-channel-opacity\" \/>\n\n\n\n<h2 class=\"wp-block-heading\">Funktionen:<\/h2>\n\n\n\n<p>08.2019 \u2013 07.2021:&nbsp; Gesch\u00e4ftsf\u00fchrer der Deutschen Gesellschaft f\u00fcr Politikwissenschaft, DGfP<\/p>\n\n\n\n<hr class=\"wp-block-separator has-alpha-channel-opacity\" \/>\n\n\n\n<h2 class=\"wp-block-heading\">Publikationen und Vortr\u00e4ge:<\/h2>\n\n\n\n<p>Anger, Tim-Niklas\/Klausch, Martin. 2024: Planspielangebote der Landesparlamente. Eine Bestandsaufnahme. <em>Zeitschrift f\u00fcr Parlamentsfragen<\/em> 55(1): 76-92. <a href=\"https:\/\/doi.org\/10.5771\/0340-1758-2024-1\" rel='nofollow'>https:\/\/doi.org\/10.5771\/0340-1758-2024-1 <\/a><a><\/a><\/p>\n\n\n\n<p>Bernhard, Jonas\/Klausch, Martin. 2023: Beteiligung der kommunalen Spitzenverb\u00e4nde an der Bundesgesetzgebung: Eine Analyse der Anh\u00f6rungspraxis in den Bundesministerien und den Aussch\u00fcssen des Deutschen Bundestages (2017\u20132021). <em>dms \u2013 der moderne staat<\/em> 16(2): 484-506. <a href=\"https:\/\/doi.org\/10.3224\/dms.v16i2.10\" rel='nofollow'>https:\/\/doi.org\/10.3224\/dms.v16i2.10 <\/a><a><\/a><\/p>\n\n\n\n<p>Grotz, Florian\/Klausch, Martin 2022: Ostdeutschland als Teil der europ\u00e4ischen Transformation, in: Lange Wege der deutschen Einheit. Bonn: Bundeszentrale f\u00fcr politische Bildung, <a href=\"https:\/\/www.bpb.de\/themen\/deutsche-einheit\/lange-wege-der-deutschen-einheit\/506016\/ostdeutschland-als-teil-der-europaeischen-transformation\/\" rel='nofollow'>Link<\/a>.<\/p>\n\n\n\n<p>Beitrag zum AutorInnenworkshop der DVPW-Themengruppe F\u00f6deralismus am 24. M\u00e4rz 2022 in Fribourg. Thema: Durchsetzungserfolg kommunaler Spitzenverb\u00e4nde im Gesetzgebungsprozess: Der Fall des \u201eGuten-Kita-Gesetzes\u201c<\/p>\n\n\n\n<p>Klausch, Martin. 2020. Die Entwicklung des Gesetzentwurfs zur Landkreisneugliederung in Brandenburg: Responsivit\u00e4t im Detail \u2013 Differenzen bei Grundsatzfragen. <em>Zeitschrift f\u00fcr Parlamentsfragen <\/em>51(2): 367\u2013384.<\/p>\n\n\n\n<hr class=\"wp-block-separator has-alpha-channel-opacity\" \/>\n\n\n\n<h2 class=\"wp-block-heading\">Forschungsinteressen:<\/h2>\n\n\n\n<p>In meinen Forschungsprojekten interessiere ich mich haupts\u00e4chlich f\u00fcr<\/p>\n\n\n\n<ul class=\"wp-block-list\">\n<li>Gesetzgebungsprozesse und M\u00f6glichkeiten der Einflussnahme auf die Politikformulierung,<\/li>\n\n\n\n<li>sowie f\u00fcr Verwaltungsstrukturen und deren Reformierbarkeit.<\/li>\n<\/ul>\n\n\n\n<p>Dabei forsche ich gerne praxisnah, <abbr title=\"zum Beispiel\">z.B.<\/abbr> durch teilnehmende Beobachtungen, und nutze dar\u00fcber hinaus computerlinguistische Methoden, um politikwissenschaftliche Erkenntnisse zu generieren.<\/p>\n\n\n\n<p><em>Dissertationsprojekt:<br><\/em>\u201eKommunale Spitzenverb\u00e4nde in Gesetzgebungsprozessen\u201c<\/p>\n","protected":false},"excerpt":{"rendered":"<p>Helmut-Schmidt-Universit\u00e4t \/Universit\u00e4t der BundeswehrHolstenhofweg 8522043 Hamburg Kontakt:E-Mail: martin.klausch@hsu-hh.de Lebenslauf: 10\/2018 &#8211; 09\/2025Wissenschaftlicher Mitarbeiter am Lehrstuhl f\u00fcr Vergleichende Regierungslehre an der Helmut-Schmidt-Universit\u00e4t\/Universit\u00e4t der Bundeswehr (Leiter: Prof. Dr. Florian Grotz), Hamburg 10\/2017-08\/2018Lehre [&hellip;]<\/p>\n","protected":false},"author":138,"featured_media":0,"parent":1885,"menu_order":0,"comment_status":"closed","ping_status":"closed","template":"","meta":{"footnotes":""},"categories":[8],"tags":[],"class_list":["post-1861","page","type-page","status-publish","hentry","category-team"],"_links":{"self":[{"href":"https:\/\/www.hsu-hh.de\/verglreg\/wp-json\/wp\/v2\/pages\/1861","targetHints":{"allow":["GET"]}}],"collection":[{"href":"https:\/\/www.hsu-hh.de\/verglreg\/wp-json\/wp\/v2\/pages"}],"about":[{"href":"https:\/\/www.hsu-hh.de\/verglreg\/wp-json\/wp\/v2\/types\/page"}],"author":[{"embeddable":true,"href":"https:\/\/www.hsu-hh.de\/verglreg\/wp-json\/wp\/v2\/users\/138"}],"replies":[{"embeddable":true,"href":"https:\/\/www.hsu-hh.de\/verglreg\/wp-json\/wp\/v2\/comments?post=1861"}],"version-history":[{"count":6,"href":"https:\/\/www.hsu-hh.de\/verglreg\/wp-json\/wp\/v2\/pages\/1861\/revisions"}],"predecessor-version":[{"id":2100,"href":"https:\/\/www.hsu-hh.de\/verglreg\/wp-json\/wp\/v2\/pages\/1861\/revisions\/2100"}],"up":[{"embeddable":true,"href":"https:\/\/www.hsu-hh.de\/verglreg\/wp-json\/wp\/v2\/pages\/1885"}],"wp:attachment":[{"href":"https:\/\/www.hsu-hh.de\/verglreg\/wp-json\/wp\/v2\/media?parent=1861"}],"wp:term":[{"taxonomy":"category","embeddable":true,"href":"https:\/\/www.hsu-hh.de\/verglreg\/wp-json\/wp\/v2\/categories?post=1861"},{"taxonomy":"post_tag","embeddable":true,"href":"https:\/\/www.hsu-hh.de\/verglreg\/wp-json\/wp\/v2\/tags?post=1861"}],"curies":[{"name":"wp","href":"https:\/\/api.w.org\/{rel}","templated":true}]}}