{"id":73,"date":"2017-07-03T15:52:08","date_gmt":"2017-07-03T13:52:08","guid":{"rendered":"https:\/\/www.hsu-hh.de\/vorlage\/?page_id=73"},"modified":"2025-09-17T11:55:38","modified_gmt":"2025-09-17T09:55:38","slug":"startseite","status":"publish","type":"page","link":"https:\/\/www.hsu-hh.de\/vergaberecht\/","title":{"rendered":"Professur f\u00fcr \u00d6ffentliches Recht und Wirtschaftsrecht"},"content":{"rendered":"\n<p style=\"font-size:30px\"><abbr title=\"Universit\u00e4tsprofessor\">Univ.-Prof.<\/abbr> <abbr title=\"Doktor\">Dr.<\/abbr> iur. Christian Ernst<\/p>\n\n\n\n<div style=\"height:50px\" aria-hidden=\"true\" class=\"wp-block-spacer\"><\/div>\n\n\n<div class=\"wp-block-image\">\n<figure class=\"aligncenter size-large\"><img loading=\"lazy\" decoding=\"async\" width=\"1024\" height=\"705\" src=\"https:\/\/www.hsu-hh.de\/vergaberecht\/wp-content\/uploads\/sites\/806\/2025\/06\/Gruppenfotos-e1758102896289-1024x705.jpeg\" data-credit=\"Janne Roehsler\" alt=\"Lehrstuhlfoto\" class=\"wp-image-1404\" srcset=\"https:\/\/www.hsu-hh.de\/vergaberecht\/wp-content\/uploads\/sites\/806\/2025\/06\/Gruppenfotos-e1758102896289-1024x705.jpeg 1024w, https:\/\/www.hsu-hh.de\/vergaberecht\/wp-content\/uploads\/sites\/806\/2025\/06\/Gruppenfotos-e1758102896289-300x206.jpeg 300w, https:\/\/www.hsu-hh.de\/vergaberecht\/wp-content\/uploads\/sites\/806\/2025\/06\/Gruppenfotos-e1758102896289-768x529.jpeg 768w, https:\/\/www.hsu-hh.de\/vergaberecht\/wp-content\/uploads\/sites\/806\/2025\/06\/Gruppenfotos-e1758102896289-1536x1057.jpeg 1536w, https:\/\/www.hsu-hh.de\/vergaberecht\/wp-content\/uploads\/sites\/806\/2025\/06\/Gruppenfotos-e1758102896289-2048x1410.jpeg 2048w, https:\/\/www.hsu-hh.de\/vergaberecht\/wp-content\/uploads\/sites\/806\/2025\/06\/Gruppenfotos-e1758102896289-1100x757.jpeg 1100w\" sizes=\"auto, (max-width: 1024px) 100vw, 1024px\" \/><\/figure>\n<\/div>\n\n\n<p class=\"has-text-align-center\" style=\"font-size:25px\">Herzlich Willkommen auf der Website der Professur f\u00fcr \u00d6ffentliches Recht, Wirtschaftsrecht (einschlie\u00dflich Vergaberecht)<\/p>\n\n\n\n<div style=\"height:50px\" aria-hidden=\"true\" class=\"wp-block-spacer\"><\/div>\n\n\n\n<h1 class=\"wp-block-heading\"><strong>Aktuelles<\/strong><\/h1>\n\n\n<div id=\"category_content_D8qj97r9\" class=\"hsu_category archive-page\"><article  id=\"post-1591\" class=\"category-list-item post-1591 post type-post status-publish format-standard hentry \"><a href=\"https:\/\/www.hsu-hh.de\/vergaberecht\/enquete-kommission-pandemie\/\" title=\"Aussage als Sachverst\u00e4ndiger vor der Enquete-Kommission \"Pandemie\" des S\u00e4chsischen Landtags durch Prof. Dr. Christian Ernst\" >\t<div class=\"article-listitem-datetime\">\t\t<time class=\"updated\" datetime=\"2026-02-05 14:22:58\"><\/time>\t\t<span class=\"article-month\">\t\t\t<time class=\"entry-date published\" datetime=\"2026-01-30 10:57:51\">Jan<\/time>\t\t<\/span>\t\t<span class=\"article-day\">\t\t\t<time class=\"entry-date published\" datetime=\"2026-01-30 10:57:51\">30<\/time>\t\t<\/span>\t\t<span class=\"article-datetime\">\t\t\t<time class=\"entry-date published\" datetime=\"2026-01-30 10:57:51\">2026<\/time>\t\t<\/span>\t<\/div><div class=\"hsu_category_article-content-wrap\"><div class=\"hsu_category_article-content-wrap-inner\"><div>\t<header class=\"entry-header\">\t\t<h3 class=\"entry-title\">Aussage als Sachverst\u00e4ndiger vor der Enquete-Kommission &#8222;Pandemie&#8220; des S\u00e4chsischen Landtags durch Prof. Dr. Christian Ernst\t\t<\/h3>\t<\/header><div class=\"entry-content-excerpt\">Prof. Dr. Christian Ernst hat vor der Enquete-Kommission des S\u00e4chsischen Landtags zur \u201eAufarbeitung der Corona Pandemie: Lehren f\u00fcr den zuk\u00fcnftigen Umgang mit Pandemien im Freistaat Sachsen\u201c als Sachverst\u00e4ndiger zu verfassungsrechtlichen Fragen ausgesagt. Neben den Fragen, welche Grundrechtseingriffe vorgelegen haben und wie die Rechtsprechung damit umgegangen ist lag der Fokus auf der Analyse der Verh\u00e4ltnism\u00e4\u00dfigkeitspr\u00fcfungen in&#8230;<\/div> <\/div><\/div><\/div><\/a><\/article><article  id=\"post-1563\" class=\"category-list-item post-1563 post type-post status-publish format-standard hentry \"><a href=\"https:\/\/www.hsu-hh.de\/vergaberecht\/dr-felix-lachmann-erhaelt-den-ing-preis\/\" title=\"Dr. Felix Lachmann erh\u00e4lt den ING-Preis\" >\t<div class=\"article-listitem-datetime\">\t\t<time class=\"updated\" datetime=\"2026-02-05 14:23:07\"><\/time>\t\t<span class=\"article-month\">\t\t\t<time class=\"entry-date published\" datetime=\"2025-11-27 09:46:27\">Nov<\/time>\t\t<\/span>\t\t<span class=\"article-day\">\t\t\t<time class=\"entry-date published\" datetime=\"2025-11-27 09:46:27\">27<\/time>\t\t<\/span>\t\t<span class=\"article-datetime\">\t\t\t<time class=\"entry-date published\" datetime=\"2025-11-27 09:46:27\">2025<\/time>\t\t<\/span>\t<\/div><div class=\"hsu_category_article-content-wrap\"><div class=\"hsu_category_article-content-wrap-inner\"><div>\t<header class=\"entry-header\">\t\t<h3 class=\"entry-title\">Dr. Felix Lachmann erh\u00e4lt den ING-Preis\t\t<\/h3>\t<\/header><div class=\"entry-content-excerpt\">F\u00fcr seine Dissertation zum Thema &#8222;Tierschutz trotz Wettbewerb. Ein Vorschlag f\u00fcr eine tierschutzrechtliche Konkurrentenklage&#8220; wurde der ehemalige wissenschaftliche Mitarbeiter Dr. Felix Lachmann mit dem ING-Preis von der Internationalen Gesellschaft f\u00fcr Nutztierhaltung f\u00fcr wissenschaftliche Arbeiten, die dem Tierwohl dienen, ausgezeichnet. Weitere Informationen zur Verleihung, der ING und dem ING-Preis stehen unter dem folgenden Link zur Verf\u00fcgung:&#8230;<\/div> <\/div><\/div><\/div><\/a><\/article><article  id=\"post-1508\" class=\"category-list-item post-1508 post type-post status-publish format-standard hentry \"><a href=\"https:\/\/www.hsu-hh.de\/vergaberecht\/maritime-sicherheit\/\" title=\"Tagung zu den rechtlichen Rahmenbedingungen maritimer Sicherheit\" >\t<div class=\"article-listitem-datetime\">\t\t<time class=\"updated\" datetime=\"2026-02-05 14:23:13\"><\/time>\t\t<span class=\"article-month\">\t\t\t<time class=\"entry-date published\" datetime=\"2025-11-04 10:55:00\">Nov<\/time>\t\t<\/span>\t\t<span class=\"article-day\">\t\t\t<time class=\"entry-date published\" datetime=\"2025-11-04 10:55:00\">04<\/time>\t\t<\/span>\t\t<span class=\"article-datetime\">\t\t\t<time class=\"entry-date published\" datetime=\"2025-11-04 10:55:00\">2025<\/time>\t\t<\/span>\t<\/div><div class=\"hsu_category_article-content-wrap\"><div class=\"hsu_category_article-content-wrap-inner\"><div>\t<header class=\"entry-header\">\t\t<h3 class=\"entry-title\">Tagung zu den rechtlichen Rahmenbedingungen maritimer Sicherheit\t\t<\/h3>\t<\/header><div class=\"entry-content-excerpt\">Am 21.11.2025 richten Prof. Dr. Christian Ernst und Prof. Dr. Katharina Reiling (Universit\u00e4t Konstanz) eine Tagung zu den rechtlichen Rahmenbedingungen maritimer Sicherheit an der Helmut-Schmidt-Universit\u00e4t \/ Universit\u00e4t der Bundeswehr Hamburg aus. Um den reibungslosen Zugang zum Campus zu erm\u00f6glichen, wird um eine Anmeldung bei Andrea Vorwerk unter vorwerka@hsu-hh.de gebeten.<\/div> <\/div><\/div><\/div><\/a><\/article><article  id=\"post-1556\" class=\"category-list-item post-1556 post type-post status-publish format-standard hentry \"><a href=\"https:\/\/www.hsu-hh.de\/vergaberecht\/8-jahre-nach-g20-podiumsdiskussion-zur-polizeikultur-mit-prof-dr-christian-ernst\/\" title=\"8 Jahre nach G20, Podiumsdiskussion zur Polizeikultur mit Prof. Dr. Christian Ernst\" >\t<div class=\"article-listitem-datetime\">\t\t<time class=\"updated\" datetime=\"2026-02-05 14:23:21\"><\/time>\t\t<span class=\"article-month\">\t\t\t<time class=\"entry-date published\" datetime=\"2025-11-03 12:07:46\">Nov<\/time>\t\t<\/span>\t\t<span class=\"article-day\">\t\t\t<time class=\"entry-date published\" datetime=\"2025-11-03 12:07:46\">03<\/time>\t\t<\/span>\t\t<span class=\"article-datetime\">\t\t\t<time class=\"entry-date published\" datetime=\"2025-11-03 12:07:46\">2025<\/time>\t\t<\/span>\t<\/div><div class=\"hsu_category_article-content-wrap\"><div class=\"hsu_category_article-content-wrap-inner\"><div>\t<header class=\"entry-header\">\t\t<h3 class=\"entry-title\">8 Jahre nach G20, Podiumsdiskussion zur Polizeikultur mit Prof. Dr. Christian Ernst\t\t<\/h3>\t<\/header><div class=\"entry-content-excerpt\">Prof. Dr. Christian Ernst nimmt am 10. November an der Universit\u00e4t Hamburg (Von-Melle-Park 5, Raum 0029) an einer Podiumsdiskussion \u00fcber die Polizeikultur im Kontext der G20-Ausschreitungen in Hamburg teil. Um 18:00 Uhr wird zun\u00e4chst der Film &#8222;Hamburger Gitter&#8220; gezeigt, bevor um 19:30 Uhr die Diskussion mit Prof. Dr. Rafael Behr, Christiane Schneider, S\u00f6ren Schumacher sowie&#8230;<\/div> <\/div><\/div><\/div><\/a><\/article><article  id=\"post-1554\" class=\"category-list-item post-1554 post type-post status-publish format-standard hentry \"><a href=\"https:\/\/www.hsu-hh.de\/vergaberecht\/tierschutz-trotz-wettbewerb-dissertation-von-dr-felix-lachmann\/\" title=\"Tierschutz trotz Wettbewerb, Dissertation von Dr. Felix Lachmann\" >\t<div class=\"article-listitem-datetime\">\t\t<time class=\"updated\" datetime=\"2025-11-04 12:14:36\"><\/time>\t\t<span class=\"article-month\">\t\t\t<time class=\"entry-date published\" datetime=\"2025-11-01 16:29:19\">Nov<\/time>\t\t<\/span>\t\t<span class=\"article-day\">\t\t\t<time class=\"entry-date published\" datetime=\"2025-11-01 16:29:19\">01<\/time>\t\t<\/span>\t\t<span class=\"article-datetime\">\t\t\t<time class=\"entry-date published\" datetime=\"2025-11-01 16:29:19\">2025<\/time>\t\t<\/span>\t<\/div><div class=\"hsu_category_article-content-wrap\"><div class=\"hsu_category_article-content-wrap-inner\"><div>\t<header class=\"entry-header\">\t\t<h3 class=\"entry-title\">Tierschutz trotz Wettbewerb, Dissertation von Dr. Felix Lachmann\t\t<\/h3>\t<\/header><div class=\"entry-content-excerpt\">Die Dissertation des ehemaligen wissenschaftlichen Mitarbeiters Dr. Felix Lachmann zum Thema &#8222;Tierschutz trotz Wettbewerb &#8211; Vorschlag f\u00fcr eine tierschutzrechtliche Konkurrentenklage&#8220; wurde im Verlag Duncker &amp; Humblot ver\u00f6ffentlicht. Sie wurde im Wintersemester 2025 an der Helmut-Schmidt-Universit\u00e4t \/ Universit\u00e4t der Bundeswehr Hamburg als Dissertation angenommen und unterbreitet den Vorschlag einer tierschutzrechtlichen Konkurrentenklage in \u00f6ffentlich-rechtlicher Ausgestaltung als Instrument&#8230;<\/div> <\/div><\/div><\/div><\/a><\/article><article  id=\"post-1548\" class=\"category-list-item post-1548 post type-post status-publish format-standard hentry \"><a href=\"https:\/\/www.hsu-hh.de\/vergaberecht\/mitarbeit-am-gesetzentwurf-rechte-der-spree-von-ennio-friedemann\/\" title=\"Mitarbeit am Gesetzentwurf \"Rechte der Spree\" von Ennio Friedemann\" >\t<div class=\"article-listitem-datetime\">\t\t<time class=\"updated\" datetime=\"2025-10-23 16:00:59\"><\/time>\t\t<span class=\"article-month\">\t\t\t<time class=\"entry-date published\" datetime=\"2025-10-09 15:46:55\">Okt<\/time>\t\t<\/span>\t\t<span class=\"article-day\">\t\t\t<time class=\"entry-date published\" datetime=\"2025-10-09 15:46:55\">09<\/time>\t\t<\/span>\t\t<span class=\"article-datetime\">\t\t\t<time class=\"entry-date published\" datetime=\"2025-10-09 15:46:55\">2025<\/time>\t\t<\/span>\t<\/div><div class=\"hsu_category_article-content-wrap\"><div class=\"hsu_category_article-content-wrap-inner\"><div>\t<header class=\"entry-header\">\t\t<h3 class=\"entry-title\">Mitarbeit am Gesetzentwurf &#8222;Rechte der Spree&#8220; von Ennio Friedemann\t\t<\/h3>\t<\/header><div class=\"entry-content-excerpt\">Ennio Friedemann hat am Gesetzentwurf &#8222;Rechte der Spree&#8220; vom GLI Green Legal Impact Germany e.V. mitgearbeitet. Dieser wird zurzeit im Humboldt Labor des Humboldt Forums ausgestellt und ist online unter dem folgenden Link, auch mit weiteren Informationen, abrufbar: https:\/\/greenlegal.eu\/publikation\/gesetzentwurf-rechte-der-spree\/.<\/div> <\/div><\/div><\/div><\/a><\/article><article  id=\"post-1506\" class=\"category-list-item post-1506 post type-post status-publish format-standard hentry \"><a href=\"https:\/\/www.hsu-hh.de\/vergaberecht\/neue-kommentierung-zu-%c2%a7-28-hinschg-im-beckogk-hinschg\/\" title=\"Neue Kommentierung zu \u00a7 28 HinSchG im BeckOGK HinSchG\" >\t<div class=\"article-listitem-datetime\">\t\t<time class=\"updated\" datetime=\"2025-09-17 11:36:40\"><\/time>\t\t<span class=\"article-month\">\t\t\t<time class=\"entry-date published\" datetime=\"2025-09-12 09:51:05\">Sep<\/time>\t\t<\/span>\t\t<span class=\"article-day\">\t\t\t<time class=\"entry-date published\" datetime=\"2025-09-12 09:51:05\">12<\/time>\t\t<\/span>\t\t<span class=\"article-datetime\">\t\t\t<time class=\"entry-date published\" datetime=\"2025-09-12 09:51:05\">2025<\/time>\t\t<\/span>\t<\/div><div class=\"hsu_category_article-content-wrap\"><div class=\"hsu_category_article-content-wrap-inner\"><div>\t<header class=\"entry-header\">\t\t<h3 class=\"entry-title\">Neue Kommentierung zu \u00a7 28 HinSchG im BeckOGK HinSchG\t\t<\/h3>\t<\/header><div class=\"entry-content-excerpt\">Prof. Dr. Christian Ernst kommentiert im BeckOGK HinSchG den \u00a7 28. Die Kommentierung ist im September 2025 ver\u00f6ffentlicht worden. Die Vorschrift befasst sich mit dem verwaltungsrechtlichen Verfahren, das f\u00fcr externe Meldestellen gilt.<\/div> <\/div><\/div><\/div><\/a><\/article><article  id=\"post-1482\" class=\"category-list-item post-1482 post type-post status-publish format-standard hentry \"><a href=\"https:\/\/www.hsu-hh.de\/vergaberecht\/neue-auflage-der-grundgesetz-kommentierung-des-von-muench-kunig\/\" title=\"Neue Auflage der Grundgesetz Kommentierung des von M\u00fcnch\/Kunig\" >\t<div class=\"article-listitem-datetime\">\t\t<time class=\"updated\" datetime=\"2025-09-17 11:18:03\"><\/time>\t\t<span class=\"article-month\">\t\t\t<time class=\"entry-date published\" datetime=\"2025-08-21 14:21:00\">Aug<\/time>\t\t<\/span>\t\t<span class=\"article-day\">\t\t\t<time class=\"entry-date published\" datetime=\"2025-08-21 14:21:00\">21<\/time>\t\t<\/span>\t\t<span class=\"article-datetime\">\t\t\t<time class=\"entry-date published\" datetime=\"2025-08-21 14:21:00\">2025<\/time>\t\t<\/span>\t<\/div><div class=\"hsu_category_article-content-wrap\"><div class=\"hsu_category_article-content-wrap-inner\"><div>\t<header class=\"entry-header\">\t\t<h3 class=\"entry-title\">Neue Auflage der Grundgesetz Kommentierung des von M\u00fcnch\/Kunig\t\t<\/h3>\t<\/header><div class=\"entry-content-excerpt\">Die 8. neubearbeitete Auflage des Grundgesetzkommentars von M\u00fcnch\/Kunig, herausgegeben von Prof. Dr. J\u00f6rn Axel K\u00e4mmerer und Prof. Dr. Markus Kotzur, ist am 21.08.2025 erschienen. Prof. Dr. Christian Ernst kommentiert u.a. Art. 8, Art. 19 III, IV und Art. 28.<\/div> <\/div><\/div><\/div><\/a><\/article><article  id=\"post-1480\" class=\"category-list-item post-1480 post type-post status-publish format-standard hentry \"><a href=\"https:\/\/www.hsu-hh.de\/vergaberecht\/handbuch-recht-der-streitkraefte\/\" title=\"Handbuch Recht der Streitkr\u00e4fte\" >\t<div class=\"article-listitem-datetime\">\t\t<time class=\"updated\" datetime=\"2025-09-17 11:17:23\"><\/time>\t\t<span class=\"article-month\">\t\t\t<time class=\"entry-date published\" datetime=\"2025-08-20 14:19:00\">Aug<\/time>\t\t<\/span>\t\t<span class=\"article-day\">\t\t\t<time class=\"entry-date published\" datetime=\"2025-08-20 14:19:00\">20<\/time>\t\t<\/span>\t\t<span class=\"article-datetime\">\t\t\t<time class=\"entry-date published\" datetime=\"2025-08-20 14:19:00\">2025<\/time>\t\t<\/span>\t<\/div><div class=\"hsu_category_article-content-wrap\"><div class=\"hsu_category_article-content-wrap-inner\"><div>\t<header class=\"entry-header\">\t\t<h3 class=\"entry-title\">Handbuch Recht der Streitkr\u00e4fte\t\t<\/h3>\t<\/header><div class=\"entry-content-excerpt\">Das neue Handbuch zum Recht der Streitkr\u00e4fte, herausgegeben von Prof. Dr. Sebastian Graf von Kielmansegg, Prof. Dr. J\u00f6rg Philipp Terhechte und Dr. Dieter Weing\u00e4rtner, ist am 20.08.2025 in erster Auflage erschienen. Es befasst sich umfassend mit s\u00e4mtlichen Facetten des Rechts der Streitkr\u00e4fte, \u00fcber das Wehrrecht, Wehrverfassungsrecht, Europarecht bis zum V\u00f6lkerrecht. Prof. Dr. Christian Ernst widmet&#8230;<\/div> <\/div><\/div><\/div><\/a><\/article><\/div><div class=\"clearfix\"><\/div><div class=\"col-xs-12 col-md-3 col-md-push-4\"><span class=\"link no-arrow\"><button class=\"gcategorymore hsu_btn\" id=\"D8qj97r9\"  data-catID=\"51\" data-postsPerPage=\"9\" data-order=\"DESC\" data-paged=\"2\" data-more_posts=\"1\" data-postexcerpt=\"1\" data-postmeta=\"1\" data-posttitle=\"1\" data-currentPostId=\"73\" data-uid=\"D8qj97r9\" data-ajax=\"true\" >Mehr Beitr\u00e4ge<\/button><\/span><\/div><div class=\"clearfix\"><\/div>","protected":false},"excerpt":{"rendered":"<p>Univ.-Prof. Dr. iur. Christian Ernst Herzlich Willkommen auf der Website der Professur f\u00fcr \u00d6ffentliches Recht, Wirtschaftsrecht (einschlie\u00dflich Vergaberecht) Aktuelles<\/p>\n","protected":false},"author":2764,"featured_media":0,"parent":0,"menu_order":0,"comment_status":"closed","ping_status":"closed","template":"","meta":{"footnotes":""},"categories":[35],"tags":[],"class_list":["post-73","page","type-page","status-publish","hentry","category-startseite"],"_links":{"self":[{"href":"https:\/\/www.hsu-hh.de\/vergaberecht\/wp-json\/wp\/v2\/pages\/73","targetHints":{"allow":["GET"]}}],"collection":[{"href":"https:\/\/www.hsu-hh.de\/vergaberecht\/wp-json\/wp\/v2\/pages"}],"about":[{"href":"https:\/\/www.hsu-hh.de\/vergaberecht\/wp-json\/wp\/v2\/types\/page"}],"author":[{"embeddable":true,"href":"https:\/\/www.hsu-hh.de\/vergaberecht\/wp-json\/wp\/v2\/users\/2764"}],"replies":[{"embeddable":true,"href":"https:\/\/www.hsu-hh.de\/vergaberecht\/wp-json\/wp\/v2\/comments?post=73"}],"version-history":[{"count":34,"href":"https:\/\/www.hsu-hh.de\/vergaberecht\/wp-json\/wp\/v2\/pages\/73\/revisions"}],"predecessor-version":[{"id":1524,"href":"https:\/\/www.hsu-hh.de\/vergaberecht\/wp-json\/wp\/v2\/pages\/73\/revisions\/1524"}],"wp:attachment":[{"href":"https:\/\/www.hsu-hh.de\/vergaberecht\/wp-json\/wp\/v2\/media?parent=73"}],"wp:term":[{"taxonomy":"category","embeddable":true,"href":"https:\/\/www.hsu-hh.de\/vergaberecht\/wp-json\/wp\/v2\/categories?post=73"},{"taxonomy":"post_tag","embeddable":true,"href":"https:\/\/www.hsu-hh.de\/vergaberecht\/wp-json\/wp\/v2\/tags?post=73"}],"curies":[{"name":"wp","href":"https:\/\/api.w.org\/{rel}","templated":true}]}}