{"id":236,"date":"2021-02-23T15:00:25","date_gmt":"2021-02-23T14:00:25","guid":{"rendered":"https:\/\/www.hsu-hh.de\/vergaberecht\/?page_id=236"},"modified":"2026-02-10T15:55:08","modified_gmt":"2026-02-10T14:55:08","slug":"lehre","status":"publish","type":"page","link":"https:\/\/www.hsu-hh.de\/vergaberecht\/lehre\/","title":{"rendered":"Lehre"},"content":{"rendered":"\n<h2 class=\"wp-block-heading\">Wintertrimester 2026<\/h2>\n\n\n\n<p><strong><span style=\"text-decoration: underline\">Vorlesungen:<\/span><\/strong><\/p>\n\n\n\n<p><strong>Verwaltungsrecht Allgemeiner Teil II (WS12J04)<\/strong><\/p>\n\n\n\n<p><a href=\"https:\/\/campus.hsu-hh.de\/qisserver\/rds?state=verpublish&amp;status=init&amp;vmfile=no&amp;publishid=92840&amp;moduleCall=webInfo&amp;publishConfFile=webInfo&amp;publishSubDir=veranstaltung\" rel='nofollow'>Veranstaltungsnummer: 23554<\/a><\/p>\n\n\n\n<p>Dozent: <abbr title=\"Professor\">Prof.<\/abbr> <abbr title=\"Doktor\">Dr.<\/abbr> Christian Ernst<\/p>\n\n\n\n<div style=\"height:18px\" aria-hidden=\"true\" class=\"wp-block-spacer\"><\/div>\n\n\n\n<p><strong>Grundz\u00fcge des Verfassungsrechts (WS12P16)<\/strong><\/p>\n\n\n\n<p><a href=\"https:\/\/campus.hsu-hh.de\/qisserver\/rds?state=verpublish&amp;status=init&amp;vmfile=no&amp;publishid=92689&amp;moduleCall=webInfo&amp;publishConfFile=webInfo&amp;publishSubDir=veranstaltung\" rel='nofollow'>Veranstaltungsnummer: 23229<\/a><\/p>\n\n\n\n<p>Dozent: <abbr title=\"Professor\">Prof.<\/abbr> <abbr title=\"Doktor\">Dr.<\/abbr> Christian Ernst<\/p>\n\n\n\n<hr class=\"wp-block-separator has-alpha-channel-opacity\" \/>\n\n\n\n<p><strong><span style=\"text-decoration: underline\">\u00dcbungen:<\/span><\/strong><\/p>\n\n\n\n<p><strong>\u00dcbung Verwaltungsrecht Allgemeiner Teil II (WS12J04)<\/strong><\/p>\n\n\n\n<p><a href=\"https:\/\/campus.hsu-hh.de\/qisserver\/rds?state=verpublish&amp;status=init&amp;vmfile=no&amp;publishid=92841&amp;moduleCall=webInfo&amp;publishConfFile=webInfo&amp;publishSubDir=veranstaltung\" rel='nofollow'>Gruppe 1: Veranstaltungsnummer: 23555<\/a>; Dozentin: Wiss. Mit. Lena Hinrichs<\/p>\n\n\n\n<p><a href=\"https:\/\/campus.hsu-hh.de\/qisserver\/rds?state=verpublish&amp;status=init&amp;vmfile=no&amp;publishid=92889&amp;moduleCall=webInfo&amp;publishConfFile=webInfo&amp;publishSubDir=veranstaltung\" rel='nofollow'>Gruppe 2: Veranstaltungsnummer: 23556<\/a>; Dozent: Wiss. Mit. Torben Wassermann<\/p>\n\n\n\n<p><strong>\u00dcbung Grundz\u00fcge des Verfassungsrechts (WS12P16)<\/strong><\/p>\n\n\n\n<p><a href=\"https:\/\/campus.hsu-hh.de\/qisserver\/rds?state=verpublish&amp;status=init&amp;vmfile=no&amp;publishid=92781&amp;moduleCall=webInfo&amp;publishConfFile=webInfo&amp;publishSubDir=veranstaltung\" rel='nofollow'>Veranstaltungsnummer: 23230<\/a>; Dozentin: Wiss. Mit. Sarah Timmann<\/p>\n\n\n\n<hr class=\"wp-block-separator has-alpha-channel-opacity\" \/>\n\n\n\n<div style=\"height:18px\" aria-hidden=\"true\" class=\"wp-block-spacer\"><\/div>\n\n\n\n<div class=\"wp-block-columns is-layout-flex wp-container-core-columns-is-layout-9d6595d7 wp-block-columns-is-layout-flex\"><\/div>\n\n\n\n<p style=\"font-size:30px\"><strong>Archiv<\/strong><\/p>\n\n\n\n<div style=\"height:20px\" aria-hidden=\"true\" class=\"wp-block-spacer\"><\/div>\n\n\n<div id=\"category_content_CYDBl8Lu\" class=\"hsu_category archive-page\"><article  id=\"post-1601\" class=\"category-list-item post-1601 post type-post status-publish format-standard hentry \"><a href=\"https:\/\/www.hsu-hh.de\/vergaberecht\/herbsttrimester-2025\/\" title=\"Herbsttrimester 2025\" ><div class=\"hsu_category_article-content-wrap\"><div class=\"hsu_category_article-content-wrap-inner\"><div>\t<header class=\"entry-header\">\t\t<h3 class=\"entry-title\">Herbsttrimester 2025\t\t<\/h3>\t<\/header><div class=\"entry-content-excerpt\">Vorlesungen: Verwaltungsrecht Allgemeiner Teil I (WS12J04) Veranstaltungsnummer: 23441 | ILIAS Dozent: Prof. Dr. Christian Ernst Grundz\u00fcge des Staats- und Verfassungsrechts (Teil I des zweitrimestrigen Moduls ISA 00530) Veranstaltungsnummer: 97427 | ILIAS Dozent: Prof. Dr. Christian Ernst \u00dcbungen: \u00dcbung Verwaltungsrecht Allgemeiner Teil I (WS12J04) Gruppe 1: Veranstaltungsnummer: 23442; Dozent: Wiss. Mit. Nicklas Homuth Gruppe 2: Veranstaltungsnummer:&#8230;<\/div> <\/div><\/div><\/div><\/a><\/article><article  id=\"post-1485\" class=\"category-list-item post-1485 post type-post status-publish format-standard hentry \"><a href=\"https:\/\/www.hsu-hh.de\/vergaberecht\/fruehjahrstrimester-2025\/\" title=\"Fr\u00fchjahrstrimester 2025\" ><div class=\"hsu_category_article-content-wrap\"><div class=\"hsu_category_article-content-wrap-inner\"><div>\t<header class=\"entry-header\">\t\t<h3 class=\"entry-title\">Fr\u00fchjahrstrimester 2025\t\t<\/h3>\t<\/header><div class=\"entry-content-excerpt\"><\/div> <\/div><\/div><\/div><\/a><\/article><article  id=\"post-1393\" class=\"category-list-item post-1393 post type-post status-publish format-standard hentry \"><a href=\"https:\/\/www.hsu-hh.de\/vergaberecht\/wintertrimester-2025\/\" title=\"Wintertrimester 2025\" ><div class=\"hsu_category_article-content-wrap\"><div class=\"hsu_category_article-content-wrap-inner\"><div>\t<header class=\"entry-header\">\t\t<h3 class=\"entry-title\">Wintertrimester 2025\t\t<\/h3>\t<\/header><div class=\"entry-content-excerpt\"><\/div> <\/div><\/div><\/div><\/a><\/article><\/div><div class=\"clearfix\"><\/div><div class=\"col-xs-12 col-md-3 col-md-push-4\"><span class=\"link no-arrow\"><button class=\"gcategorymore hsu_btn\" id=\"CYDBl8Lu\"  data-catID=\"53\" data-postsPerPage=\"3\" data-order=\"DESC\" data-paged=\"2\" data-more_posts=\"1\" data-postexcerpt=\"1\" data-postcontent=\"1\" data-posttitle=\"1\" data-currentPostId=\"236\" data-uid=\"CYDBl8Lu\" data-ajax=\"true\" >Mehr Beitr\u00e4ge<\/button><\/span><\/div><div class=\"clearfix\"><\/div>","protected":false},"excerpt":{"rendered":"<p>Wintertrimester 2026 Vorlesungen: Verwaltungsrecht Allgemeiner Teil II (WS12J04) Veranstaltungsnummer: 23554 Dozent: Prof. Dr. Christian Ernst Grundz\u00fcge des Verfassungsrechts (WS12P16) Veranstaltungsnummer: 23229 Dozent: Prof. Dr. Christian Ernst \u00dcbungen: \u00dcbung Verwaltungsrecht Allgemeiner [&hellip;]<\/p>\n","protected":false},"author":2764,"featured_media":0,"parent":0,"menu_order":0,"comment_status":"closed","ping_status":"closed","template":"","meta":{"footnotes":""},"categories":[6],"tags":[],"class_list":["post-236","page","type-page","status-publish","hentry","category-lehre"],"_links":{"self":[{"href":"https:\/\/www.hsu-hh.de\/vergaberecht\/wp-json\/wp\/v2\/pages\/236","targetHints":{"allow":["GET"]}}],"collection":[{"href":"https:\/\/www.hsu-hh.de\/vergaberecht\/wp-json\/wp\/v2\/pages"}],"about":[{"href":"https:\/\/www.hsu-hh.de\/vergaberecht\/wp-json\/wp\/v2\/types\/page"}],"author":[{"embeddable":true,"href":"https:\/\/www.hsu-hh.de\/vergaberecht\/wp-json\/wp\/v2\/users\/2764"}],"replies":[{"embeddable":true,"href":"https:\/\/www.hsu-hh.de\/vergaberecht\/wp-json\/wp\/v2\/comments?post=236"}],"version-history":[{"count":100,"href":"https:\/\/www.hsu-hh.de\/vergaberecht\/wp-json\/wp\/v2\/pages\/236\/revisions"}],"predecessor-version":[{"id":1606,"href":"https:\/\/www.hsu-hh.de\/vergaberecht\/wp-json\/wp\/v2\/pages\/236\/revisions\/1606"}],"wp:attachment":[{"href":"https:\/\/www.hsu-hh.de\/vergaberecht\/wp-json\/wp\/v2\/media?parent=236"}],"wp:term":[{"taxonomy":"category","embeddable":true,"href":"https:\/\/www.hsu-hh.de\/vergaberecht\/wp-json\/wp\/v2\/categories?post=236"},{"taxonomy":"post_tag","embeddable":true,"href":"https:\/\/www.hsu-hh.de\/vergaberecht\/wp-json\/wp\/v2\/tags?post=236"}],"curies":[{"name":"wp","href":"https:\/\/api.w.org\/{rel}","templated":true}]}}