{"id":153,"date":"2017-11-08T17:17:26","date_gmt":"2017-11-08T16:17:26","guid":{"rendered":"https:\/\/www.hsu-hh.de\/tim\/?page_id=153"},"modified":"2020-07-07T11:44:17","modified_gmt":"2020-07-07T09:44:17","slug":"schulte","status":"publish","type":"page","link":"https:\/\/www.hsu-hh.de\/tim\/team\/schulte","title":{"rendered":"Dr. Benjamin Schulte"},"content":{"rendered":"<p><img loading=\"lazy\" decoding=\"async\" class=\"wp-image-1096 size-medium alignleft\" src=\"https:\/\/www.hsu-hh.de\/tim\/wp-content\/uploads\/sites\/563\/2019\/03\/Benno_color_head-1-229x300.jpg\" alt=\"\" width=\"229\" height=\"300\" srcset=\"https:\/\/www.hsu-hh.de\/tim\/wp-content\/uploads\/sites\/563\/2019\/03\/Benno_color_head-1-229x300.jpg 229w, https:\/\/www.hsu-hh.de\/tim\/wp-content\/uploads\/sites\/563\/2019\/03\/Benno_color_head-1-768x1008.jpg 768w, https:\/\/www.hsu-hh.de\/tim\/wp-content\/uploads\/sites\/563\/2019\/03\/Benno_color_head-1-780x1024.jpg 780w\" sizes=\"auto, (max-width: 229px) 100vw, 229px\" \/><\/p>\n<p>&nbsp;<\/p>\n<p><strong>Postanschrift:<br \/>\n<\/strong><br \/>\nHelmut-Schmidt-Universit\u00e4t &#8211; Universit\u00e4t der Bundeswehr Hamburg<br \/>\nProfessur f\u00fcr Betriebswirtschaftslehre, insbesondere Technologie- und Innovationsmanagement<br \/>\nHolstenhofweg 85<br \/>\n22043 Hamburg<\/p>\n<p><strong>Raum:<\/strong>2223<br \/>\n<strong>Telefon: <\/strong>040 \/ 6541-3103<br \/>\n<strong>E-Mail: <\/strong><a href=\"mailto:schulte@hsu-hh.de\" rel='nofollow'>schulte@hsu-hh.de<br \/>\n<\/a><strong>Sprechstunde: <\/strong>nach Vereinbarung<\/p>\n<p>&nbsp;<\/p>\n<p>&nbsp;<\/p>\n<p><strong>Forschungsinteressen:<\/strong><\/p>\n<p>My primary research area lies at the intersection between organization and management theory and strategic management as I am particularly interested in how complex organizations can adapt to dynamic and uncertain environments. My focus herein is to explore the processes and dynamics of self-organized activities in an organization&#8217;s communities or networks and how they facilitate organizational adaptability from the bottom-up. I am also interested in studying leadership, strategy making, and cultural factors that shape organizational members&#8216; practices. To that end, I mostly employ qualitative methods and practice as well as process theories to explore the activities of leadership, dynamic capability evolution, and ambidextrous behaviors.<\/p>\n<p>&nbsp;<\/p>\n<p><strong>Zeitschriftenaufs\u00e4tze<\/strong><\/p>\n<p>Schulte, B., Andresen, F., Koller, H. (2020). Exploring the Embeddedness of an Informal Community of Practice Within a Formal Organizational Context: A Case Study in the German Military. <a href=\"https:\/\/journals.sagepub.com\/doi\/full\/10.1177\/1548051819833382\" rel='nofollow'>Journal of Leadership and Organizational Studies 27(2)<\/a>, 153-179.<\/p>\n<p>Andresen, F., Schulte, B., Koller, H. (2020). Foresight-as-Emergence: An Integrative Framework of Strategic Foresight Based on Complexity and Practice Theory. <a href=\"https:\/\/journals.sagepub.com\/doi\/full\/10.1177\/1548051819833382\" rel='nofollow'>IEEE Transactions on Engineering Management<\/a> (online first).<\/p>\n<p>&nbsp;<\/p>\n<p><strong>Buchkapitel<\/strong><\/p>\n<p>Koller H., <strong>Schulte B.<\/strong>, Andresen F., Kreuzmann A. (2020). <a href=\"https:\/\/doi.org\/10.1007\/978-3-658-27241-8_10\" rel='nofollow'>Communities of practice as collective lead users.<\/a> In: Tiwari R., Buse S. (eds) Managing Innovation in a Global and Digital World. Springer Gabler, Wiesbaden<\/p>\n<p>&nbsp;<\/p>\n<p><strong>Konferenzbeitr\u00e4ge:<\/strong><\/p>\n<h3>2020<\/h3>\n<p>Schulte, B., Andresen, F., Koller, H. Not lost in cultural translation: Exploring the translocal dynamics of communities of practice. Accepted at the European Group for Organizational Studies Colloqium, Hamburg, Germany, July 2020. (Subtheme was canceled due to COVID-19).<\/p>\n<h3>2019<\/h3>\n<p>Andresen, F., Schulte, B., &amp; Koller, H. Capability Evolution in the Armed Forces: Agents, Practices, and Processes of Dynamic Capabilities. Presented at the 79th Annual Meeting of the Academy of Management, Boston, MA, USA, 8-12. August 2019.<\/p>\n<p>Andresen, F., Schulte, B., &amp; Koller, H. Overcoming the Capability Rigidity Paradox: The Case of Dynamic Capabilities within the German Armed Forces. Presented at the Strategic Management Society Special Conference, Frankfurt, 2019.<\/p>\n<h3>2017<\/h3>\n<p>Schulte, B., Andresen, F., &amp; Koller, H. (2017). Culture in the Making: The Cultural Conjunction between Communities and a hierarchical Organization. Presented at the 77th Annual Meeting of the Academy of Management, Atlanta, GA, USA, August 2017.<\/p>\n<p>Andresen, F., Schulte, B., Fischer, T., Koller, H. (2017). Localizing Dynamic Capabilities Within Self-organized Communities of Practice: A Meta-Synthesis. Presented at the Strategic Management Society Special Conference, Banff, Canada, June 2017.<\/p>\n<h3>2016<\/h3>\n<p>Schulte, B., Koller, H., Andresen, F., &amp; Kreutzmann, A. (2016). Guided by the Light: The Conjunction between Communities of Practice and their host Organization &#8211; A cultural Perspective. Proceedings of the 16th European Academy of Management Annual Conference, Paris, France, 1.-4. June 2016. ISSN 2466-7498.<br \/>\nSchulte, B., Koller, H., Andresen, F., &amp; Kreutzmann, A. (2016). The Conjunction between Communities of Practice and their host Organization &#8211; A cultural Perspective. Presented at the 76th Annual Meeting of the Academy of Management, Anaheim, CA, USA, 5.-9. August 2016.<br \/>\nSchulte, B., Koller, H., Andresen, F., &amp; Kreutzmann, A. (2016). How to Manage the Unmanageable? Leadership in Coping with Communities of Practice. Proceedings of the 17th European Conference on Knowledge Management, Belfast, UK, 01.-02. September 2016. <abbr title=\"International Standard Book Number\">ISBN<\/abbr>\u00a0978-1-911218-02-9.<br \/>\nSchulte, B., Koller, H., Andresen, F., &amp; Kreutzmann, A. (2016). How to manage the unmanageable? Leadership in Coping with Communities of Practice. Presented at the 14th Open User Innovation Conference (OUI), Boston, MA, USA, 1.- 3. August 2016.<br \/>\nAndresen, F., Schulte, B., Koller, H., &amp; Kreutzmann, A. (2016): The Informal Machine of the Company: Communities of Practice as a Self-organized Source of Flexible Adaptation. Presented at the 32th European Group for Organizational Studies Colloqium, Naples, Italy, 07.-09. July 2016.<br \/>\nAndresen, F., Koller, H., Kreutzmann, A., &amp; Schulte, B. (2016): Making Sense of the Informal: Conceptualization of a Model of Self-organizing Structure and Culture Creation within Communities of Practice. Proceedings of the 16th European Academy of Management Annual Conference, Paris, France, 01.-04. June 2016.<br \/>\nAndresen, F., Koller, H., Kreutzmann, A., &amp; Schulte, B. (2016): Modeling of Self-organized Structure and Culture Creation within Communities of Practice. Presented at the 76th Annual Meeting of the Academy of Management Conference, Anaheim, USA, 05.-09. August 2016.<br \/>\nAndresen, F., Koller, H., Kreutzmann, A., &amp; Schulte, B. (2016): Understanding Core Principles of Communities: Shared Mental Models and Transactive Memory Systems as Preconditions for Self-organized Coordination. Presented at 14th Open and User Innovation Conference, Boston, USA, 01.-03. August 2016.<br \/>\nAndresen, F., Koller, H., Kreutzmann, A., &amp; Schulte, B. (2016): Self-Organized Knowledge Creation: Communities of Practice as Manifestations of Dynamic Capabilities.\u00a0Proceedings of the 17th European Conference on Knowledge Management, Belfast, UK, 01.-02. September 2016. <abbr title=\"International Standard Book Number\">ISBN<\/abbr>\u00a0978-1-911218-02-9.<br \/>\nKreutzmann, A., Koller, H., Andresen, F., &amp; Schulte, B. (2016): Communities of Practice &#8211; Vibrant Sources of Innovative Knowledge? Proceedings of the 23rd Innovation and Product Development Management Conference, Glasgow, UK June 12.-14., 2016. ISSN 1998-7374.<br \/>\nKreutzmann, A., Koller, H., Andresen, F., &amp; Schulte, B. (2016):\u00a0Communities of Practice: Enabler of Organizational Knowledge Creation?\u00a0Proceedings of the 17th European Conference on Knowledge Management, Belfast, UK, 01.-02. September 2016. <abbr title=\"International Standard Book Number\">ISBN<\/abbr>\u00a0978-1-911218-02-9.<br \/>\nKreutzmann, A., Koller, H., Andresen, F., &amp; Schulte, B. (2016): Communities of Practice as an Enhancement of Dynamic Capabilities.\u00a0Proceedings of the 16th European Academy of Management Annual Conference, Paris, France, 01.-04. June 2016. ISSN 2466-7498.<br \/>\nKreutzmann, A., Koller, H., Andresen, F., &amp; Schulte, B. (2016): Communities of Practice as Loci of Unrecognized Lead Users. Presented at 14th Open and User Innovation Conference, Boston, USA, 01.-03. August 2016.<\/p>\n<p>&nbsp;<\/p>\n","protected":false},"excerpt":{"rendered":"<p>&nbsp; Postanschrift: Helmut-Schmidt-Universit\u00e4t &#8211; Universit\u00e4t der Bundeswehr Hamburg Professur f\u00fcr Betriebswirtschaftslehre, insbesondere Technologie- und Innovationsmanagement Holstenhofweg 85 22043 Hamburg Raum:2223 Telefon: 040 \/ 6541-3103 E-Mail: schulte@hsu-hh.de Sprechstunde: nach Vereinbarung &nbsp; [&hellip;]<\/p>\n","protected":false},"author":165,"featured_media":0,"parent":132,"menu_order":0,"comment_status":"closed","ping_status":"closed","template":"","meta":{"footnotes":""},"categories":[8],"tags":[43,45],"class_list":["post-153","page","type-page","status-publish","hentry","category-team","tag-team","tag-wissenschaftliche-mitarbeiter"],"_links":{"self":[{"href":"https:\/\/www.hsu-hh.de\/tim\/wp-json\/wp\/v2\/pages\/153","targetHints":{"allow":["GET"]}}],"collection":[{"href":"https:\/\/www.hsu-hh.de\/tim\/wp-json\/wp\/v2\/pages"}],"about":[{"href":"https:\/\/www.hsu-hh.de\/tim\/wp-json\/wp\/v2\/types\/page"}],"author":[{"embeddable":true,"href":"https:\/\/www.hsu-hh.de\/tim\/wp-json\/wp\/v2\/users\/165"}],"replies":[{"embeddable":true,"href":"https:\/\/www.hsu-hh.de\/tim\/wp-json\/wp\/v2\/comments?post=153"}],"version-history":[{"count":23,"href":"https:\/\/www.hsu-hh.de\/tim\/wp-json\/wp\/v2\/pages\/153\/revisions"}],"predecessor-version":[{"id":1269,"href":"https:\/\/www.hsu-hh.de\/tim\/wp-json\/wp\/v2\/pages\/153\/revisions\/1269"}],"up":[{"embeddable":true,"href":"https:\/\/www.hsu-hh.de\/tim\/wp-json\/wp\/v2\/pages\/132"}],"wp:attachment":[{"href":"https:\/\/www.hsu-hh.de\/tim\/wp-json\/wp\/v2\/media?parent=153"}],"wp:term":[{"taxonomy":"category","embeddable":true,"href":"https:\/\/www.hsu-hh.de\/tim\/wp-json\/wp\/v2\/categories?post=153"},{"taxonomy":"post_tag","embeddable":true,"href":"https:\/\/www.hsu-hh.de\/tim\/wp-json\/wp\/v2\/tags?post=153"}],"curies":[{"name":"wp","href":"https:\/\/api.w.org\/{rel}","templated":true}]}}