{"id":3734,"date":"2021-05-10T11:48:55","date_gmt":"2021-05-10T09:48:55","guid":{"rendered":"https:\/\/www.hsu-hh.de\/thermodynamik\/?page_id=3734"},"modified":"2021-05-10T12:17:04","modified_gmt":"2021-05-10T10:17:04","slug":"statistische-thermodynamik","status":"publish","type":"page","link":"https:\/\/www.hsu-hh.de\/thermodynamik\/statistische-thermodynamik","title":{"rendered":"Statistische Thermodynamik"},"content":{"rendered":"\n<h3 class=\"wp-block-heading\">Statistische Thermodynamik<\/h3>\n\n\n\n<p><strong>1. Einf\u00fchrung<\/strong><\/p>\n\n\n\n<p><strong>2. Grundlagen der statistischen Thermodynamik<\/strong><\/p>\n\n\n\n<p>2.1 Statische Ensembles und die Postulate der statistischen Thermodynamik<br>2.2 Der Phasenraum<br>2.3 Das mikrokanonische Ensemble<br>2.4 Das kanonische Ensemble<br>2.5 Weitere Ensembles<\/p>\n\n\n\n<p><strong>3. Berechnung der W\u00e4rmekapazit\u00e4ten und anderer Zustandsgr\u00f6\u00dfen idealer Gase<\/strong><\/p>\n\n\n\n<p>3.1 Prinzipien der Quantenmechanik und die Schr\u00f6dinger-Gleichung<br>3.2 L\u00f6sungen der Schr\u00f6dinger-Gleichung f\u00fcr Translationsbewegung, Rotationsbewegung und Schwingungen<br>3.3 Der Gleichverteilungssatz<br>3.4 Die W\u00e4rmekapazit\u00e4t und andere Zustandsgr\u00f6\u00dfen idealer Gase<\/p>\n\n\n\n<p><strong>4. Zwischenmolekulare Kr\u00e4fte<\/strong><\/p>\n\n\n\n<p>4.1 Klassifizierung und Beschreibung zwischenmolekularer Kr\u00e4fte<br>4.2 Einfache Modelle fur zwischenmolekulare Kr\u00e4fte<br>4.3 Die Virialzustandsgleichung<\/p>\n\n\n\n<p><strong>5. Monte Carlo Simulation und Molekulardynamik zur Berechnung von Zustandsgr\u00f6\u00dfen<\/strong><\/p>\n\n\n\n<p>5.1 Grundlagen molekularer Simulationen<br>5.2 Monte Carlo Simulation im kanonischen Ensemble<br>5.3 Algorithmen f\u00fcr andere Ensembles<br>5.4 Molekulardynamik im mikrokanonischen Ensemble<br>5.5 Algorithmen f\u00fcr andere Ensembles<br>5.6 Simulation von Phasengleichgewichten<\/p>\n\n\n\n<p><strong>6. Transportgr\u00f6\u00dfen<\/strong><\/p>\n\n\n\n<p>6.1 Grundlagen der kinetischen Gastheorie<br>6.2 Berechnung von Transportgr\u00f6\u00dfen im Grenzfall des verd\u00fcnnten Gases mit der kinetischen Gastheorie<br>6.3 Berechnung von Transportgr\u00f6\u00dfen in molekulardynamischen Simulationen<\/p>\n","protected":false},"excerpt":{"rendered":"<p>Statistische Thermodynamik 1. Einf\u00fchrung 2. Grundlagen der statistischen Thermodynamik 2.1 Statische Ensembles und die Postulate der statistischen Thermodynamik2.2 Der Phasenraum2.3 Das mikrokanonische Ensemble2.4 Das kanonische Ensemble2.5 Weitere Ensembles 3. Berechnung [&hellip;]<\/p>\n","protected":false},"author":53,"featured_media":0,"parent":0,"menu_order":0,"comment_status":"closed","ping_status":"closed","template":"","meta":{"footnotes":""},"categories":[6],"tags":[],"class_list":["post-3734","page","type-page","status-publish","hentry","category-studium"],"_links":{"self":[{"href":"https:\/\/www.hsu-hh.de\/thermodynamik\/wp-json\/wp\/v2\/pages\/3734","targetHints":{"allow":["GET"]}}],"collection":[{"href":"https:\/\/www.hsu-hh.de\/thermodynamik\/wp-json\/wp\/v2\/pages"}],"about":[{"href":"https:\/\/www.hsu-hh.de\/thermodynamik\/wp-json\/wp\/v2\/types\/page"}],"author":[{"embeddable":true,"href":"https:\/\/www.hsu-hh.de\/thermodynamik\/wp-json\/wp\/v2\/users\/53"}],"replies":[{"embeddable":true,"href":"https:\/\/www.hsu-hh.de\/thermodynamik\/wp-json\/wp\/v2\/comments?post=3734"}],"version-history":[{"count":1,"href":"https:\/\/www.hsu-hh.de\/thermodynamik\/wp-json\/wp\/v2\/pages\/3734\/revisions"}],"predecessor-version":[{"id":3735,"href":"https:\/\/www.hsu-hh.de\/thermodynamik\/wp-json\/wp\/v2\/pages\/3734\/revisions\/3735"}],"wp:attachment":[{"href":"https:\/\/www.hsu-hh.de\/thermodynamik\/wp-json\/wp\/v2\/media?parent=3734"}],"wp:term":[{"taxonomy":"category","embeddable":true,"href":"https:\/\/www.hsu-hh.de\/thermodynamik\/wp-json\/wp\/v2\/categories?post=3734"},{"taxonomy":"post_tag","embeddable":true,"href":"https:\/\/www.hsu-hh.de\/thermodynamik\/wp-json\/wp\/v2\/tags?post=3734"}],"curies":[{"name":"wp","href":"https:\/\/api.w.org\/{rel}","templated":true}]}}