{"id":275,"date":"2017-09-06T10:03:27","date_gmt":"2017-09-06T08:03:27","guid":{"rendered":"https:\/\/www.hsu-hh.de\/thermodynamik\/?page_id=275"},"modified":"2021-06-03T10:42:53","modified_gmt":"2021-06-03T08:42:53","slug":"aufbau-und-betrieb-eines-schwingdrahtviskosimeters-mit-simultaner-dichtemessung-fuer-gase","status":"publish","type":"page","link":"https:\/\/www.hsu-hh.de\/thermodynamik\/aufbau-und-betrieb-eines-schwingdrahtviskosimeters-mit-simultaner-dichtemessung-fuer-gase","title":{"rendered":"Aufbau und Betrieb eines Schwingdrahtviskosimeters mit simultaner Dichtemessung f\u00fcr Gase"},"content":{"rendered":"<p>(M.Sc. Ulrike Kochan-Eilers)<\/p>\n<p>An der Professur f\u00fcr Thermodynamik wird derzeit ein Schwingdrahtviskosimeter mit kombinierter Dichtemessung zur Bestimmung der Viskosit\u00e4t und Dichte von reinen Gasen und Gasgemischen wieder aufgebaut. Das Viskosimeter wurde urspr\u00fcnglich in der Arbeitsgruppe von E. Vogel an der Universit\u00e4t Rostock entwickelt und dort \u00fcber viele Jahre f\u00fcr Messungen an reinen Gasen eingesetzt.<br \/>\nZur Messung der Viskosit\u00e4t dient ein in Schwingungen versetzter d\u00fcnner Draht, aus dessen Resonanzfrequenz und D\u00e4mpfung die Viskosit\u00e4t des umgebenden Gases bestimmt werden kann. Die Dichtemessung erfolgt mit einem Ein-Senkk\u00f6rper-Verfahren nach dem Auftriebsprinzip von Archimedes, wobei eine Magnetschwebewaage der Firma Rubotherm aus Bochum eingesetzt wird. Das Instrument deckt den Temperaturbereich zwischen 273 K und 473 K unter Dr\u00fccken von bis zu 30 MPa ab. Die bisher in Rostock erreichten Messunsicherheiten belaufen sich auf 0,25 \u2013 0,3 {3728c0ddcf5026c65bc0b4e995c837d09025c3e7fa253cea254631dfe46bf841} f\u00fcr die Viskosit\u00e4t und 0,1 {3728c0ddcf5026c65bc0b4e995c837d09025c3e7fa253cea254631dfe46bf841} oder besser f\u00fcr die Dichte.<br \/>\nLiteratur:<\/p>\n<p>S. Herrmann, E. Hassel und E. Vogel: Viscosity and density of isobutane measured in wide ranges of temperature and pressure including the near-critical region. AIChE Journal 61, 3116-3137, 2015.<\/p>\n","protected":false},"excerpt":{"rendered":"<p>(M.Sc. Ulrike Kochan-Eilers) An der Professur f\u00fcr Thermodynamik wird derzeit ein Schwingdrahtviskosimeter mit kombinierter Dichtemessung zur Bestimmung der Viskosit\u00e4t und Dichte von reinen Gasen und Gasgemischen wieder aufgebaut. Das Viskosimeter [&hellip;]<\/p>\n","protected":false},"author":53,"featured_media":0,"parent":0,"menu_order":0,"comment_status":"closed","ping_status":"closed","template":"","meta":{"footnotes":""},"categories":[57],"tags":[],"class_list":["post-275","page","type-page","status-publish","hentry","category-versuchsstand"],"_links":{"self":[{"href":"https:\/\/www.hsu-hh.de\/thermodynamik\/wp-json\/wp\/v2\/pages\/275","targetHints":{"allow":["GET"]}}],"collection":[{"href":"https:\/\/www.hsu-hh.de\/thermodynamik\/wp-json\/wp\/v2\/pages"}],"about":[{"href":"https:\/\/www.hsu-hh.de\/thermodynamik\/wp-json\/wp\/v2\/types\/page"}],"author":[{"embeddable":true,"href":"https:\/\/www.hsu-hh.de\/thermodynamik\/wp-json\/wp\/v2\/users\/53"}],"replies":[{"embeddable":true,"href":"https:\/\/www.hsu-hh.de\/thermodynamik\/wp-json\/wp\/v2\/comments?post=275"}],"version-history":[{"count":5,"href":"https:\/\/www.hsu-hh.de\/thermodynamik\/wp-json\/wp\/v2\/pages\/275\/revisions"}],"predecessor-version":[{"id":4061,"href":"https:\/\/www.hsu-hh.de\/thermodynamik\/wp-json\/wp\/v2\/pages\/275\/revisions\/4061"}],"wp:attachment":[{"href":"https:\/\/www.hsu-hh.de\/thermodynamik\/wp-json\/wp\/v2\/media?parent=275"}],"wp:term":[{"taxonomy":"category","embeddable":true,"href":"https:\/\/www.hsu-hh.de\/thermodynamik\/wp-json\/wp\/v2\/categories?post=275"},{"taxonomy":"post_tag","embeddable":true,"href":"https:\/\/www.hsu-hh.de\/thermodynamik\/wp-json\/wp\/v2\/tags?post=275"}],"curies":[{"name":"wp","href":"https:\/\/api.w.org\/{rel}","templated":true}]}}