{"id":2722,"date":"2019-04-17T09:56:34","date_gmt":"2019-04-17T07:56:34","guid":{"rendered":"https:\/\/www.hsu-hh.de\/thermodynamik\/?page_id=2722"},"modified":"2020-02-03T12:18:28","modified_gmt":"2020-02-03T11:18:28","slug":"startseite-2","status":"publish","type":"page","link":"https:\/\/www.hsu-hh.de\/thermodynamik\/startseite-2","title":{"rendered":"Professur f\u00fcr Thermodynamik"},"content":{"rendered":"<p>Die Professur f\u00fcr Thermodynamik vertritt die Thermodynamik und W\u00e4rme\u00fcbertragung im Bachelor- und Masterstudium. Im Vertiefungsstudium werden die Vorlesung &#8222;Thermodynamik der Gemische&#8220; und Vertiefungslabore zur Schallgeschwindigkeits- und Phasengleichgewichtsmessung angeboten.<\/p>\n<p>In der Forschung wird auf den Gebieten der Thermodynamik, der experimentellen Bestimmung und Modellierung thermophysikalischer Stoffgr\u00f6\u00dfen und\u00a0W\u00e4rme- und Stoff\u00fcbertragung gearbeitet. F\u00fcr experimentelle Projekte steht das Labor Thermodynamik zur Verf\u00fcgung.<\/p>\n<p>Zur Laborausstattung geh\u00f6ren eine Apparatur f\u00fcr Pr\u00e4zisionsmessungen der Schallgeschwindigkeit in Fluiden unter hohem Druck, ein Biegeschwinger zur Bestimmung von Fl\u00fcssigkeitsdichten, ein Gaschromatograph, ein Windkanal f\u00fcr W\u00e4rme\u00fcbergangsuntersuchungen, mehrere Infrarotbildkameras mit Bildverarbeitungssystemen und ein Naturumlaufverdampfer im Technikumsma\u00dfstab.<\/p>\n<p style=\"text-align: center\"><a href=\"https:\/\/www.hsu-hh.de\/thermodynamik\/so-finden-sie-uns\/lageplan-grossraum\" rel=\"attachment wp-att-1467\">Lageplan Gro\u00dfraum<\/a>\u2666 <a href=\"https:\/\/www.hsu-hh.de\/thermodynamik\/so-finden-sie-uns\/lageplan\" rel=\"attachment wp-att-1449\">Lageplan<\/a> \u2666 <a href=\"https:\/\/www.hsu-hh.de\/thermodynamik\/so-finden-sie-uns\/wegbeschreibung\" rel=\"attachment wp-att-1598\">Wegbeschreibung<\/a><\/p>\n","protected":false},"excerpt":{"rendered":"<p>Die Professur f\u00fcr Thermodynamik vertritt die Thermodynamik und W\u00e4rme\u00fcbertragung im Bachelor- und Masterstudium. Im Vertiefungsstudium werden die Vorlesung &#8222;Thermodynamik der Gemische&#8220; und Vertiefungslabore zur Schallgeschwindigkeits- und Phasengleichgewichtsmessung angeboten. In der [&hellip;]<\/p>\n","protected":false},"author":53,"featured_media":0,"parent":0,"menu_order":0,"comment_status":"closed","ping_status":"closed","template":"faculty.php","meta":{"footnotes":""},"categories":[35],"tags":[],"class_list":["post-2722","page","type-page","status-publish","hentry","category-startseite"],"_links":{"self":[{"href":"https:\/\/www.hsu-hh.de\/thermodynamik\/wp-json\/wp\/v2\/pages\/2722","targetHints":{"allow":["GET"]}}],"collection":[{"href":"https:\/\/www.hsu-hh.de\/thermodynamik\/wp-json\/wp\/v2\/pages"}],"about":[{"href":"https:\/\/www.hsu-hh.de\/thermodynamik\/wp-json\/wp\/v2\/types\/page"}],"author":[{"embeddable":true,"href":"https:\/\/www.hsu-hh.de\/thermodynamik\/wp-json\/wp\/v2\/users\/53"}],"replies":[{"embeddable":true,"href":"https:\/\/www.hsu-hh.de\/thermodynamik\/wp-json\/wp\/v2\/comments?post=2722"}],"version-history":[{"count":3,"href":"https:\/\/www.hsu-hh.de\/thermodynamik\/wp-json\/wp\/v2\/pages\/2722\/revisions"}],"predecessor-version":[{"id":2840,"href":"https:\/\/www.hsu-hh.de\/thermodynamik\/wp-json\/wp\/v2\/pages\/2722\/revisions\/2840"}],"wp:attachment":[{"href":"https:\/\/www.hsu-hh.de\/thermodynamik\/wp-json\/wp\/v2\/media?parent=2722"}],"wp:term":[{"taxonomy":"category","embeddable":true,"href":"https:\/\/www.hsu-hh.de\/thermodynamik\/wp-json\/wp\/v2\/categories?post=2722"},{"taxonomy":"post_tag","embeddable":true,"href":"https:\/\/www.hsu-hh.de\/thermodynamik\/wp-json\/wp\/v2\/tags?post=2722"}],"curies":[{"name":"wp","href":"https:\/\/api.w.org\/{rel}","templated":true}]}}