{"id":1521,"date":"2017-10-18T08:07:11","date_gmt":"2017-10-18T06:07:11","guid":{"rendered":"https:\/\/www.hsu-hh.de\/thermodynamik\/?page_id=1521"},"modified":"2021-06-03T10:43:01","modified_gmt":"2021-06-03T08:43:01","slug":"benschtop-instrumente-zur-dichte-und-viskositaetsmessung","status":"publish","type":"page","link":"https:\/\/www.hsu-hh.de\/thermodynamik\/benschtop-instrumente-zur-dichte-und-viskositaetsmessung","title":{"rendered":"Benschtop-Instrumente zur Dichte und Viskosit\u00e4tsmessung"},"content":{"rendered":"<p>Zur Messung der Dichte und Viskosit\u00e4t als Funktion der Temperatur stehen ein DMA 5000 M und Stabringerviskosimeter SVM 3001 von Anton Paar zur Verf\u00fcgung.<\/p>\n","protected":false},"excerpt":{"rendered":"<p>Zur Messung der Dichte und Viskosit\u00e4t als Funktion der Temperatur stehen ein DMA 5000 M und Stabringerviskosimeter SVM 3001 von Anton Paar zur Verf\u00fcgung.<\/p>\n","protected":false},"author":53,"featured_media":0,"parent":0,"menu_order":0,"comment_status":"closed","ping_status":"closed","template":"","meta":{"footnotes":""},"categories":[57],"tags":[],"class_list":["post-1521","page","type-page","status-publish","hentry","category-versuchsstand"],"_links":{"self":[{"href":"https:\/\/www.hsu-hh.de\/thermodynamik\/wp-json\/wp\/v2\/pages\/1521","targetHints":{"allow":["GET"]}}],"collection":[{"href":"https:\/\/www.hsu-hh.de\/thermodynamik\/wp-json\/wp\/v2\/pages"}],"about":[{"href":"https:\/\/www.hsu-hh.de\/thermodynamik\/wp-json\/wp\/v2\/types\/page"}],"author":[{"embeddable":true,"href":"https:\/\/www.hsu-hh.de\/thermodynamik\/wp-json\/wp\/v2\/users\/53"}],"replies":[{"embeddable":true,"href":"https:\/\/www.hsu-hh.de\/thermodynamik\/wp-json\/wp\/v2\/comments?post=1521"}],"version-history":[{"count":1,"href":"https:\/\/www.hsu-hh.de\/thermodynamik\/wp-json\/wp\/v2\/pages\/1521\/revisions"}],"predecessor-version":[{"id":1523,"href":"https:\/\/www.hsu-hh.de\/thermodynamik\/wp-json\/wp\/v2\/pages\/1521\/revisions\/1523"}],"wp:attachment":[{"href":"https:\/\/www.hsu-hh.de\/thermodynamik\/wp-json\/wp\/v2\/media?parent=1521"}],"wp:term":[{"taxonomy":"category","embeddable":true,"href":"https:\/\/www.hsu-hh.de\/thermodynamik\/wp-json\/wp\/v2\/categories?post=1521"},{"taxonomy":"post_tag","embeddable":true,"href":"https:\/\/www.hsu-hh.de\/thermodynamik\/wp-json\/wp\/v2\/tags?post=1521"}],"curies":[{"name":"wp","href":"https:\/\/api.w.org\/{rel}","templated":true}]}}