{"id":916,"date":"2024-11-22T12:33:49","date_gmt":"2024-11-22T11:33:49","guid":{"rendered":"https:\/\/www.hsu-hh.de\/theevs\/?page_id=916"},"modified":"2026-02-16T15:58:08","modified_gmt":"2026-02-16T14:58:08","slug":"aktuelle-publikationen","status":"publish","type":"page","link":"https:\/\/www.hsu-hh.de\/theevs\/aktuelle-publikationen","title":{"rendered":"Aktuelle Publikationen"},"content":{"rendered":"\n<div style=\"height:20px\" aria-hidden=\"true\" class=\"wp-block-spacer\"><\/div>\n\n\n\n<h2 class=\"wp-block-heading\">2026<\/h2>\n\n\n\n<ul class=\"wp-block-list\">\n<li>Sylvia K\u00fchne und Gerhard Schreiber: Wargaming in the Age of AI: From synthetical immersion to analytical simulation? In: Artificial Intelligence in Security and Defense. Proceedings of the Workshop AI4SD. Herausgegeben von Niggemann, Oliver; Schreiber, Gerhard; Koch, Wolfgang; Heesch, Ren\u00e9; Ludwig, Bj\u00f6rn; Rottmann, Josef; Schmidt, Johannes; Schraven, Joshua. 50\u201357. 21. Jan. 2026. DOI: <a href=\"https:\/\/doi.org\/10.24405\/21625\" rel='nofollow'>10.24405\/21625<\/a><\/li>\n<\/ul>\n\n\n\n<h2 class=\"wp-block-heading\">2025<\/h2>\n\n\n\n<ul class=\"wp-block-list\">\n<li>Sylvia K\u00fchne: &#8222;Let the User Figure It Out. Revisiting Usability and Security of eGates in Laboratory Research&#8220;, <em>International Journal of Human\u2013Computer Interaction<\/em>, 2025, S. 1\u201322. DOI: <a href=\"https:\/\/doi.org\/10.1080\/10447318.2025.2574510\" rel='nofollow'>10.1080\/10447318.2025.2574510<\/a>.<\/li>\n\n\n\n<li><\/li>\n\n\n\n<li>Lukas Johrendt\/Max Tretter: \u201eProtest und Ordnung. Was bedroht die Demokratie? Zur aktuellen Situation in den USA\u201c, in: <em>Zeitzeichen <\/em>8\/2025. (<a href=\"https:\/\/zeitzeichen.net\/node\/11951\" rel='nofollow'>https:\/\/zeitzeichen.net\/node\/11951<\/a>)<\/li>\n\n\n\n<li>Gerhard Schreiber: \u201eGrenzen im Kopf \u2013 Zugeh\u00f6rigkeit in Zeiten von Abgrenzung und Ausgrenzung\u201c, <em>BRU-Magazin<\/em>, Nr. 83, 2025, S. 6f.<\/li>\n\n\n\n<li>Gerhard Schreiber: \u201eMagn\u00fas Eir\u00edksson: \u201aMeine Schriftstellert\u00e4tigkeit\u2018 \u2013 \u00dcbersetzung und Kommentar\u201c, <em>Kierkegaard Studies Yearbook<\/em>, <abbr title=\"Band\">Bd.<\/abbr> 30, 2025, S. 373\u2013405.<\/li>\n\n\n\n<li>Gerhard Schreiber: \u201eMacht \u2013 Gewalt \u2013 Missbrauch: Begriffskl\u00e4rungen aus sexualethischer Perspektive\u201c, in:&nbsp;<em>Zeitschrift f\u00fcr Evangelische Ethik<\/em>,&nbsp;<abbr title=\"Band\">Bd.<\/abbr>&nbsp;69, 2025, Heft 4, S. 261\u2013273.<\/li>\n\n\n\n<li>Gerhard Schreiber: \u201eQu\u00e4le deinen N\u00e4chsten? Zur ethischen Beurteilung einvernehmlicher K\u00f6rperverletzungen im Rahmen sadomasochistischer Sexualpraktiken\u201c, in: <em>Umgang mit emotionaler Verletzlichkeit und Verletzungen<\/em>, hg. von Ulrike Peisker, Baden-Baden: Karl Alber Verlag 2025, S. 77\u2013104.<\/li>\n\n\n\n<li>S\u00f6llner, M. \/ Benlian, A. \/ Bretschneider, U. \/ Knight, C. \/ Ohly, S. \/ Rudkowski, L. \/ Schreiber, G. \/ Wendt, D.: \u201eChatGPT and Beyond: Exploring the Responsible Use of Generative AI in the Workplace \u2013 An Interdisciplinary Perspective\u201c, in: <em>Business &amp; Information Systems Engineering<\/em>, <abbr title=\"Band\">Bd.<\/abbr> 67(2), 2025, S. 289\u2013303.<\/li>\n\n\n\n<li>Gerhard Schreiber: \u201eLeerstellen sexualethischer Diskurse: Sexualit\u00e4t und Gewalt im deutschsprachigen Protestantismus\u201c, in: <em>Sexualisierte Gewalt. Konstellationen \u2013 Problemanzeigen \u2013 Perspektiven<\/em> (<em>Jahrbuch Sozialer Protestantismus<\/em>, <abbr title=\"Band\">Bd.<\/abbr> 16), hg. von Traugott J\u00e4hnichen <abbr title=\"unter anderem\">u.a.<\/abbr>, Leipzig: EVA 2025, S. 79\u201393.<\/li>\n\n\n\n<li>Gerhard Schreiber: \u201eProlegomena zu einer Ethik der KI\u201c, in:&nbsp;<em>Erz\u00e4hlen und Ethik in der digitalen Transformation<\/em>, hg. von Eckart Voigts, Julia Sch\u00f6ll, R\u00fcdiger Heinze und Stefan Heuser, Bielefeld: transcript 2025 (<em>forthcoming<\/em>)<\/li>\n\n\n\n<li>Gerhard Schreiber: \u201e<a href=\"https:\/\/syslex-online.de\/articles\/sexualitaet-version-1-0\/#id5.ambivalenzen\" rel='nofollow'>Sexualit\u00e4t<\/a>\u201c, Version 1.0, in:<em> Onlinelexikon Systematische Theologie<\/em> (SysLex), 01.05.2025. DOI: <a href=\"https:\/\/doi.org\/10.15496\/publikation-105145\" rel='nofollow'>https:\/\/doi.org\/10.15496\/publikation-105145 <span><a href=\"\" rel='nofollow'><img decoding=\"async\" title=\"Titel anhand dieser DOI in Citavi-Projekt \u00fcbernehmen\" class=\"citavipicker\" style=\"border: 0px none!important;width: 16px!important;height: 16px!important;margin-left:1px !important;margin-right:1px !important\" src=\"image\/svg+xml;base64,PD94bWwgdmVyc2lvbj0iMS4wIiBlbmNvZGluZz0idXRmLTgiPz48IURPQ1RZUEUgc3ZnIFBVQkxJQyAiLS8vVzNDLy9EVEQgU1ZHIDEuMS8vRU4iICJodHRwOi8vd3d3LnczLm9yZy9HcmFwaGljcy9TVkcvMS4xL0RURC9zdmcxMS5kdGQiPjxzdmcgdmVyc2lvbj0iMS4xIiBpZD0iRWJlbmVfMSIgeG1sbnM9Imh0dHA6Ly93d3cudzMub3JnLzIwMDAvc3ZnIiB4bWxuczp4bGluaz0iaHR0cDovL3d3dy53My5vcmcvMTk5OS94bGluayIgeD0iMHB4IiB5PSIwcHgiIHdpZHRoPSIxNnB4IiBoZWlnaHQ9IjE2cHgiIHZpZXdCb3g9IjAgMCAxNiAxNiIgZW5hYmxlLWJhY2tncm91bmQ9Im5ldyAwIDAgMTYgMTYiIHhtbDpzcGFjZT0icHJlc2VydmUiPjxnPjxnPjxwYXRoIGZpbGw9IiNGRkZGRkYiIGQ9Ik04LjAwMSwxNS41QzMuODY0LDE1LjUsMC41LDEyLjEzNiwwLjUsOGMwLTQuMTM1LDMuMzY1LTcuNSw3LjUwMS03LjVTMTUuNSwzLjg2NCwxNS41LDhTMTIuMTM3LDE1LjUsOC4wMDEsMTUuNXoiLz48cGF0aCBmaWxsPSIjRDUyQjFFIiBkPSJNOC4wMDEsMUMxMS44NiwxLDE1LDQuMTQxLDE1LDhzLTMuMTM5LDctNi45OTksN0M0LjE0LDE1LDEsMTEuODU5LDEsOFM0LjE0LDEsOC4wMDEsMSBNOC4wMDEsMEMzLjU4MiwwLDAsMy41ODIsMCw4czMuNTgyLDgsOC4wMDEsOEMxMi40MTgsMTYsMTYsMTIuNDE4LDE2LDhTMTIuNDE4LDAsOC4wMDEsMEw4LjAwMSwweiIvPjwvZz48cGF0aCBmaWxsPSIjRDUyQjFFIiBkPSJNNi43NDUsMTIuNTg5Yy0wLjIyNywwLjEyMi0wLjQ5NywwLjI0Ny0wLjY4NCwwLjI0N2MtMC4zMTgsMC0wLjUwMS0wLjE2NC0wLjUwMS0wLjQ1MmMwLTAuMjA3LDAuMTQtMC4zNzUsMC41OTUtMC42MjJjMS41NDktMC45MDQsMi41OTQtMi4yNzIsMi41OTQtMy43MjFjMC0wLjgyNS0wLjIyNy0xLjExOS0wLjY4MS0xLjExOWMtMC4xMzUsMC0wLjMyLDAuMjE5LTAuNjM2LDAuMjE5SDcuMTU3QzYuMTAyLDcuMTQzLDUuMzMzLDYuMjY0LDUuMzMzLDUuMjNjMC0xLjE1MiwwLjk1OC0yLjAwNiwyLjI4LTIuMDA2YzEuNzc3LDAsMy4wNTMsMS4zNzMsMy4wNTMsMy40M0MxMC42NjYsOS4yMTUsOS4yMDMsMTEuMjcsNi43NDUsMTIuNTg5Ii8+PC9nPjwvc3ZnPg\"><\/a><\/span><\/a>.<\/li>\n\n\n\n<li>Gerhard Schreiber, Rez. von: Hermann Diebel-Fischer, Nicole Kunkel, Julian Zeyher-Quattlender(Hg.):&nbsp;<em>Mensch und Maschine im Zeitalter \u00bbK\u00fcnstlicher Intelligenz\u00ab. Theologisch-ethische Herausforderungen<\/em>&nbsp;(LLG 45), Berlin: Lit-Verlag 2023, 164 S., in:&nbsp;<em>Zeitschrift f\u00fcr Evangelische Ethik<\/em>,&nbsp;<abbr title=\"Band\">Bd.<\/abbr>&nbsp;69, 2025, Heft 3, S. 232\u2013234.<\/li>\n\n\n\n<li>Gerhard Schreiber: \u201eEinheit der Differenz. Zu einer Diskontinuit\u00e4t in Kierkegaards Glaubensverst\u00e4ndnis\u201c, in: <em>Religionsphilosophie nach Kierkegaard. Das in Wahrheit Christliche und die Wahrheit des Christentums<\/em>, hg. von Heiko Schulz und Roman Winter-Tietel, Stuttgart: J.B. Metzler 2025 (<em>Neue Horizonte der Religionsphilosophie<\/em>), S. 143\u2013158.<\/li>\n\n\n\n<li>Gerhard Schreiber: \u201eSexualit\u00e4t, Gewalt und Missbrauch: Eine Verh\u00e4ltniskl\u00e4rung aus sexualethischer Perspektive\u201c, in: <em>Sexualisierte Gewalt in Bildungseinrichtungen<\/em>, hg. von Marcus Syring und Anja Nold, Bad Heilbrunn: Klinkhardt 2025, S. 33-47.<\/li>\n\n\n\n<li>Gerhard Schreiber: \u201e<a href=\"https:\/\/link.springer.com\/article\/10.1007\/s12599-025-00932-8\" rel='nofollow'>Beyond Code \u2013 The Crucial Role of Responsibility in Technology Ethics<\/a>\u201c, in: <em><a href=\"https:\/\/link.springer.com\/journal\/12599\" target=\"_blank\" rel=\"noreferrer noopener\">Business &amp; Information Systems Engineering (BISE)<\/a><\/em>, <abbr title=\"Band\">Bd.<\/abbr> 67(2), 2025, S. 297\u2013299.<em>&nbsp;<\/em><\/li>\n\n\n\n<li>Gerhard Schreiber: \u201e<a href=\"https:\/\/www.sav.sk\/journals\/uploads\/0512102110.31577filozofia.2025.80.3.3.pdf\" rel='nofollow'>Data Toxicality: A Techno-Philosophical Inquiry into Digital Harm<\/a>\u201c, in: <em>Filozofia<\/em>, <abbr title=\"Band\">Bd.<\/abbr> 80(3), S. 300\u2013313.<\/li>\n\n\n\n<li>Gerhard Schreiber: \u201eAusgemenschelt? Mensch-Maschine-Interaktionen im Zeitalter von KI\u201c, in:&nbsp;<em>Es menschelt \u2013 Ph\u00e4nomene des Mensch-Seins in interdisziplin\u00e4rer Perspektive<\/em>, hg. von Ulrike Peisker\/Jochen Schmidt\/Michael Roth, Baden-Baden: Karl Alber Verlag 2025, S. 177\u2013189.<\/li>\n\n\n\n<li>Gerhard Schreiber: \u201eText aus der Retorte. KI-Textgeneratoren aus technikethischer Perspektive\u201c, in:&nbsp;<em>Humanit\u00e4t und digitale Ethik. Theologische und&nbsp;philosophische Perspektiven<\/em>, hg. von Christina Costanza und Constantin Plaul, T\u00fcbingen: Mohr Siebeck 2025 (<em>forthcoming<\/em>).<\/li>\n<\/ul>\n\n\n\n<h2 class=\"wp-block-heading\">2024<\/h2>\n\n\n\n<ul class=\"wp-block-list\">\n<li>Gerhard Schreiber und Lukas Ohly (<abbr title=\"Herausgeber\">Hrsg.<\/abbr>): <em>KI:Text. Diskurse \u00fcber KI-Textgeneratoren<\/em>, Berlin\/Boston: De Gruyter 2024. (xi + 581 S.) [<a href=\"https:\/\/www.degruyter.com\/document\/doi\/10.1515\/9783111351490\/html?lang=de#contents\" rel='nofollow'>Open Access<\/a>]<\/li>\n\n\n\n<li>Gerhard Schreiber: \u201eKierkegaards Auseinandersetzung mit Magn\u00fas Eir\u00edksson: Werkstattbericht und \u00dcbersetzung\u201c, in: <em>Kierkegaard Studies Yearbook<\/em>, <abbr title=\"Band\">Bd.<\/abbr> 29, 2024, S. 229\u2013266.<\/li>\n\n\n\n<li>Gerhard Schreiber: \u201eReconsidering Agency in the Age of AI\u201c, in: <em>Filozofia<\/em>, <abbr title=\"Band\">Bd.<\/abbr> 79(5), 2024, S. 529\u2013537.<\/li>\n<\/ul>\n","protected":false},"excerpt":{"rendered":"<p>2026 2025 2024<\/p>\n","protected":false},"author":3847,"featured_media":0,"parent":0,"menu_order":0,"comment_status":"closed","ping_status":"closed","template":"","meta":{"footnotes":""},"categories":[4],"tags":[],"class_list":["post-916","page","type-page","status-publish","hentry","category-forschung"],"_links":{"self":[{"href":"https:\/\/www.hsu-hh.de\/theevs\/wp-json\/wp\/v2\/pages\/916","targetHints":{"allow":["GET"]}}],"collection":[{"href":"https:\/\/www.hsu-hh.de\/theevs\/wp-json\/wp\/v2\/pages"}],"about":[{"href":"https:\/\/www.hsu-hh.de\/theevs\/wp-json\/wp\/v2\/types\/page"}],"author":[{"embeddable":true,"href":"https:\/\/www.hsu-hh.de\/theevs\/wp-json\/wp\/v2\/users\/3847"}],"replies":[{"embeddable":true,"href":"https:\/\/www.hsu-hh.de\/theevs\/wp-json\/wp\/v2\/comments?post=916"}],"version-history":[{"count":28,"href":"https:\/\/www.hsu-hh.de\/theevs\/wp-json\/wp\/v2\/pages\/916\/revisions"}],"predecessor-version":[{"id":2663,"href":"https:\/\/www.hsu-hh.de\/theevs\/wp-json\/wp\/v2\/pages\/916\/revisions\/2663"}],"wp:attachment":[{"href":"https:\/\/www.hsu-hh.de\/theevs\/wp-json\/wp\/v2\/media?parent=916"}],"wp:term":[{"taxonomy":"category","embeddable":true,"href":"https:\/\/www.hsu-hh.de\/theevs\/wp-json\/wp\/v2\/categories?post=916"},{"taxonomy":"post_tag","embeddable":true,"href":"https:\/\/www.hsu-hh.de\/theevs\/wp-json\/wp\/v2\/tags?post=916"}],"curies":[{"name":"wp","href":"https:\/\/api.w.org\/{rel}","templated":true}]}}