{"id":740,"date":"2024-07-02T13:10:10","date_gmt":"2024-07-02T11:10:10","guid":{"rendered":"https:\/\/www.hsu-hh.de\/theevs\/?page_id=740"},"modified":"2026-03-26T09:15:45","modified_gmt":"2026-03-26T08:15:45","slug":"bruder","status":"publish","type":"page","link":"https:\/\/www.hsu-hh.de\/theevs\/bruder","title":{"rendered":"Kathrin Bruder (geb. Burghardt)"},"content":{"rendered":"\n<h4 class=\"wp-block-heading\">Wissenschaftliche Mitarbeiterin am Lehrstuhl f\u00fcr Evangelische Theologie<\/h4>\n\n\n\n<div style=\"height:20px\" aria-hidden=\"true\" class=\"wp-block-spacer\"><\/div>\n\n\n\n<div class=\"wp-block-columns is-layout-flex wp-container-core-columns-is-layout-9d6595d7 wp-block-columns-is-layout-flex\">\n<div class=\"wp-block-column is-layout-flow wp-block-column-is-layout-flow\">\n<figure class=\"wp-block-image size-large\"><img loading=\"lazy\" decoding=\"async\" width=\"1024\" height=\"683\" src=\"https:\/\/www.hsu-hh.de\/theevs\/wp-content\/uploads\/sites\/736\/2025\/05\/023_4708-Kopie-1-1024x683.jpg\" data-credit=\"HSU\/Gelhausen\" alt=\"\" class=\"wp-image-1779\" srcset=\"https:\/\/www.hsu-hh.de\/theevs\/wp-content\/uploads\/sites\/736\/2025\/05\/023_4708-Kopie-1-1024x683.jpg 1024w, https:\/\/www.hsu-hh.de\/theevs\/wp-content\/uploads\/sites\/736\/2025\/05\/023_4708-Kopie-1-300x200.jpg 300w, https:\/\/www.hsu-hh.de\/theevs\/wp-content\/uploads\/sites\/736\/2025\/05\/023_4708-Kopie-1-768x512.jpg 768w, https:\/\/www.hsu-hh.de\/theevs\/wp-content\/uploads\/sites\/736\/2025\/05\/023_4708-Kopie-1-1536x1024.jpg 1536w, https:\/\/www.hsu-hh.de\/theevs\/wp-content\/uploads\/sites\/736\/2025\/05\/023_4708-Kopie-1-2048x1365.jpg 2048w, https:\/\/www.hsu-hh.de\/theevs\/wp-content\/uploads\/sites\/736\/2025\/05\/023_4708-Kopie-1-1100x733.jpg 1100w\" sizes=\"auto, (max-width: 1024px) 100vw, 1024px\" \/><\/figure>\n<\/div>\n\n\n\n<div class=\"wp-block-column is-layout-flow wp-block-column-is-layout-flow\">\n<h2 class=\"wp-block-heading\">Kontakt<\/h2>\n\n\n\n<p><strong>E-Mail<\/strong>: <a href=\"mailto:kathrin.bruder@hsu.hamburg\" rel='nofollow'>kathrin.bruder@hsu.hamburg<\/a><\/p>\n\n\n\n<p><strong>Telefon<\/strong>: (040) 6541-4843<\/p>\n\n\n\n<p><\/p>\n<\/div>\n\n\n\n<div class=\"wp-block-column is-layout-flow wp-block-column-is-layout-flow\">\n<h3 class=\"wp-block-heading\">Besucheranschrift<\/h3>\n\n\n\n<p>Helmut-Schmidt-Universit\u00e4t<br>Geb\u00e4ude H52, Raum 044<br>Am Stadtrand 52<br>22047 Hamburg<\/p>\n\n\n\n<h3 class=\"wp-block-heading\">Postanschrift<\/h3>\n\n\n\n<p>Helmut-Schmidt-Universit\u00e4t<br>Evangelische Theologie<br>Postfach 70 08 22<br>22008 Hamburg<\/p>\n<\/div>\n<\/div>\n\n\n\n<div style=\"height:40px\" aria-hidden=\"true\" class=\"wp-block-spacer\"><\/div>\n\n\n\n<h4 class=\"wp-block-heading\">Kurzvita<\/h4>\n\n\n\n<ul class=\"wp-block-list\">\n<li>Seit Januar 2024: Wissenschaftliche Mitarbeiterin (Vollzeit) am Lehrstuhl f\u00fcr Evangelische Theologie unter besonderer Ber\u00fccksichtigung der Sozial und Technikethik, Helmut-Schmidt-Universit\u00e4t, Universit\u00e4t der Bundeswehr Hamburg. <\/li>\n\n\n\n<li>Juni &#8211; Dezember 2023: Wissenschaftliche Mitarbeiterin (Vollzeit) an dem Forschungsprojekt &#8222;Diskurse disruptiver digitaler Technologien am Beispiel von KI-Textgeneratoren (KI:Text)&#8220;, ZEVEDI, Technische Universit\u00e4t Darmstadt. <\/li>\n\n\n\n<li>Seit 2023: Vorstandsmitglied des Arbeitskreises f\u00fcr Theologische Wirtschafts- und Technikethik e.V. (ATWT).<\/li>\n\n\n\n<li>Seit 2022: Mitglied des Netzwerks f\u00fcr Nachwuchswissenschaftler:innen Neth:KI \u2013 das Netzwerk f\u00fcr Theologie und KI. <\/li>\n\n\n\n<li>2021-2024: Promotionsstipendiatin der Studienstiftung des deutschen Volkes.<\/li>\n\n\n\n<li>2021: Promotionsstipendium der Hessischen Lutherstiftung (nicht abgerufen).<\/li>\n\n\n\n<li>Seit 2020: Doktorandin am Fachbereich Evangelische Theologie (Promotionsfach Religionsphilosophie) unter der Erstbetreuung von Apl. <abbr title=\"Professor\">Prof.<\/abbr> <abbr title=\"Doktor\">Dr.<\/abbr> Lukas Ohly. <\/li>\n\n\n\n<li>2019: Tr\u00e4gerin des Alumni-Preises des Vereins f\u00fcr Freunde und F\u00f6rderer der Evangelischen Theologie in Frankfurt\/Main e.V. zum Ende des akademischen Jahres 2018\/2019 aufgrund der Wissenschaftlichen Hausarbeit im Rahmen des Examens.<\/li>\n<\/ul>\n\n\n\n<h4 class=\"wp-block-heading\">Publikationen<\/h4>\n\n\n\n<ul class=\"wp-block-list\">\n<li>2026: Theologisch-Ethische Herausforderungen durch die Z\u00fcchtung synthetischer Embryonen und k\u00fcnstlicher Simulationen des Menschen. In: Kirchliches Jahrbuch f\u00fcr die Evangelische Kirche in Deutschland 2022. G\u00fctersloh.<\/li>\n\n\n\n<li>2025 (noch ausstehend): Vom Recht vom Menschen behandelt zu werden. In: Costanze, C; Plaul, K.: Digitale Medienethik. Theologische und humanistische Perspektiven im Dialog. <\/li>\n\n\n\n<li>2024 (online): AI Text Generators and the Truth Paradigm. Considerations from a Phenomenological Perspective. In: <em>Filozofia<\/em>,&nbsp;79 (2024),&nbsp;5,&nbsp;514 &#8211; 528.<\/li>\n\n\n\n<li>2023 (online), 2024 (Druck): KI-Textgeneratoren und der Anspruch auf Wahrheit. In: Ohly, L; Schreiber, G. (Hg.): KI:Text. Diskurse \u00fcber KI-Textgeneratoren. Berlin. <\/li>\n\n\n\n<li>2023 (online): Tagungsbericht der Tagung: \u201eKI \u2013 Text und Geltung. Wie ver\u00e4ndern KI-Textgeneratoren wissenschaftliche Diskurse?\u201c, H\/SOZ\/KULT.<\/li>\n\n\n\n<li>2023: Digitales Selbstbewusstsein. Philosophische Interventionen. In: Winter-Tietel, R.; Ohly, L. (Hg.): Theologie Angesichts des Digitalen. Beitr\u00e4ge zu den Theologischen Herausforderungen durch Digitalit\u00e4t und Digitalisierung. Frankfurt\/Main.<\/li>\n\n\n\n<li>2023: Der Unterschied zwischen Synthetisierung und Selbstverf\u00fcgung. Eine ph\u00e4nomenologische Analyse des Selbstbewusstseins unter der Herausforderung k\u00fcnstlich-intelligenter Systeme. In: Diebel-Fischer, H.; Kunkel, N.; Zeyher-Quattlender, J. (Hg.): Mensch und Maschine im Zeitalter \u201eK\u00fcnstlicher Intelligenz\u201c. Theologisch-ethische Herausforderungen (Jahrestagung des Arbeitskreises f\u00fcr Theologische Wirtschafts- und Technikethik Okt. 2021). Berlin.<\/li>\n\n\n\n<li>2021: Wenn Maschinen als Menschen zu begegnen scheinen. Anerkennung unter der Herausforderung transhumanistischer Visionen. In: Ohly, L.; Gerber, U. (Hg.): Anerkennung. Personal &#8211; sozial &#8211; transsozial. Leipzig.<\/li>\n<\/ul>\n\n\n\n<h4 class=\"wp-block-heading\">Vortr\u00e4ge<\/h4>\n\n\n\n<ul class=\"wp-block-list\">\n<li>24. April 2025: Was ist guter, was erlaubter Sex? Einf\u00fchrung in die Sexualethik und Unterschiede zum Strafrecht. Im Rahmen der Ringvorlesung &#8222;Sexualstrafrecht im Wandel&#8220; an der juristischen Fakult\u00e4t Hannover unter der Leitung von <abbr title=\"Doktor\">Dr.<\/abbr> Maximilian Nussbaum, Leibniz Universit\u00e4t Hannover.<\/li>\n\n\n\n<li>2024: ChatGPT and the truth. Digital Research Forum: Religion and AI.<\/li>\n\n\n\n<li>2023: Humans are essentially patterns of information. The Ethical Implications of Information Monism in Transhumanist Thought. Forschungstagung: Corpo:reality. Body and Embodiment in AI and Robotics. Neth:KI. W\u00fcrzburg.<\/li>\n\n\n\n<li>2022: Digitales Selbstbewusstsein. Philosophische Interventionen. \u00d6ffentliche Nachwuchstagung: Theologische Herausforderungen durch Digitalit\u00e4t und Digitalisierung. Goethe-Universit\u00e4t Frankfurt am Main.&nbsp;<\/li>\n\n\n\n<li>2021: Die Verschmelzung des Menschen mit der Technik. Science-Fiction oder allgegenw\u00e4rtige Realit\u00e4t? Ev. Forum Kassel.<\/li>\n<\/ul>\n\n\n\n<h4 class=\"wp-block-heading\">Abgeschlossene Forschungsprojekte<\/h4>\n\n\n\n<ul class=\"wp-block-list\">\n<li>Diskurse disruptiver digitaler Technologien am Beispiel von KI-Textgeneratoren (KI:Text), ZEVEDI.<\/li>\n<\/ul>\n\n\n\n<h4 class=\"wp-block-heading\">Tagungsorganisationen<\/h4>\n\n\n\n<p><\/p>\n\n\n\n<ul class=\"wp-block-list\">\n<li>18.-19. September 2025: Woke und Wehrhaft. Queere Lebenswirklichkeiten in der Bundeswehr (<abbr title=\"Helmut Schmidt Universit\u00e4t\">HSU<\/abbr>\/UniBw, Hamburg)<\/li>\n\n\n\n<li>18.-19. Juli 2025: Allzu menschlich? Theologische Anthropologie und Ethik angesichts der \u201eposthumanistischen Wende\u201c (ATWT, G\u00f6ttingen) (<a href=\"http:\/\/www.atwt.de\/tagungen\/\" rel='nofollow'>http:\/\/www.atwt.de\/tagungen\/<\/a>)<\/li>\n\n\n\n<li>01.-02. Dezember 2023: Corporeality. Body and Embodiment in AI and Robotics. (Neth:KI, W\u00fcrzburg)<\/li>\n\n\n\n<li>25.-26. August 2023: KI \u2013 Text und Geltung. Wie ver\u00e4ndern KI-Textgeneratoren wissenschaftliche Diskurse? (<abbr title=\"Technische Universit\u00e4t\">TU<\/abbr> Darmstadt)<\/li>\n<\/ul>\n\n\n\n<h4 class=\"wp-block-heading\">Mitgliedschaften<\/h4>\n\n\n\n<ul class=\"wp-block-list\">\n<li><a href=\"http:\/\/www.atwt.de\/\" rel='nofollow'>Arbeitskreis f\u00fcr theologische Wirktschafts- und Technikethik e.V. (ATWT)<\/a> (Vorstandsmitglied)<\/li>\n\n\n\n<li><a href=\"https:\/\/nethki.digital\/\" rel='nofollow'>Neth:KI &#8211; Netzwerk f\u00fcr Theologie und K\u00fcnstliche Intelligenz<\/a> <\/li>\n\n\n\n<li>Fachgruppe Gendergerechtigkeit (EKHN)<\/li>\n\n\n\n<li>EKD-Kammernetzwerk &#8211; PG. Ev. Sexualethik<\/li>\n\n\n\n<li>EKD-Kammernetzwerk &#8211; PG. Sexuelle Bildung <\/li>\n\n\n\n<li>Senatsausschuss zur F\u00f6rderung der Chancengleichheit (SenA Chance) <abbr title=\"Helmut Schmidt Universit\u00e4t\">HSU<\/abbr> Hamburg<\/li>\n<\/ul>\n\n\n<h3>Lehre<\/h3>\n\n\n<ul class=\"wp-block-list\">\n<li>Oktober &#8211; Dezember 2025: Der optimierte Mensch. Vision, Hybris oder Notwendigkeit? (<abbr title=\"Helmut Schmidt Universit\u00e4t\">HSU<\/abbr> Hamburg)<\/li>\n\n\n\n<li>April &#8211; Juni 2025: Sexualethik. (<abbr title=\"Helmut Schmidt Universit\u00e4t\">HSU<\/abbr>, Hamburg)<\/li>\n\n\n\n<li>22.02. &#8211; 01.03.24: Sexualethik und Sexualstrafrecht. Bestandsaufnahme, kritische Reflexion und Neukonstruktion. (Winterakademie der Studienstiftung des deutschen Volkes 2025, Davos)<\/li>\n\n\n\n<li>Oktober &#8211; Dezember 2024: Der Mensch als selbstbewusstes Wesen. \u00dcberlegungen aus der Philosophie des Geistes. (<abbr title=\"Helmut Schmidt Universit\u00e4t\">HSU<\/abbr>, Hamburg)<\/li>\n\n\n\n<li>April &#8211; Juni 2024: Der Mensch im Angesicht seiner technischen Simulation. (<abbr title=\"Helmut Schmidt Universit\u00e4t\">HSU<\/abbr>, Hamburg)<\/li>\n\n\n\n<li>24.02.-02.03.24: \u201eSch\u00f6ne neue Welt?\u201c \u2013 Ethik und Recht der Mensch-Maschine\u00ad\u00ad-Interaktion. (Winterakademie der Studienstiftung des deutschen Volkes 2024, Davos)<\/li>\n<\/ul>\n","protected":false},"excerpt":{"rendered":"<p>Wissenschaftliche Mitarbeiterin am Lehrstuhl f\u00fcr Evangelische Theologie Kontakt E-Mail: kathrin.bruder@hsu.hamburg Telefon: (040) 6541-4843 Besucheranschrift Helmut-Schmidt-Universit\u00e4tGeb\u00e4ude H52, Raum 044Am Stadtrand 5222047 Hamburg Postanschrift Helmut-Schmidt-Universit\u00e4tEvangelische TheologiePostfach 70 08 2222008 Hamburg Kurzvita Publikationen [&hellip;]<\/p>\n","protected":false},"author":2428,"featured_media":0,"parent":0,"menu_order":0,"comment_status":"closed","ping_status":"closed","template":"","meta":{"footnotes":""},"categories":[4],"tags":[],"class_list":["post-740","page","type-page","status-publish","hentry","category-forschung"],"_links":{"self":[{"href":"https:\/\/www.hsu-hh.de\/theevs\/wp-json\/wp\/v2\/pages\/740","targetHints":{"allow":["GET"]}}],"collection":[{"href":"https:\/\/www.hsu-hh.de\/theevs\/wp-json\/wp\/v2\/pages"}],"about":[{"href":"https:\/\/www.hsu-hh.de\/theevs\/wp-json\/wp\/v2\/types\/page"}],"author":[{"embeddable":true,"href":"https:\/\/www.hsu-hh.de\/theevs\/wp-json\/wp\/v2\/users\/2428"}],"replies":[{"embeddable":true,"href":"https:\/\/www.hsu-hh.de\/theevs\/wp-json\/wp\/v2\/comments?post=740"}],"version-history":[{"count":25,"href":"https:\/\/www.hsu-hh.de\/theevs\/wp-json\/wp\/v2\/pages\/740\/revisions"}],"predecessor-version":[{"id":2759,"href":"https:\/\/www.hsu-hh.de\/theevs\/wp-json\/wp\/v2\/pages\/740\/revisions\/2759"}],"wp:attachment":[{"href":"https:\/\/www.hsu-hh.de\/theevs\/wp-json\/wp\/v2\/media?parent=740"}],"wp:term":[{"taxonomy":"category","embeddable":true,"href":"https:\/\/www.hsu-hh.de\/theevs\/wp-json\/wp\/v2\/categories?post=740"},{"taxonomy":"post_tag","embeddable":true,"href":"https:\/\/www.hsu-hh.de\/theevs\/wp-json\/wp\/v2\/tags?post=740"}],"curies":[{"name":"wp","href":"https:\/\/api.w.org\/{rel}","templated":true}]}}