{"id":73,"date":"2023-10-05T00:30:59","date_gmt":"2023-10-04T22:30:59","guid":{"rendered":"https:\/\/www.hsu-hh.de\/vorlage\/?page_id=73"},"modified":"2025-12-13T16:01:20","modified_gmt":"2025-12-13T15:01:20","slug":"startseite","status":"publish","type":"page","link":"https:\/\/www.hsu-hh.de\/theevs\/","title":{"rendered":"Lehrstuhl f\u00fcr Evangelische Theologie u.b.B. der Sozial- und Technikethik"},"content":{"rendered":"\n<h2 class=\"wp-block-heading\">Herzlich willkommen auf der Webseite des Lehrstuhls f\u00fcr Evangelische Theologie!<\/h2>\n\n\n<div class=\"wp-block-image\">\n<figure class=\"aligncenter size-large is-resized\"><img loading=\"lazy\" decoding=\"async\" width=\"2560\" height=\"1707\" src=\"https:\/\/www.hsu-hh.de\/theevs\/wp-content\/uploads\/sites\/736\/2025\/12\/20251210_Prof_Schreiber_Gruppe_ev_Theologie_CG_01-edited-scaled.jpg\" data-credit=\"Gelhausen\/Bundeswehr\/HSU\/UniBwH\" alt=\"\" class=\"wp-image-2541\" style=\"width:742px;height:auto\" srcset=\"https:\/\/www.hsu-hh.de\/theevs\/wp-content\/uploads\/sites\/736\/2025\/12\/20251210_Prof_Schreiber_Gruppe_ev_Theologie_CG_01-edited-scaled.jpg 2560w, https:\/\/www.hsu-hh.de\/theevs\/wp-content\/uploads\/sites\/736\/2025\/12\/20251210_Prof_Schreiber_Gruppe_ev_Theologie_CG_01-edited-300x200.jpg 300w, https:\/\/www.hsu-hh.de\/theevs\/wp-content\/uploads\/sites\/736\/2025\/12\/20251210_Prof_Schreiber_Gruppe_ev_Theologie_CG_01-edited-1024x683.jpg 1024w, https:\/\/www.hsu-hh.de\/theevs\/wp-content\/uploads\/sites\/736\/2025\/12\/20251210_Prof_Schreiber_Gruppe_ev_Theologie_CG_01-edited-768x512.jpg 768w, https:\/\/www.hsu-hh.de\/theevs\/wp-content\/uploads\/sites\/736\/2025\/12\/20251210_Prof_Schreiber_Gruppe_ev_Theologie_CG_01-edited-1536x1024.jpg 1536w, https:\/\/www.hsu-hh.de\/theevs\/wp-content\/uploads\/sites\/736\/2025\/12\/20251210_Prof_Schreiber_Gruppe_ev_Theologie_CG_01-edited-2048x1365.jpg 2048w, https:\/\/www.hsu-hh.de\/theevs\/wp-content\/uploads\/sites\/736\/2025\/12\/20251210_Prof_Schreiber_Gruppe_ev_Theologie_CG_01-edited-1100x733.jpg 1100w\" sizes=\"auto, (max-width: 2560px) 100vw, 2560px\" \/><figcaption class=\"wp-element-caption\">vlnr: Haidar Almahmoud, Kathrin Bruder, Daniel Tramp, Maximilian Waschka, Benedikt Bussmann, Alexander Antonov, Steffen Wegner, Madeleine Rischer, Simon Egbert, Tamara Reimers, Elisa Thomas, Lukas Johrendt, Gerhard Schreiber, Laura Bornholdt; nicht auf dem Bild: Sylvia K\u00fchne, Mareike Proske, Stephanie Just, Niklas Kalina <\/figcaption><\/figure>\n<\/div>\n\n\n<div style=\"height:40px\" aria-hidden=\"true\" class=\"wp-block-spacer\"><\/div>\n\n\n<div class=\"wp-block-image\">\n<figure class=\"alignright size-large is-resized\"><a href=\"https:\/\/www.hsu-hh.de\/theevs\/schreiber\"><img loading=\"lazy\" decoding=\"async\" width=\"642\" height=\"1024\" src=\"https:\/\/www.hsu-hh.de\/theevs\/wp-content\/uploads\/sites\/736\/2023\/10\/G.Schreiber_rd-642x1024.jpg\" data-credit=\"HSU\" alt=\"\" class=\"wp-image-292\" style=\"width:219px;height:auto\" srcset=\"https:\/\/www.hsu-hh.de\/theevs\/wp-content\/uploads\/sites\/736\/2023\/10\/G.Schreiber_rd-642x1024.jpg 642w, https:\/\/www.hsu-hh.de\/theevs\/wp-content\/uploads\/sites\/736\/2023\/10\/G.Schreiber_rd-188x300.jpg 188w, https:\/\/www.hsu-hh.de\/theevs\/wp-content\/uploads\/sites\/736\/2023\/10\/G.Schreiber_rd-768x1226.jpg 768w, https:\/\/www.hsu-hh.de\/theevs\/wp-content\/uploads\/sites\/736\/2023\/10\/G.Schreiber_rd-962x1536.jpg 962w, https:\/\/www.hsu-hh.de\/theevs\/wp-content\/uploads\/sites\/736\/2023\/10\/G.Schreiber_rd-1283x2048.jpg 1283w, https:\/\/www.hsu-hh.de\/theevs\/wp-content\/uploads\/sites\/736\/2023\/10\/G.Schreiber_rd-1100x1756.jpg 1100w, https:\/\/www.hsu-hh.de\/theevs\/wp-content\/uploads\/sites\/736\/2023\/10\/G.Schreiber_rd.jpg 1320w\" sizes=\"auto, (max-width: 642px) 100vw, 642px\" \/><\/a><figcaption class=\"wp-element-caption\"><a href=\"https:\/\/www.hsu-hh.de\/theevs\/schreiber\" data-type=\"page\" data-id=\"121\"><abbr title=\"Professor\">Prof.<\/abbr> <abbr title=\"Doktor\">Dr.<\/abbr> Gerhard Schreiber<\/a><\/figcaption><\/figure>\n<\/div>\n\n\n<p>In der wissenschaftlichen Auseinandersetzung mit den Daseinsfragen der Gesellschaft erweist sich Ethik als unverzichtbares Reflexionsinstrument, indem sie diese Daseinsfragen theoretisch durchdringt und auf ihre ethische Dimension hin transparent macht.<\/p>\n\n\n\n<p>Die Professur f\u00fcr Evangelische Theologie nimmt diese Aufgabe unter besonderer Ber\u00fccksichtigung der Sozial- und Technikethik wahr. W\u00e4hrend <em>Sozialethik <\/em>eine methodische Betrachtungs- und Zugangsweise bezeichnet, die prim\u00e4r auf die soziale Dimension der verschiedenen ethischen Themenfelder fokussiert, steht <em>Technikethik <\/em>f\u00fcr die ethische Reflexion von Technik in der Vielfalt ihrer Bez\u00fcge im Herstellungs-, Anwendungs- und Folgenkontext. Zwischen beiden ergeben sich komplexe Interdependenzen, die es diskursiv auszuloten und in interdisziplin\u00e4ren Forschungszusammenh\u00e4ngen zu analysieren gilt.<\/p>\n\n\n\n<p>Das Lehrangebot der Professur ist grunds\u00e4tzlich interdisziplin\u00e4r ausgerichtet und verbindet theoretisches Grundlagenwissen mit anwendungsbezogenen Praxisbeispielen. Neben der Vermittlung unterschiedlicher Perspektiven auf die jeweiligen Fragestellungen sind Austausch und Diskussion wesentliche Bestandteile der Lehrveranstaltungen. <\/p>\n\n\n\n<p><strong>Zu den Forschungsthemen des Lehrstuhls geh\u00f6ren <abbr title=\"unter anderem\">u.a.<\/abbr>:<\/strong> <\/p>\n\n\n\n<ul class=\"wp-block-list\">\n<li>Grundlagen- und Gegenwartsfragen der Technikethik<\/li>\n\n\n\n<li>KI-Ethik (AI Ethics)<\/li>\n\n\n\n<li>Anthropologie im interdisziplin\u00e4ren Wissenschaftsdiskurs<\/li>\n\n\n\n<li>Sexualethik<\/li>\n\n\n\n<li>Health Consumer Ethics<\/li>\n\n\n\n<li>Deutsche S\u00f8ren Kierkegaard Edition (DSKE)<\/li>\n<\/ul>\n\n\n\n<div style=\"height:40px\" aria-hidden=\"true\" class=\"wp-block-spacer\"><\/div>\n\n\n\n<div style=\"height:40px\" aria-hidden=\"true\" class=\"wp-block-spacer\"><\/div>\n\n\n\n<div class=\"wp-block-columns is-layout-flex wp-container-core-columns-is-layout-9d6595d7 wp-block-columns-is-layout-flex\">\n<div class=\"wp-block-column is-layout-flow wp-block-column-is-layout-flow\"><\/div>\n\n\n\n<div class=\"wp-block-column is-layout-flow wp-block-column-is-layout-flow\"><\/div>\n\n\n\n<div class=\"wp-block-column is-layout-flow wp-block-column-is-layout-flow\"><\/div>\n<\/div>\n","protected":false},"excerpt":{"rendered":"<p>Herzlich willkommen auf der Webseite des Lehrstuhls f\u00fcr Evangelische Theologie! In der wissenschaftlichen Auseinandersetzung mit den Daseinsfragen der Gesellschaft erweist sich Ethik als unverzichtbares Reflexionsinstrument, indem sie diese Daseinsfragen theoretisch [&hellip;]<\/p>\n","protected":false},"author":3774,"featured_media":0,"parent":0,"menu_order":0,"comment_status":"closed","ping_status":"closed","template":"","meta":{"footnotes":""},"categories":[35],"tags":[],"class_list":["post-73","page","type-page","status-publish","hentry","category-startseite"],"_links":{"self":[{"href":"https:\/\/www.hsu-hh.de\/theevs\/wp-json\/wp\/v2\/pages\/73","targetHints":{"allow":["GET"]}}],"collection":[{"href":"https:\/\/www.hsu-hh.de\/theevs\/wp-json\/wp\/v2\/pages"}],"about":[{"href":"https:\/\/www.hsu-hh.de\/theevs\/wp-json\/wp\/v2\/types\/page"}],"author":[{"embeddable":true,"href":"https:\/\/www.hsu-hh.de\/theevs\/wp-json\/wp\/v2\/users\/3774"}],"replies":[{"embeddable":true,"href":"https:\/\/www.hsu-hh.de\/theevs\/wp-json\/wp\/v2\/comments?post=73"}],"version-history":[{"count":66,"href":"https:\/\/www.hsu-hh.de\/theevs\/wp-json\/wp\/v2\/pages\/73\/revisions"}],"predecessor-version":[{"id":2542,"href":"https:\/\/www.hsu-hh.de\/theevs\/wp-json\/wp\/v2\/pages\/73\/revisions\/2542"}],"wp:attachment":[{"href":"https:\/\/www.hsu-hh.de\/theevs\/wp-json\/wp\/v2\/media?parent=73"}],"wp:term":[{"taxonomy":"category","embeddable":true,"href":"https:\/\/www.hsu-hh.de\/theevs\/wp-json\/wp\/v2\/categories?post=73"},{"taxonomy":"post_tag","embeddable":true,"href":"https:\/\/www.hsu-hh.de\/theevs\/wp-json\/wp\/v2\/tags?post=73"}],"curies":[{"name":"wp","href":"https:\/\/api.w.org\/{rel}","templated":true}]}}