{"id":312,"date":"2023-10-05T00:23:44","date_gmt":"2023-10-04T22:23:44","guid":{"rendered":"https:\/\/www.hsu-hh.de\/theevs\/?page_id=312"},"modified":"2026-02-12T23:53:13","modified_gmt":"2026-02-12T22:53:13","slug":"sekretariat","status":"publish","type":"page","link":"https:\/\/www.hsu-hh.de\/theevs\/sekretariat","title":{"rendered":"Sekretariat"},"content":{"rendered":"\n<h3 class=\"wp-block-heading\">Sven&nbsp;Schulz<\/h3>\n\n\n\n<h3 class=\"wp-block-heading\">Stephanie Just<\/h3>\n\n\n\n<p><\/p>\n\n\n\n<div style=\"height:20px\" aria-hidden=\"true\" class=\"wp-block-spacer\"><\/div>\n\n\n\n<div class=\"wp-block-columns is-layout-flex wp-container-core-columns-is-layout-9d6595d7 wp-block-columns-is-layout-flex\">\n<div class=\"wp-block-column is-layout-flow wp-block-column-is-layout-flow\">\n<h2 class=\"wp-block-heading\">Kontakt<\/h2>\n\n\n\n<p>E-Mail: <a href=\"mailto:schreiber@hsu-hh.de\" rel='nofollow'>schulzs@hsu.hamburg<\/a><\/p>\n\n\n\n<p>E-Mail: <a href=\"mailto:stephanie.just@hsu.hamburg\" rel='nofollow'>stephanie.just@hsu.hamburg<\/a><\/p>\n\n\n\n<p>Telefon: 040 6541-3031 &amp; 040 6541-4848<\/p>\n<\/div>\n\n\n\n<div class=\"wp-block-column is-layout-flow wp-block-column-is-layout-flow\">\n<h3 class=\"wp-block-heading\">Besucheranschrift<\/h3>\n\n\n\n<p>Helmut-Schmidt-Universit\u00e4t<br>Geb\u00e4ude H52, Raum 047<br>Am Stadtrand 52<br>22047 Hamburg<\/p>\n\n\n\n<h3 class=\"wp-block-heading\">Postanschrift<\/h3>\n\n\n\n<p>Helmut-Schmidt-Universit\u00e4t<br>Fakult\u00e4t f\u00fcr Geistes- und Sozialwissenschaften<br>Evangelische Theologie<br>Postfach 70 08 22<br>22008 Hamburg<\/p>\n<\/div>\n<\/div>\n\n\n\n<p><\/p>\n","protected":false},"excerpt":{"rendered":"<p>Sven&nbsp;Schulz Stephanie Just Kontakt E-Mail: schulzs@hsu.hamburg E-Mail: stephanie.just@hsu.hamburg Telefon: 040 6541-3031 &amp; 040 6541-4848 Besucheranschrift Helmut-Schmidt-Universit\u00e4tGeb\u00e4ude H52, Raum 047Am Stadtrand 5222047 Hamburg Postanschrift Helmut-Schmidt-Universit\u00e4tFakult\u00e4t f\u00fcr Geistes- und SozialwissenschaftenEvangelische TheologiePostfach 70 [&hellip;]<\/p>\n","protected":false},"author":3774,"featured_media":0,"parent":0,"menu_order":0,"comment_status":"closed","ping_status":"closed","template":"","meta":{"footnotes":""},"categories":[4],"tags":[],"class_list":["post-312","page","type-page","status-publish","hentry","category-forschung"],"_links":{"self":[{"href":"https:\/\/www.hsu-hh.de\/theevs\/wp-json\/wp\/v2\/pages\/312","targetHints":{"allow":["GET"]}}],"collection":[{"href":"https:\/\/www.hsu-hh.de\/theevs\/wp-json\/wp\/v2\/pages"}],"about":[{"href":"https:\/\/www.hsu-hh.de\/theevs\/wp-json\/wp\/v2\/types\/page"}],"author":[{"embeddable":true,"href":"https:\/\/www.hsu-hh.de\/theevs\/wp-json\/wp\/v2\/users\/3774"}],"replies":[{"embeddable":true,"href":"https:\/\/www.hsu-hh.de\/theevs\/wp-json\/wp\/v2\/comments?post=312"}],"version-history":[{"count":15,"href":"https:\/\/www.hsu-hh.de\/theevs\/wp-json\/wp\/v2\/pages\/312\/revisions"}],"predecessor-version":[{"id":2644,"href":"https:\/\/www.hsu-hh.de\/theevs\/wp-json\/wp\/v2\/pages\/312\/revisions\/2644"}],"wp:attachment":[{"href":"https:\/\/www.hsu-hh.de\/theevs\/wp-json\/wp\/v2\/media?parent=312"}],"wp:term":[{"taxonomy":"category","embeddable":true,"href":"https:\/\/www.hsu-hh.de\/theevs\/wp-json\/wp\/v2\/categories?post=312"},{"taxonomy":"post_tag","embeddable":true,"href":"https:\/\/www.hsu-hh.de\/theevs\/wp-json\/wp\/v2\/tags?post=312"}],"curies":[{"name":"wp","href":"https:\/\/api.w.org\/{rel}","templated":true}]}}