{"id":2174,"date":"2025-09-29T08:37:59","date_gmt":"2025-09-29T06:37:59","guid":{"rendered":"https:\/\/www.hsu-hh.de\/theevs\/?page_id=2174"},"modified":"2025-12-13T16:19:29","modified_gmt":"2025-12-13T15:19:29","slug":"dr-alexander-antonov","status":"publish","type":"page","link":"https:\/\/www.hsu-hh.de\/theevs\/dr-alexander-antonov","title":{"rendered":"Dr. Alexander Antonov"},"content":{"rendered":"\n<p><strong>Wissenschaftlicher Mitarbeiter am Lehrstuhl f\u00fcr Evangelische Theologie<\/strong> <strong>u.b.B. der Sozial- und Technikethik<\/strong><\/p>\n\n\n\n<div class=\"wp-block-columns is-layout-flex wp-container-core-columns-is-layout-9d6595d7 wp-block-columns-is-layout-flex\">\n<div class=\"wp-block-column is-layout-flow wp-block-column-is-layout-flow\">\n<figure class=\"wp-block-image size-large\"><img loading=\"lazy\" decoding=\"async\" width=\"1024\" height=\"683\" src=\"https:\/\/www.hsu-hh.de\/theevs\/wp-content\/uploads\/sites\/736\/2025\/12\/20251210_Prof_Schreiber_Gruppe_ev_Theologie_CG_05-1024x683.jpg\" data-credit=\"Gelhausen\/Bundeswehr\/HSU\/UniBwH\" alt=\"\" class=\"wp-image-2522\" srcset=\"https:\/\/www.hsu-hh.de\/theevs\/wp-content\/uploads\/sites\/736\/2025\/12\/20251210_Prof_Schreiber_Gruppe_ev_Theologie_CG_05-1024x683.jpg 1024w, https:\/\/www.hsu-hh.de\/theevs\/wp-content\/uploads\/sites\/736\/2025\/12\/20251210_Prof_Schreiber_Gruppe_ev_Theologie_CG_05-300x200.jpg 300w, https:\/\/www.hsu-hh.de\/theevs\/wp-content\/uploads\/sites\/736\/2025\/12\/20251210_Prof_Schreiber_Gruppe_ev_Theologie_CG_05-768x512.jpg 768w, https:\/\/www.hsu-hh.de\/theevs\/wp-content\/uploads\/sites\/736\/2025\/12\/20251210_Prof_Schreiber_Gruppe_ev_Theologie_CG_05-1536x1024.jpg 1536w, https:\/\/www.hsu-hh.de\/theevs\/wp-content\/uploads\/sites\/736\/2025\/12\/20251210_Prof_Schreiber_Gruppe_ev_Theologie_CG_05-2048x1365.jpg 2048w, https:\/\/www.hsu-hh.de\/theevs\/wp-content\/uploads\/sites\/736\/2025\/12\/20251210_Prof_Schreiber_Gruppe_ev_Theologie_CG_05-1100x733.jpg 1100w\" sizes=\"auto, (max-width: 1024px) 100vw, 1024px\" \/><\/figure>\n<\/div>\n\n\n\n<div class=\"wp-block-column is-layout-flow wp-block-column-is-layout-flow\">\n<h2 class=\"wp-block-heading\">Kontakt<\/h2>\n\n\n\n<p><strong>E-Mail<\/strong>: antonova@hsu.hamburg<br><strong>Telefon<\/strong>: +49 (0)40 6541 4746<\/p>\n<\/div>\n\n\n\n<div class=\"wp-block-column is-layout-flow wp-block-column-is-layout-flow\">\n<h3 class=\"wp-block-heading\">Besucheranschrift<\/h3>\n\n\n\n<p>Helmut-Schmidt-Universit\u00e4t<br>Geb\u00e4ude H52, R. 033<br>Am Stadtrand 52<br>22047 Hamburg<\/p>\n\n\n\n<h3 class=\"wp-block-heading\">Postanschrift<\/h3>\n\n\n\n<p>Helmut-Schmidt-Universit\u00e4t<br>Evangelische Theologie<br>Postfach 70 08 22<br>22008 Hamburg<\/p>\n<\/div>\n<\/div>\n\n\n\n<p class=\"has-text-align-left\"><strong>Kurzvita<\/strong><\/p>\n\n\n\n<ul class=\"wp-block-list\">\n<li>seit Dezember 2025: Wissenschaftlicher Mitarbeiter, Lehrstuhl f\u00fcr Evangelische Theologie unter besonderer Ber\u00fccksichtigung der Sozial- und Technikethik, AI Ethics Research Hub, Helmut-Schmidt-Universit\u00e4t\/Universit\u00e4t der Bundeswehr Hamburg (<abbr title=\"Helmut Schmidt Universit\u00e4t\">HSU<\/abbr>\/UniBw H)<\/li>\n\n\n\n<li>2025: Projektmanager, MEDILYS Laborgesellschaft mbH, Hamburg<\/li>\n\n\n\n<li>2024: Promotion zum <abbr title=\"Doktor\">Dr.<\/abbr> phil. im Fach Verwaltungswissenschaften, Ragnar Nurkse Department of Innovation and Governance, Technische Universit\u00e4t Tallinn, Estland<\/li>\n\n\n\n<li>2018-2025: Wissenschaftlicher Mitarbeiter, Lehrstuhl f\u00fcr European Legal Policy and Law &amp; Technology, Technische Universit\u00e4t Tallinn, Estland<\/li>\n\n\n\n<li>2018: Master of Social Sciences in International Security and Law, S\u00fcdd\u00e4nische Universit\u00e4t, D\u00e4nemark<\/li>\n\n\n\n<li>2016: Bachelor of Science in European Studies, S\u00fcdd\u00e4nische Universit\u00e4t, D\u00e4nemark<\/li>\n<\/ul>\n\n\n\n<p><strong>Publikationen<\/strong><\/p>\n\n\n\n<ul class=\"wp-block-list\">\n<li>Antonov, A. (2024). <em>Human Rights-Based Legal Conditions for Trustworthy AI<\/em> [TalTech Press]. <a href=\"https:\/\/doi.org\/10.23658\/TALTECH.55\/2024\" rel='nofollow'>doi.org\/10.23658\/TALTECH.55\/2024<\/a><\/li>\n\n\n\n<li>Antonov, A. (2022). Managing Complexity: The EU\u2019s Contribution to Artificial intelligence Governance. <em>Revista CIDOB d\u2019Afers Internacionals<\/em>, (131), 41-65. <a href=\"https:\/\/doi.org\/10.24241\/rcai.2022.131.2.41\/en\" rel='nofollow'>doi.org\/10.24241\/rcai.2022.131.2.41\/en<\/a><\/li>\n\n\n\n<li>Antonov, A., H\u00e4ring, T., Kor\u00f5tko, T., Rosin, A., Kerikm\u00e4e, T., &amp; Biechl, H. (2021). Pitfalls of Machine Learning Methods in Smart Grids: A Legal Perspective. In <em>Proceedings &#8211; 2021 International Symposium on Computer Science and Intelligent Controls (ISCSIC)<\/em>, 12-14 November 2021, Rome (S. 248-256). Institute of Electrical and Electronics Engineers (IEEE). Danvers. <a href=\"https:\/\/doi.org\/10.1109\/ISCSIC54682.2021.00053\" rel='nofollow'>doi.org\/10.1109\/ISCSIC54682.2021.00053<\/a><\/li>\n\n\n\n<li>Antonov, A., &amp; Kerikm\u00e4e, T. (2020). Trustworthy AI as a Future Driver for Competitiveness and Social Change in the EU. In D. R. Troiti\u00f1o, T. Kerikm\u00e4e, R. M. de la Guardia, &amp; G. \u00c1. P. S\u00e1nchez (<abbr title=\"Herausgeber\">Hrsg.<\/abbr>), <em>The EU in the 21st Century: Challenges and<\/em> <em>Opportunities for the European Integration Process<\/em> (S. 135\u2212154). Springer International Publishing. <a href=\"https:\/\/doi.org\/10.1007\/978-3-030-38399-2_9&nbsp;\" rel='nofollow'>doi.org\/10.1007\/978-3-030-38399-2_9&nbsp;<\/a><\/li>\n\n\n\n<li>Kasper, A., &amp; Antonov, A. (2019). Towards Conceptualizing EU Cybersecurity Law. In <em>ZEI Discussion Paper<\/em>, C253. Bonn: Center for European Integration Studies [Zentrum f\u00fcr Europ\u00e4ische Integrationsforschung]. <a href=\"https:\/\/hdl.handle.net\/20.500.11811\/9849\" rel='nofollow'>https:\/\/hdl.handle.net\/20.500.11811\/9849<\/a><\/li>\n\n\n\n<li>Kerikm\u00e4e, T., Nyman Metcalf, K., Hoffmann, T., Minn, M., Liiv, I., Taveter, K., Shumilo, O., Solarte, C. &amp; Antonov, A. (2019). 1st Report on Legal Framework and Analysis Related to Autonomous Intelligent Technologies. Riigikantselei. <a href=\"https:\/\/www.etis.ee\/Portal\/Publications\/Display\/de2b4796-b916-4d03-9f19-dd1fd4aa633e\" rel='nofollow'>www.etis.ee\/Portal\/Publications\/Display\/de2b4796-b916-4d03-9f19-dd1fd4aa633e<\/a><\/li>\n\n\n\n<li>Antonov, A. (2018). Russia\u2019s Aggression Against Ukraine: State Responsibility, Individual Responsibility and Accountability [Master\u2019s thesis, University of Southern Denmark]. <em>JuSDU<\/em>. <a href=\"https:\/\/www.sdu.dk\/da\/om-sdu\/institutter-centre\/juridisk-institut\/jusdus\/2018\" rel='nofollow'>www.sdu.dk\/da\/om-sdu\/institutter-centre\/juridisk-institut\/jusdus\/2018<\/a><\/li>\n<\/ul>\n\n\n\n<p><\/p>\n","protected":false},"excerpt":{"rendered":"<p>Wissenschaftlicher Mitarbeiter am Lehrstuhl f\u00fcr Evangelische Theologie u.b.B. der Sozial- und Technikethik Kontakt E-Mail: antonova@hsu.hamburgTelefon: +49 (0)40 6541 4746 Besucheranschrift Helmut-Schmidt-Universit\u00e4tGeb\u00e4ude H52, R. 033Am Stadtrand 5222047 Hamburg Postanschrift Helmut-Schmidt-Universit\u00e4tEvangelische TheologiePostfach [&hellip;]<\/p>\n","protected":false},"author":3847,"featured_media":0,"parent":0,"menu_order":0,"comment_status":"closed","ping_status":"closed","template":"","meta":{"footnotes":""},"categories":[35],"tags":[],"class_list":["post-2174","page","type-page","status-publish","hentry","category-startseite"],"_links":{"self":[{"href":"https:\/\/www.hsu-hh.de\/theevs\/wp-json\/wp\/v2\/pages\/2174","targetHints":{"allow":["GET"]}}],"collection":[{"href":"https:\/\/www.hsu-hh.de\/theevs\/wp-json\/wp\/v2\/pages"}],"about":[{"href":"https:\/\/www.hsu-hh.de\/theevs\/wp-json\/wp\/v2\/types\/page"}],"author":[{"embeddable":true,"href":"https:\/\/www.hsu-hh.de\/theevs\/wp-json\/wp\/v2\/users\/3847"}],"replies":[{"embeddable":true,"href":"https:\/\/www.hsu-hh.de\/theevs\/wp-json\/wp\/v2\/comments?post=2174"}],"version-history":[{"count":7,"href":"https:\/\/www.hsu-hh.de\/theevs\/wp-json\/wp\/v2\/pages\/2174\/revisions"}],"predecessor-version":[{"id":2547,"href":"https:\/\/www.hsu-hh.de\/theevs\/wp-json\/wp\/v2\/pages\/2174\/revisions\/2547"}],"wp:attachment":[{"href":"https:\/\/www.hsu-hh.de\/theevs\/wp-json\/wp\/v2\/media?parent=2174"}],"wp:term":[{"taxonomy":"category","embeddable":true,"href":"https:\/\/www.hsu-hh.de\/theevs\/wp-json\/wp\/v2\/categories?post=2174"},{"taxonomy":"post_tag","embeddable":true,"href":"https:\/\/www.hsu-hh.de\/theevs\/wp-json\/wp\/v2\/tags?post=2174"}],"curies":[{"name":"wp","href":"https:\/\/api.w.org\/{rel}","templated":true}]}}