{"id":1574,"date":"2025-05-02T11:10:18","date_gmt":"2025-05-02T09:10:18","guid":{"rendered":"https:\/\/www.hsu-hh.de\/theevs\/?page_id=1574"},"modified":"2025-09-22T16:41:10","modified_gmt":"2025-09-22T14:41:10","slug":"interviews-2","status":"publish","type":"page","link":"https:\/\/www.hsu-hh.de\/theevs\/en\/interviews-2","title":{"rendered":"Interviews"},"content":{"rendered":"\n<ul class=\"wp-block-list\">\n<li><strong>May 20, 2025<\/strong>: \u00bb<a href=\"https:\/\/www.uni-wh.de\/kontrolle-der-intransparenz\" rel='nofollow'>Kontrolle der Intransparenz \u2013 KI in gro\u00dfen Organisationen und Unternehmen<\/a>\u00ab, interview with <abbr title=\"Professor\">Prof.<\/abbr> <abbr title=\"Doktor\">Dr.<\/abbr> Gerhard Schreiber, University Witten\/Herdecke.<\/li>\n\n\n\n<li><strong>February 1, 2025: \u00bb<\/strong><a href=\"https:\/\/zeitzeichen.net\/node\/11634\" data-type=\"link\" data-id=\"https:\/\/zeitzeichen.net\/node\/11634\" rel='nofollow'>Utopisches Potenzial. Lukas Johrendt erschlie\u00dft f\u00fcr die Ethik ein neues Verst\u00e4ndnis des Begriffes \u201eGesetz\u201c<\/a><strong>\u00ab<\/strong>, interview with Lukas Johrendt, Zeitzeichen 02\/2025<\/li>\n\n\n\n<li><strong>January 22, 2025<\/strong>: &#8222;Evangelische Kirche. Wenn Opfer sexualisierter Gewalt vergeben sollen&#8220;, Interview with <abbr title=\"Professor\">Prof.<\/abbr> <abbr title=\"Doktor\">Dr.<\/abbr> Gerhard Schreiber in <em>Deutschlandfunk<\/em>. URL: <a href=\"https:\/\/www.deutschlandfunk.de\/taetern-vorschnell-vergeben-die-theologie-der-vergebung-und-sexueller-missbrauch-100.html\" rel='nofollow'>https:\/\/www.deutschlandfunk.de\/taetern-vorschnell-vergeben-die-theologie-der-vergebung-und-sexueller-missbrauch-100.html<\/a><\/li>\n\n\n\n<li><strong>November 18, 2024<\/strong>: \u00bbEin blinder Fleck in der evangelischen Ethik\u00ab, Interview with <abbr title=\"Professor\">Prof.<\/abbr> <abbr title=\"Doktor\">Dr.<\/abbr> Gerhard Schreiber, <em>ForuM-Bulletin<\/em>. URL: <a href=\"https:\/\/s3-eu-west-1.amazonaws.com\/\/files.crsend.com\/381000\/381563\/rss\/media\/15218463.htm#Interview\" target=\"_blank\" rel=\"noreferrer noopener\">https:\/\/s3-eu-west-1.amazonaws.com\/\/files.crsend.com\/381000\/381563\/rss\/media\/15218463.htm#Interview<\/a><\/li>\n<\/ul>\n\n\n\n<p><\/p>\n","protected":false},"excerpt":{"rendered":"","protected":false},"author":3847,"featured_media":0,"parent":0,"menu_order":0,"comment_status":"closed","ping_status":"closed","template":"","meta":{"footnotes":""},"categories":[7],"tags":[],"class_list":["post-1574","page","type-page","status-publish","hentry","category-research"],"_links":{"self":[{"href":"https:\/\/www.hsu-hh.de\/theevs\/wp-json\/wp\/v2\/pages\/1574","targetHints":{"allow":["GET"]}}],"collection":[{"href":"https:\/\/www.hsu-hh.de\/theevs\/wp-json\/wp\/v2\/pages"}],"about":[{"href":"https:\/\/www.hsu-hh.de\/theevs\/wp-json\/wp\/v2\/types\/page"}],"author":[{"embeddable":true,"href":"https:\/\/www.hsu-hh.de\/theevs\/wp-json\/wp\/v2\/users\/3847"}],"replies":[{"embeddable":true,"href":"https:\/\/www.hsu-hh.de\/theevs\/wp-json\/wp\/v2\/comments?post=1574"}],"version-history":[{"count":5,"href":"https:\/\/www.hsu-hh.de\/theevs\/wp-json\/wp\/v2\/pages\/1574\/revisions"}],"predecessor-version":[{"id":2148,"href":"https:\/\/www.hsu-hh.de\/theevs\/wp-json\/wp\/v2\/pages\/1574\/revisions\/2148"}],"wp:attachment":[{"href":"https:\/\/www.hsu-hh.de\/theevs\/wp-json\/wp\/v2\/media?parent=1574"}],"wp:term":[{"taxonomy":"category","embeddable":true,"href":"https:\/\/www.hsu-hh.de\/theevs\/wp-json\/wp\/v2\/categories?post=1574"},{"taxonomy":"post_tag","embeddable":true,"href":"https:\/\/www.hsu-hh.de\/theevs\/wp-json\/wp\/v2\/tags?post=1574"}],"curies":[{"name":"wp","href":"https:\/\/api.w.org\/{rel}","templated":true}]}}