{"id":1165,"date":"2025-01-22T14:17:48","date_gmt":"2025-01-22T13:17:48","guid":{"rendered":"https:\/\/www.hsu-hh.de\/theevs\/?page_id=1165"},"modified":"2025-09-22T16:41:56","modified_gmt":"2025-09-22T14:41:56","slug":"interviews","status":"publish","type":"page","link":"https:\/\/www.hsu-hh.de\/theevs\/interviews","title":{"rendered":"Interviews"},"content":{"rendered":"\n<ul class=\"wp-block-list\">\n<li><strong>20.05.2025<\/strong>: \u00bb<a href=\"https:\/\/www.uni-wh.de\/kontrolle-der-intransparenz\" rel='nofollow'>Kontrolle der Intransparenz \u2013 KI in gro\u00dfen Organisationen und Unternehmen<\/a>\u00ab, Interview mit <abbr title=\"Professor\">Prof.<\/abbr> <abbr title=\"Doktor\">Dr.<\/abbr> Gerhard Schreiber, Universit\u00e4t Witten\/Herdecke.<\/li>\n\n\n\n<li><strong>01.02.2025: \u00bb<\/strong><a href=\"https:\/\/zeitzeichen.net\/node\/11634\" data-type=\"link\" data-id=\"https:\/\/zeitzeichen.net\/node\/11634\" rel='nofollow'>Utopisches Potenzial. Lukas Johrendt erschlie\u00dft f\u00fcr die Ethik ein neues Verst\u00e4ndnis des Begriffes \u201eGesetz\u201c<\/a><strong>\u00ab<\/strong>, Interview mit Mag. theol. Lukas Johrendt, Zeitzeichen 02\/2025<\/li>\n\n\n\n<li><strong>22.01.2025<\/strong>: \u00bb<a href=\"https:\/\/www.deutschlandfunk.de\/taetern-vorschnell-vergeben-die-theologie-der-vergebung-und-sexueller-missbrauch-100.html\" rel='nofollow'>Evangelische Kirche. Wenn Opfer sexualisierter Gewalt vergeben sollen<\/a>\u00ab, Interview mit <abbr title=\"Professor\">Prof.<\/abbr> <abbr title=\"Doktor\">Dr.<\/abbr> Gerhard Schreiber, <em>Deutschlandfunk<\/em>.<\/li>\n\n\n\n<li><strong>18.11.2024<\/strong>: \u00bb<a href=\"https:\/\/s3-eu-west-1.amazonaws.com\/\/files.crsend.com\/381000\/381563\/rss\/media\/15218463.htm#Interview\" rel='nofollow'>Ein blinder Fleck in der evangelischen Ethik<\/a>\u00ab, Interview mit <abbr title=\"Professor\">Prof.<\/abbr> <abbr title=\"Doktor\">Dr.<\/abbr> Gerhard Schreiber, <em>ForuM-Bulletin<\/em>.  <\/li>\n\n\n\n<li><strong>01.07.2024<\/strong>: \u00bbZum Einsatz von KI im Bildungsbereich\u00ab, Interview mit <abbr title=\"Professor\">Prof.<\/abbr> <abbr title=\"Doktor\">Dr.<\/abbr> Gerhard Schreiber, <em>Hessischer Rundfunk<\/em> (hr2).<\/li>\n\n\n\n<li><strong>07.06.2024<\/strong>: \u00bbGenerative Text-KI in der Bildung: Hilfe und Hindernis?\u00ab, ZEVEDI-Veranstaltung anl\u00e4sslich des Digitaltags 2024, Darmstadt.<\/li>\n\n\n\n<li><strong>04.12.2022<\/strong>: \u00bbAkzeptanz geschlechtlicher Vielfeld\u00ab, Interview mit <abbr title=\"Professor\">Prof.<\/abbr> <abbr title=\"Doktor\">Dr.<\/abbr> Gerhard Schreiber, <em>WDR<\/em>. <\/li>\n\n\n\n<li><strong>30.01.2022<\/strong>: \u00bbQueere Exegese\u00ab, Interview mit <abbr title=\"Professor\">Prof.<\/abbr> <abbr title=\"Doktor\">Dr.<\/abbr> Gerhard Schreiber, <em>Radio Bremen<\/em>.<\/li>\n<\/ul>\n\n\n\n<p><\/p>\n","protected":false},"excerpt":{"rendered":"","protected":false},"author":3847,"featured_media":0,"parent":0,"menu_order":0,"comment_status":"closed","ping_status":"closed","template":"","meta":{"footnotes":""},"categories":[4],"tags":[],"class_list":["post-1165","page","type-page","status-publish","hentry","category-forschung"],"_links":{"self":[{"href":"https:\/\/www.hsu-hh.de\/theevs\/wp-json\/wp\/v2\/pages\/1165","targetHints":{"allow":["GET"]}}],"collection":[{"href":"https:\/\/www.hsu-hh.de\/theevs\/wp-json\/wp\/v2\/pages"}],"about":[{"href":"https:\/\/www.hsu-hh.de\/theevs\/wp-json\/wp\/v2\/types\/page"}],"author":[{"embeddable":true,"href":"https:\/\/www.hsu-hh.de\/theevs\/wp-json\/wp\/v2\/users\/3847"}],"replies":[{"embeddable":true,"href":"https:\/\/www.hsu-hh.de\/theevs\/wp-json\/wp\/v2\/comments?post=1165"}],"version-history":[{"count":12,"href":"https:\/\/www.hsu-hh.de\/theevs\/wp-json\/wp\/v2\/pages\/1165\/revisions"}],"predecessor-version":[{"id":2149,"href":"https:\/\/www.hsu-hh.de\/theevs\/wp-json\/wp\/v2\/pages\/1165\/revisions\/2149"}],"wp:attachment":[{"href":"https:\/\/www.hsu-hh.de\/theevs\/wp-json\/wp\/v2\/media?parent=1165"}],"wp:term":[{"taxonomy":"category","embeddable":true,"href":"https:\/\/www.hsu-hh.de\/theevs\/wp-json\/wp\/v2\/categories?post=1165"},{"taxonomy":"post_tag","embeddable":true,"href":"https:\/\/www.hsu-hh.de\/theevs\/wp-json\/wp\/v2\/tags?post=1165"}],"curies":[{"name":"wp","href":"https:\/\/api.w.org\/{rel}","templated":true}]}}