{"id":1066,"date":"2024-12-03T10:10:11","date_gmt":"2024-12-03T09:10:11","guid":{"rendered":"https:\/\/www.hsu-hh.de\/theevs\/?page_id=1066"},"modified":"2026-03-16T14:47:41","modified_gmt":"2026-03-16T13:47:41","slug":"vortraege","status":"publish","type":"page","link":"https:\/\/www.hsu-hh.de\/theevs\/vortraege","title":{"rendered":"Vortr\u00e4ge"},"content":{"rendered":"\n<div style=\"height:20px\" aria-hidden=\"true\" class=\"wp-block-spacer\"><\/div>\n\n\n\n<h3 class=\"wp-block-heading\"><abbr title=\"Universit\u00e4tsprofessor\">Univ.-Prof.<\/abbr> <abbr title=\"Doktor\">Dr.<\/abbr> <abbr title=\"habilitatus\">habil.<\/abbr> Gerhard Schreiber<\/h3>\n\n\n\n<div style=\"height:20px\" aria-hidden=\"true\" class=\"wp-block-spacer\"><\/div>\n\n\n\n<p><strong>2026<\/strong><\/p>\n\n\n\n<ul class=\"wp-block-list\">\n<li><strong>23. April 2026<\/strong>: <em>KI, Ethik und Verantwortung: Perspektiven f\u00fcr die gesamtstaatliche Verteidigung<\/em>, Konferenz\u00a0<em>Gesamtstaatliche Verteidigung und Resilienz<\/em>, Fraunhofer-Institut f\u00fcr Kommunikation, Informationsverarbeitung und Ergonomie (FKIE), Leipzig.<\/li>\n\n\n\n<li><strong>07. April 2026<\/strong>: <em>Kirche im Dorf. Warum KI keine theologische Frage, aber eine Frage f\u00fcr die Theologie ist<\/em>, Tag der Theologie, Fachbereich Evangelische Theologie, Universit\u00e4t Hamburg.<\/li>\n\n\n\n<li><strong>25. M\u00e4rz 2026<\/strong>: <em>\u201eGiftige Daten\u201c \u2013 Datentoxikalit\u00e4t als Bruchstelle digitaler Bildungsprozesse<\/em>, Symposium 75:\u00a0<em>Unbestimmtheit, Toxikalit\u00e4t und Ungebrochenes \u2013 Digitale und temporale Herausforderungen f\u00fcr Bildungsprozesse \u00fcber die Lebensspanne<\/em>, DGfE-Kongresses 2026, M\u00fcnchen.<\/li>\n\n\n\n<li><strong>12. M\u00e4rz 2026<\/strong>: <em>\u201eIch glaube an Gott, \u2026 den Allm\u00e4chtigen\u2026\u201c<\/em>, Tagung:\u00a0<em>Abgr\u00fcnde. Christliche Glaubensvorstellungen in der Auseinandersetzung mit sexualisierter Gewalt und Machtmissbrauch,<\/em>\u00a0Universit\u00e4t Hildesheim.<\/li>\n\n\n\n<li><strong>06. M\u00e4rz 2026<\/strong>: Trans* in Neurowissenschaften,\u00a0<em>Sexuelle Identit\u00e4t und Menschenw\u00fcrde in Deutschland und weltweit<\/em>, Konrad-Adenauer-Stiftung, Bad Honnef (KS09-050326).<\/li>\n\n\n\n<li><strong>11. Februar 2026<\/strong>: <em>Was KI mit Menschen macht: Transformationen im digitalen Zeitalter<\/em>, Workshop\u00a0<em>Familien der Zukunft \u2013 Transformationen gestalten<\/em>, Bundesfamilienministerium Berlin.<\/li>\n\n\n\n<li><strong>03. Februar 2026<\/strong>: <em>\u201eSuchst du noch oder fragt sie schon?\u201c Technikphilosophische Bedenken gegen\u00fcber KI-generierten Forschungsfragen<\/em>, Tagung: Suchst Du noch oder findet sie schon? K\u00fcnstliche Intelligenz und die Verschiebung historischer Fragestellungen, Akademie der Wissenschaften und der Literatur Mainz.<\/li>\n\n\n\n<li><strong>21. Januar 2026<\/strong>: <em>Sexualit\u00e4t(en) im Christentum: Perspektiven aus evangelischer Sicht<\/em>, Online-Reihe\u00a0<em>Sexualit\u00e4t(en) in den Religionen<\/em>, Evangelische Erwachsenenbildungen Karlsruhe und Pforzheim, \u00d6kumenisches Bildungszentrum sanctclara Mannheim.<\/li>\n<\/ul>\n\n\n\n<p><strong>2025<\/strong><\/p>\n\n\n\n<ul class=\"wp-block-list\">\n<li><strong>15. Dezember 2025<\/strong>: <em><a href=\"https:\/\/www.leuphana.de\/news\/meldungen-universitaet\/ansicht\/2025\/12\/15\/die-gefahren-eines-entgrenzten-krieges-podiumsdiskussion-ueber-die-ethik-von-ki-im-militaerischen.html\" rel='nofollow'>Die Gefahren eines entgrenzten Krieges<\/a><\/em> &#8211; Podiumsdiskussion \u00fcber die Ethik von KI im Milit\u00e4rischen, Leuphana Universit\u00e4t, L\u00fcneburg.<\/li>\n\n\n\n<li><strong>1. Dezember 2025<\/strong>: <em>Gef\u00e4hrlich glaubw\u00fcrdig. Warum wir im Umgang mit K\u00fcnstlicher Intelligenz in Zeiten von Desinformation und Fake-News kritisch bleiben sollten<\/em>, Erding.<\/li>\n\n\n\n<li><strong>27. November 2025<\/strong>: <em>Von der Hand in die Cloud. Mensch, Maschine, Arbeit im Zeitalter der KI<\/em>, DiWop-Netzwerktagung, Hamburg.<\/li>\n\n\n\n<li><strong>19. November 2025<\/strong>: <em>Wunden, die nicht heilen \u2013 Sexueller Missbrauch als Paradigma verletzter Leiblichkeit<\/em>; XXXIII. Werner-Reihlen-Vorlesungen: Leibliche Vulnerabilit\u00e4t, HU Berlin.<\/li>\n\n\n\n<li><strong>17. <strong>November <\/strong>2025 (online)<\/strong>: <em>Geist und Seele angesichts KI<\/em>, Gesellschaft f\u00fcr Wissenschaftsforschung (GeWiF).<\/li>\n\n\n\n<li><strong>17. <strong>November <\/strong>2025<\/strong>: <em>Church in Times of Crisis: The EKD\u2019s Re-Evaluation of Peace Ethics<\/em>, Graduiertenkolleg Krise &#8211; Kritik &#8211; Koh\u00e4sion (GK-UHH-03), University Hamburg.<\/li>\n\n\n\n<li><strong>14. <strong>November <\/strong>2025<\/strong>: <em>Sexualit\u00e4t und Gewalt. Bemerkungen zu ihrem Verh\u00e4ltnis<\/em>, <abbr title=\"Helmut Schmidt Universit\u00e4t\">HSU<\/abbr>\/UniBw H.<\/li>\n\n\n\n<li><strong>6.-10. Oktober 2025<\/strong>: <em>From Genomic Risk to Algorithmic Score: Techno-Ethical Perspectives on AI-Driven Genetic Discrimination<\/em>, Seventh Weissenburg Symposium.<\/li>\n\n\n\n<li><strong>24. September 2025<\/strong>: <em>Kierkegaard und die Mystik<\/em>, KI-Kolloquium Hamburg.<\/li>\n\n\n\n<li><strong>23. September 2025<\/strong>: <em>Weaponized Bullshit. Demokratische Resilienz im Zeitalter toxikalischer Informationsr\u00e4ume<\/em>, Hamburg.<\/li>\n\n\n\n<li><strong>18. September 2025<\/strong>: <em>Akzeptanz geschlechtlicher Vielfalt in der Bundeswehr ohne ihre Verzweckung<\/em>, Interdisziplin\u00e4re Forschungstagung Woke und Wehrhaft. Queere Lebenswirklichkeiten in der Bundesweht, <abbr title=\"Helmut Schmidt Universit\u00e4t\">HSU<\/abbr>\/UniBw H.<\/li>\n\n\n\n<li><strong>17. September 2025<\/strong>: <em>Was verstehen KI<\/em>?, Sprache-und-Wissen-Tagung, Jahrestagung des Forschungsnetzwerks Sprache und Wissen, Akademie der Wissenschaften, Heidelberg.<\/li>\n\n\n\n<li><strong>10. September 2025<\/strong>: <em>Was ist Macht?<\/em> Jahrestagung der gliedkirchlichen Beauftragten f\u00fcr Pr\u00e4dikant:innen- und Lektor:innenarbeit im Raum der EKD, \u00d6sterreich, Schweiz, Neudietendorf.<\/li>\n\n\n\n<li><strong>9. September 2025<\/strong>: <em>Das Gebet \u2013 Gottes Machterweis<\/em>, Jahrestagung der Fachgruppe ST der WGTh, Eisenach.<\/li>\n\n\n\n<li><strong>4. September 2025<\/strong>: <em>Bullshit als Waffe. Toxikalische Informationsr\u00e4ume als Herausforderung f\u00fcr demokratische Resilienz<\/em> (Keynote), (Aus)Bildungskongress der Bundeswehr 2025, Hamburg.<\/li>\n\n\n\n<li><strong>12. Juli 2025<\/strong>: <em>Cognitive Warfare and Democratic Resilience: New Techno-Ethical Frontiers<\/em>, Panel <em>European Defense and Security Affairs<\/em>, 18. Dubrovnik-Forum, Dubrovnik.<\/li>\n\n\n\n<li><strong>3. Juli 2025<\/strong>: <em>Grenzen im Fluss: Mensch-Maschine-Interaktionen im Zeitalter der KI<\/em>, Universit\u00e4t M\u00fcnster.<\/li>\n\n\n\n<li><strong>2. Juli 2025:<\/strong>\u00a0<em>KI und Verstehen<\/em>, Heinrich-Heine-Universit\u00e4t D\u00fcsseldorf.<\/li>\n\n\n\n<li><strong>25. Juni 2025<\/strong>: <em>Im Dunkel der Sexualit\u00e4t. Sexualit\u00e4t und Gewalt<\/em>, Evangelisch-lutherische Landeskirche Hannovers (<em>online<\/em>).<\/li>\n\n\n\n<li><strong>14. Juni 2025<\/strong>: <em>Macht &#8211; Gewalt &#8211; Missbrauch. Bemerkungen zur Verh\u00e4ltniskl\u00e4rung<\/em>, Evangelischer Kirchenkreis An Sieg und Rhein, Sankt Augustin.<\/li>\n\n\n\n<li><strong>5. Juni 2025<\/strong>: <em>Pandoras B\u00fcchse? Zur ethischen Verantwortbarkeit des Einsatzes von KI im milit\u00e4rischen Bereich<\/em>, rtwe, Hochschule Karlsruhe. (Verf\u00fcgbar unter: <a href=\"https:\/\/www.youtube.com\/watch?v=uGNMwMccevc\" rel='nofollow'>https:\/\/www.youtube.com\/watch?v=uGNMwMccevc<\/a>).<\/li>\n\n\n\n<li><strong>3. Juni 2025<\/strong>: <em>Virtuelle Simulation, reales Unrecht: Zur ethischen Beurteilung KI-generierter Missbrauchsabbildungen<\/em>, ZiRR \u2013 Zentrum f\u00fcr interdisziplin\u00e4re Studien zu Religion und Recht, Universit\u00e4t Mainz.<\/li>\n\n\n\n<li><strong>16. Mai 2025<\/strong>: <em>Trans* in Theologie und Neurowissenschaften<\/em>, Konrad-Adenauer-Stiftung, Bad Honnef.<\/li>\n\n\n\n<li><strong>8. Mai 2025<\/strong>: <em>Autonomy in the Age of AI: A Techno-Ethical Perspective on Its Loss and Gain in Higher Education<\/em>, Tagung &#8222;Rearticulating Autonomy. Artificial Intelligence and Digital Autonomy in Higher Education&#8220;, Universit\u00e4t Bielefeld, 7.-9. Mai 2025.<\/li>\n\n\n\n<li><strong>7. Mai 2025<\/strong>: <em>KI-Ethik@MIL<\/em>, KI@BW25, Helmut-Schmidt-Universit\u00e4t\/Universit\u00e4t der Bundeswehr Hamburg.<\/li>\n\n\n\n<li><strong>28. April<\/strong> <strong>2025<\/strong>: <em><a href=\"https:\/\/www.ekd.de\/preisvergabe-hanna-jursch-preis-25088.htm\" rel='nofollow'>Der Hanna-Jursch-Preis \u2013 wichtiger denn je<\/a><\/em>, Verleihung der Hanna-Jursch-Preise 2025 der EKD, Orangerie, Erlangen.<\/li>\n\n\n\n<li><strong>21. M\u00e4rz 2025<\/strong>: <em>Prolegomena to AI Ethics: Challenges and Perspectives<\/em>, The 8th Machine Learning 4 Cyber Physical Systems (ML4CPS), Fraunhofer-Forum, Berlin.<\/li>\n\n\n\n<li><strong>26. Februar 2025<\/strong>: <em>Data Toxicality: Observations and Reflections from a Techno-Ethical Perspective, <\/em>Lecture Series \u201cComputation and Data\u201d, <abbr title=\"Helmut Schmidt Universit\u00e4t\">HSU<\/abbr> AI, Hamburg.<\/li>\n\n\n\n<li><strong>15. Januar 2025<\/strong>: <em>Verstehst Du auch, was Du generierst? \u2013 KI und die Frage des Verstehens<\/em>, Studientag 2025 &#8211; Digitaler Geist? KI und die Geisteswissenschaften, Martin-Luther-Universit\u00e4t, Halle-Wittenberg.<\/li>\n<\/ul>\n\n\n\n<div style=\"height:20px\" aria-hidden=\"true\" class=\"wp-block-spacer\"><\/div>\n\n\n\n<p><strong>Kathrin Bruder<\/strong> <\/p>\n\n\n\n<div style=\"height:20px\" aria-hidden=\"true\" class=\"wp-block-spacer\"><\/div>\n\n\n\n<ul class=\"wp-block-list\">\n<li><strong>24. April 2025<\/strong>: &#8222;Was ist guter, was erlaubter Sex? Einf\u00fchrung in die Sexualethik und Unterschiede zum Strafrecht&#8220;. Im Rahmen der Ringvorlesung &#8222;Sexualstrafrecht im Wandel&#8220; an der juristischen Fakult\u00e4t Hannover unter der Leitung von <abbr title=\"Doktor\">Dr.<\/abbr> Maximilian Nussbaum, Leibniz Universit\u00e4t Hannover.<\/li>\n<\/ul>\n\n\n\n<p><\/p>\n\n\n\n<p><\/p>\n\n\n\n<p><strong>Sylvia K\u00fchne<\/strong><\/p>\n\n\n\n<ul class=\"wp-block-list\">\n<li><strong>26.10.2025<\/strong>: &#8222;Wargaming in the Age of AI: From synthetical immersion to analytical simulation?&#8220; Vortrag auf der ECAI 2025, Bologna, Italien [Workshop W33 AI in Security and Defense (AI4SD)]<\/li>\n<\/ul>\n","protected":false},"excerpt":{"rendered":"<p>Univ.-Prof. Dr. habil. Gerhard Schreiber 2026 2025 Kathrin Bruder Sylvia K\u00fchne<\/p>\n","protected":false},"author":3847,"featured_media":0,"parent":0,"menu_order":0,"comment_status":"closed","ping_status":"closed","template":"","meta":{"footnotes":""},"categories":[4],"tags":[],"class_list":["post-1066","page","type-page","status-publish","hentry","category-forschung"],"_links":{"self":[{"href":"https:\/\/www.hsu-hh.de\/theevs\/wp-json\/wp\/v2\/pages\/1066","targetHints":{"allow":["GET"]}}],"collection":[{"href":"https:\/\/www.hsu-hh.de\/theevs\/wp-json\/wp\/v2\/pages"}],"about":[{"href":"https:\/\/www.hsu-hh.de\/theevs\/wp-json\/wp\/v2\/types\/page"}],"author":[{"embeddable":true,"href":"https:\/\/www.hsu-hh.de\/theevs\/wp-json\/wp\/v2\/users\/3847"}],"replies":[{"embeddable":true,"href":"https:\/\/www.hsu-hh.de\/theevs\/wp-json\/wp\/v2\/comments?post=1066"}],"version-history":[{"count":45,"href":"https:\/\/www.hsu-hh.de\/theevs\/wp-json\/wp\/v2\/pages\/1066\/revisions"}],"predecessor-version":[{"id":2736,"href":"https:\/\/www.hsu-hh.de\/theevs\/wp-json\/wp\/v2\/pages\/1066\/revisions\/2736"}],"wp:attachment":[{"href":"https:\/\/www.hsu-hh.de\/theevs\/wp-json\/wp\/v2\/media?parent=1066"}],"wp:term":[{"taxonomy":"category","embeddable":true,"href":"https:\/\/www.hsu-hh.de\/theevs\/wp-json\/wp\/v2\/categories?post=1066"},{"taxonomy":"post_tag","embeddable":true,"href":"https:\/\/www.hsu-hh.de\/theevs\/wp-json\/wp\/v2\/tags?post=1066"}],"curies":[{"name":"wp","href":"https:\/\/api.w.org\/{rel}","templated":true}]}}