{"id":704,"date":"2021-06-18T12:10:57","date_gmt":"2021-06-18T10:10:57","guid":{"rendered":"https:\/\/www.hsu-hh.de\/tet\/?page_id=704"},"modified":"2021-06-18T12:15:13","modified_gmt":"2021-06-18T10:15:13","slug":"704-2","status":"publish","type":"page","link":"https:\/\/www.hsu-hh.de\/tet\/en\/704-2","title":{"rendered":""},"content":{"rendered":"\n<h2 class=\"wp-block-heading\">Dr.-Ing. Lars Ole Fichte<\/h2>\n\n\n\n<figure class=\"wp-block-image\"><img loading=\"lazy\" decoding=\"async\" width=\"225\" height=\"300\" src=\"https:\/\/www.hsu-hh.de\/tet\/wp-content\/uploads\/sites\/673\/2019\/10\/IMG_0181-225x300.jpg\" data-credit=\"HSU\/MZ\/Schr\u00f6der\" alt=\"Lars Ole Fichte\" class=\"wp-image-542\" \/><\/figure>\n\n\n\n<p>Room: 009 <\/p>\n\n\n\n<p>Telephone: +49-40-6541-2460 \u00a0 <\/p>\n\n\n\n<p>Email: lo.fichte@hsu-hh.de \u00a0  <\/p>\n\n\n\n<p>Adress: Helmut-Schmidt-Universit\u00e4t Fakult\u00e4t f\u00fcr Elektrotechnik Theoretische Elektrotechnik und Numerische Feldberechnung Postfach 70 08 22 22008 Hamburg \u00a0<\/p>\n","protected":false},"excerpt":{"rendered":"<p>Dr.-Ing. Lars Ole Fichte Room: 009 Telephone: +49-40-6541-2460 \u00a0 Email: lo.fichte@hsu-hh.de \u00a0 Adress: Helmut-Schmidt-Universit\u00e4t Fakult\u00e4t f\u00fcr Elektrotechnik Theoretische Elektrotechnik und Numerische Feldberechnung Postfach 70 08 22 22008 Hamburg \u00a0<\/p>\n","protected":false},"author":794,"featured_media":0,"parent":0,"menu_order":0,"comment_status":"closed","ping_status":"closed","template":"","meta":{"footnotes":""},"categories":[7],"tags":[],"class_list":["post-704","page","type-page","status-publish","hentry","category-research"],"_links":{"self":[{"href":"https:\/\/www.hsu-hh.de\/tet\/wp-json\/wp\/v2\/pages\/704","targetHints":{"allow":["GET"]}}],"collection":[{"href":"https:\/\/www.hsu-hh.de\/tet\/wp-json\/wp\/v2\/pages"}],"about":[{"href":"https:\/\/www.hsu-hh.de\/tet\/wp-json\/wp\/v2\/types\/page"}],"author":[{"embeddable":true,"href":"https:\/\/www.hsu-hh.de\/tet\/wp-json\/wp\/v2\/users\/794"}],"replies":[{"embeddable":true,"href":"https:\/\/www.hsu-hh.de\/tet\/wp-json\/wp\/v2\/comments?post=704"}],"version-history":[{"count":2,"href":"https:\/\/www.hsu-hh.de\/tet\/wp-json\/wp\/v2\/pages\/704\/revisions"}],"predecessor-version":[{"id":706,"href":"https:\/\/www.hsu-hh.de\/tet\/wp-json\/wp\/v2\/pages\/704\/revisions\/706"}],"wp:attachment":[{"href":"https:\/\/www.hsu-hh.de\/tet\/wp-json\/wp\/v2\/media?parent=704"}],"wp:term":[{"taxonomy":"category","embeddable":true,"href":"https:\/\/www.hsu-hh.de\/tet\/wp-json\/wp\/v2\/categories?post=704"},{"taxonomy":"post_tag","embeddable":true,"href":"https:\/\/www.hsu-hh.de\/tet\/wp-json\/wp\/v2\/tags?post=704"}],"curies":[{"name":"wp","href":"https:\/\/api.w.org\/{rel}","templated":true}]}}