{"id":367,"date":"2017-11-24T10:51:24","date_gmt":"2017-11-24T09:51:24","guid":{"rendered":"https:\/\/www.hsu-hh.de\/systpaed\/?page_id=367"},"modified":"2021-06-15T11:45:17","modified_gmt":"2021-06-15T09:45:17","slug":"warth","status":"publish","type":"page","link":"https:\/\/www.hsu-hh.de\/systpaed\/abgeschlossene-diss-und-habil\/warth","title":{"rendered":"Annegret Warth: Herstellung von Jugend in Peergroups in Istanbul"},"content":{"rendered":"<h3>Biographische Informationen<\/h3>\n<p>2002-2010<br \/>Studium Erziehungswissenschaft in T\u00fcbingen, Marburg und Istanbul.<\/p>\n<p>2010-2011<br \/>Projektkoordination Youth Studies Unit, Istanbul Bilgi University.<\/p>\n<p>2011-2012<br \/>Wissenschaftliche Hilfskraft an der Helmut-Schmidt-Universit\u00e4t Hamburg, Professur f\u00fcr Erziehungswissenschaft, insbesondere systematische P\u00e4dagogik.<\/p>\n<p>2016-2018 <br \/>Projektleitung des bundesweiten Netzwerks \u201eForschung und Praxis im Dialog\u201c, transfer e.V., K\u00f6ln.<\/p>\n<p>2018\/19 <br \/>Mercator-IPC Fellow am Istanbul Policy Center, Istanbul<\/p>\n<p>Seit 2019<br \/>Mitglied Global Diplomacy Lab<\/p>\n<p>Seit 2020<br \/>Kommunales Bildungsmanagement, Landeshauptstadt Stuttgart<\/p>\n<h3>Dissertationsprojekt<\/h3>\n<p>Herstellung von Jugend in Peergroups in Istanbul. Ein theoretischer und empirischer Beitrag zur internationalen Jugendforschung<br \/>2020: Dissertation an der Helmut-Schmidt-Universit\u00e4t in Hamburg. Erstgutachter: <abbr title=\"Professor\">Prof.<\/abbr> <abbr title=\"Doktor\">Dr.<\/abbr> Arnd-Michael Nohl, Zweitgutachter: <abbr title=\"Professor\">Prof.<\/abbr> <abbr title=\"Doktor\">Dr.<\/abbr> Andreas Walther. Bewertung: \u201esumma cum laude\u201c.<\/p>\n<h3>Publikationen<\/h3>\n<p><strong>Monographien<\/strong><\/p>\n<p>Warth, Annegret (2021): Herstellung von Jugend in Peergroups in Istanbul. Ein theoretischer und empirischer Beitrag zur internationalen Jugendforschung, Adoleszenzforschung Bd. 13, Wiesbaden: Springer.<\/p>\n<p><strong>Herausgeberschaften<\/strong><\/p>\n<p>Litau, John\/Walther, Andreas\/Warth, Annegret\/Wey, Sophia (Hrsg.) (2016): Theorie und Forschung zur Lebensbew\u00e4ltigung. Methodologische Vergewisserungen und empirische Befunde. Weinheim, Basel: Beltz Juventa.<\/p>\n<p><strong>Beitr\u00e4ge<\/strong><\/p>\n<p>Mpedzisi, Patrick\/Warth, Annegret (2021): African Continental Youth Policy as a Tool for Harnessing the Demographic Dividend, in: Abdul Rahman, Eirliani\/D\u2019Silva, ElsaMarie\/Peteranderl, Sonja (Hrsg.): The Demographic Dividend and the Power of Youth, London: Anthem Press, S. 75-86.<\/p>\n<p>Warth, Annegret\/Dittrich, Christiane (2019): Internationale \u00d6ffnung der Kinder- und Jugendhilfe durch Organisationsentwicklung. Forum Internationale Jugendarbeit, IJAB e.V.<\/p>\n<p>Rosellen, Andreas\/Warth, Annegret (2018): Dialog zwischen Forschung und Praxis in der Internationalen Jugendarbeit. Sozial Extra, S. 55-56.<\/p>\n<p>Morena Cuconato\/Karolina Majdzi\u0144ska\/Andreas Walther\/Annegret Warth (2016): Students\u2019 Decision-making Strategies at Transitions in Education. In: Andreas Walther, Marcelo Parreira do Amaral, Morena Cuconato and Roger Dale (Hrsg.): Governance of Educational Trajectories in Europe. Pathways, Policy and Practice. London, New York: Bloomsburry, S. 223-246<\/p>\n<p>Warth, Annegret (2016): Aufwachsen in Istanbul. Peergroups als Ort der Auseinandersetzung mit gesellschaftlichen Erwartungen. In: Litau, John\/Walther, Andreas\/Warth, Annegret\/ Wey, Sophia (Hg.) (2016): Theorie und Forschung zur Lebensbew\u00e4ltigung. Methodologische Vergewisserungen und empirische Befunde. Weinheim, Basel: Beltz Juventa, S. 147-163.<\/p>\n<p>Walther, Andreas\/Warth, Annegret\/Ule, Mirjana\/Du Bois-Reymond, Manuela (2015): \u2018Me, my education and I\u2019. Constellations of decision-making in young people\u2019s educational trajectories. In: International Journal of Qualitative Studies in Education 28 (3), S. 349\u2013371. <a href=\"http:\/\/www.tandfonline.com\/doi\/abs\/10.1080\/09518398.2014.987850\" rel='nofollow'>DOI: 10.1080\/09518398.2014.987850 <\/a>.<\/p>\n<p>Meuth, Miriam\/Warth, Annegret\/Walther, Andreas (2014): No crisis but a paradigm shift? German youth policy between continuity and change. In: International Journal of Adolescence and Youth 19, S. 79\u201392. <a href=\"http:\/\/www.tandfonline.com\/doi\/abs\/10.1080\/02673843.2013.813860\" rel='nofollow'>DOI: 10.1080\/02673843.2013.813860 <\/a><\/p>\n<p>Warth, Annegret (2013): Gen\u00e7lerin Hayatla Ba\u015fetme Stratejisi Olarak G\u00f6n\u00fcll\u00fcl\u00fck [Gesellschaftliches Engagement Jugendlicher und Lebensbew\u00e4ltigung], in: L\u00fck\u00fcsl\u00fc, Demet\/Acar, Hakan: Gen\u00e7lik Halleri. 2000&#8217;ler T\u00fcrkiye&#8217;sinde Gen\u00e7 Olmak [Lebenslagen Jugendlicher: Jung sein in der T\u00fcrkei in den 2000ern], Istanbul: Efil Yay\u0131nevi, S. 247- 269.<\/p>\n<p>Amling, Steffen\/Warth, Annegret (2013): \u201eIch finde, wenn das nicht aus einem Menschen selbst raus kommt, hat niemand einen schlechten Einfluss auf dich\u201c \u2013 Empirische Rekonstruktionen der Orientierungen zu sozialer Ordnung bei Jugendlichen in Deutschland und der T\u00fcrkei. In: Kreiser, Klaus\/Motika, Raoul\/Steinbach, Udo\/Joppien, Charlotte\/Schulz, Ludwig (Hrsg.): Junge Perspektiven der T\u00fcrkeiforschung in Deutschland (Band 1-2013). Springer Verlag, S. 174-194.<\/p>\n<p>Amling, Steffen\/Warth, Annegret (2012): Orientierungen zu Zugeh\u00f6rigkeit in jugendlichen Peergroups im internationalen Vergleich Deutschland \/ T\u00fcrkei \u2013 ein Projektbericht. In: Ozil, Seyda\/ Hofmann, Michael\/Day\u0131oglu-Y\u00fccel, Yasemin (Hrsg.): 51 Jahre t\u00fcrkische Gastarbeitermigration in Deutschland. V&amp;R unipress, S. 151-165.<\/p>\n<p>Warth, Annegret (2012): Freiwilliges Engagement in der Jugendarbeit: Zur Entwicklung eines neuen Sozialisationskontextes in der T\u00fcrkei, in: Nohl, Arnd-Michael\/Pusch, Barbara (Hrsg.): Bildung und gesellschaftlicher Wandel in der T\u00fcrkei \u2013 Historische und aktuelle Aspekte, W\u00fcrzburg: Ergon, S. 121-146.<\/p>\n<p>Warth, Annegret (2010):Zivilgesellschaft im Aufbruch: Die Entwicklung zivilgesellschaftlicher Jugendarbeit in der T\u00fcrkei. In: IJAB: Forum Jugendarbeit International: Internationale Jugendarbeit und Chancengleichheit, Jg. 2008-10, Hamm, S.471-484.<\/p>\n<p>Naundorf, Franziska\/ Klinke, Sebastian\/ Warth, Annegret\/ Willich, Anke (2006): Einstellungen und Strategien von Jugendgruppenleitern- Erste Ergebnisse der Untersuchung [zu Rolle von Jugendverb\u00e4nden bei lokalen Rechtsextremismus], in: Hessische Jugend, Jg.58, 4\/2006, S.14-15.<\/p>\n\n\n<p><\/p>\n","protected":false},"excerpt":{"rendered":"<p>Biographische Informationen 2002-2010Studium Erziehungswissenschaft in T\u00fcbingen, Marburg und Istanbul. 2010-2011Projektkoordination Youth Studies Unit, Istanbul Bilgi University. 2011-2012Wissenschaftliche Hilfskraft an der Helmut-Schmidt-Universit\u00e4t Hamburg, Professur f\u00fcr Erziehungswissenschaft, insbesondere systematische P\u00e4dagogik. 2016-2018 Projektleitung [&hellip;]<\/p>\n","protected":false},"author":147,"featured_media":0,"parent":488,"menu_order":0,"comment_status":"closed","ping_status":"closed","template":"","meta":{"footnotes":""},"categories":[8],"tags":[81,73,75,49],"class_list":["post-367","page","type-page","status-publish","hentry","category-team","tag-annegret-warth","tag-dokroranden","tag-habilitanden","tag-team"],"_links":{"self":[{"href":"https:\/\/www.hsu-hh.de\/systpaed\/wp-json\/wp\/v2\/pages\/367","targetHints":{"allow":["GET"]}}],"collection":[{"href":"https:\/\/www.hsu-hh.de\/systpaed\/wp-json\/wp\/v2\/pages"}],"about":[{"href":"https:\/\/www.hsu-hh.de\/systpaed\/wp-json\/wp\/v2\/types\/page"}],"author":[{"embeddable":true,"href":"https:\/\/www.hsu-hh.de\/systpaed\/wp-json\/wp\/v2\/users\/147"}],"replies":[{"embeddable":true,"href":"https:\/\/www.hsu-hh.de\/systpaed\/wp-json\/wp\/v2\/comments?post=367"}],"version-history":[{"count":10,"href":"https:\/\/www.hsu-hh.de\/systpaed\/wp-json\/wp\/v2\/pages\/367\/revisions"}],"predecessor-version":[{"id":1599,"href":"https:\/\/www.hsu-hh.de\/systpaed\/wp-json\/wp\/v2\/pages\/367\/revisions\/1599"}],"up":[{"embeddable":true,"href":"https:\/\/www.hsu-hh.de\/systpaed\/wp-json\/wp\/v2\/pages\/488"}],"wp:attachment":[{"href":"https:\/\/www.hsu-hh.de\/systpaed\/wp-json\/wp\/v2\/media?parent=367"}],"wp:term":[{"taxonomy":"category","embeddable":true,"href":"https:\/\/www.hsu-hh.de\/systpaed\/wp-json\/wp\/v2\/categories?post=367"},{"taxonomy":"post_tag","embeddable":true,"href":"https:\/\/www.hsu-hh.de\/systpaed\/wp-json\/wp\/v2\/tags?post=367"}],"curies":[{"name":"wp","href":"https:\/\/api.w.org\/{rel}","templated":true}]}}