{"id":2173,"date":"2026-02-20T14:41:25","date_gmt":"2026-02-20T13:41:25","guid":{"rendered":"https:\/\/www.hsu-hh.de\/systpaed\/?page_id=2173"},"modified":"2026-02-20T15:00:12","modified_gmt":"2026-02-20T14:00:12","slug":"scholz","status":"publish","type":"page","link":"https:\/\/www.hsu-hh.de\/systpaed\/scholz","title":{"rendered":""},"content":{"rendered":"<script type=\"application\/ld+json\">[{\"@context\": \"https:\/\/www.schema.org\",\"@type\": \"Person\",\"name\": \"Anna Felicitas Scholz, M.A.\",\"worksFor\": [{\t\"@type\": \"Organization\",\t\"name\": \"Helmut-Schmidt-Universit\u00e4t\",\t\"url\": \"https:\/\/www.hsu-hh.de\"\t, \"department\": {\"@type\": \"Organization\",\t\t\t\t\t\"name\": \"Professur f\u00fcr Erziehungswissenschaft, insbesondere systematische P\u00e4dagogik\",\t\t\t\t\t\"location\": {\t\t\t\t\t\t\"@type\": \"PostalAddress\",\t\t\t\t\t\t\"addressLocality\": \"\",        \t\t\t\t\"postalCode\": \"22043\",        \t\t\t\t\"streetAddress\": \"Holstenhofweg 85 , Geb\u00e4ude H04\"\t\t\t\t\t}},\t\"location\": {\t\t\"@type\": \"PostalAddress\",    \t\"addressLocality\": \"\",    \t\"postalCode\": \"22008\",    \t\"postOfficeBoxNumber\": \"700822\"\t}   }],\"image\": \"https:\/\/www.hsu-hh.de\/wp-content\/themes\/hsu\/img\/dummy\/dummy_ansprechpartner.png\",\"telephone\": \"+49406541-2307\",\"faxNumber\": \"\",\"email\": \"scholza@hsu-hh.de\"}]<\/script><div class=\"clearfix\"><\/div><div class=\"ansprechparter-container \" style=\"margin-top:1em; \"><div class=\"row ansprechpartner-item ansprechparter-header\" ><div class=\"col-xs-8 col-lg-12\" style=\"margin-bottom: 30px;\"><h3 class=\"ansprechparter-headline\">Anna Felicitas Scholz, M.A.<\/h3><\/div><\/div><div class=\"col-md-4 col-lg-3 col-xs-4 ansprechpartner-item floatright img-circle center-block\" style=\"margin-bottom: 30px;\"><div class=\"img-responsive-wrapper\"><img decoding=\"async\" src=\"\/wp-content\/themes\/hsu\/img\/dummy\/dummy_ansprechpartner.png\" alt=\"Mitarbeiter Symbol-Icon\" class=\"img-circle img-responsive center-block\" \/><\/div><\/div><div class=\"col-md-12 col-lg-3 col-xs-12 ansprechpartner-item kontakt floatright\" style=\"margin-bottom: 30px; \"><div class=\"row\"><div class=\"col-xs-12 col-sm-6 col-lg-12\"><div class=\"row\"><div class=\"col-xs-4 col-lg-4 row-text bold\" >Raum:<\/div><div class=\" row-text\">128, Geb\u00e4ude H4<\/div><\/div><\/div><div class=\"col-xs-12 col-sm-6 col-lg-12\"><div class=\"row\"><div class=\"col-xs-4 col-lg-4 row-text bold\">Telefon:<\/div><div class=\" row-text\">+49406541-2307<\/div><\/div><\/div><div class=\"col-xs-12 col-sm-6 col-lg-12\"><div class=\"row\"><div class=\"col-xs-4 col-lg-4 row-text bold\">E-Mail:<\/div><div class=\"row-text\" style=\"overflow:hidden; word-break: break-word\"><a href=\"mailto:scholza@hsu-hh.de\" rel=\"nofollow\">scholza@hsu-hh.de<\/a><\/div><\/div><\/div><\/div><\/div><div class=\"col-md-6 col-lg-3 col-xs-12 ansprechpartner-item anschrift floatright\" ><div class=\"row-headline\">Besucheranschrift<\/div><div class=\"dataBesucheranschrift\" style=\"\"><div class=\"row-text\">Helmut-Schmidt-Universit\u00e4t<\/div><div class=\"row-text\">Geb\u00e4ude H04<\/div><div class=\"row-text\">Holstenhofweg 85<\/div><div class=\"row-text\">22043 Hamburg<\/div><\/div><\/div><div class=\"col-md-6 col-lg-3 col-xs-12 ansprechpartner-item anschrift floatright\"><div class=\"row-headline\">Postanschrift<\/div><div class=\"dataPostanschrift\" style=\"\"><div class=\"row-text\">Helmut-Schmidt-Universit\u00e4t<\/div><div class=\"row-text\">Fakult\u00e4t f\u00fcr Geistes- und Sozialwissenschaften<\/div><div class=\"row-text\">Professur f\u00fcr Erziehungswissenschaft, insbesondere systematische P\u00e4dagogik<\/div><div class=\"row-text\">Postfach 70 08 22<\/div><div class=\"row-text\">22008 Hamburg<\/div><\/div><\/div><\/div><div class=\"clearfix\"><\/div>\n\n\n<p><\/p>\n\n\n\n<h2 class=\"wp-block-heading\">Kurzbiographie<\/h2>\n\n\n\n<p>2021-2022 Mitarbeit im Projekt \u201eBetween educating and teaching the adult population. Andragogical perspectives on the Corona Pandemic\u201c<\/p>\n\n\n\n<p>Seit 2021<br>Wissenschaftliche Mitarbeiterin an der Professur f\u00fcr Erziehungswissenschaft, insbesondere systematische P\u00e4dagogik an der Helmut-Schmidt-Universit\u00e4t in Hamburg<\/p>\n\n\n\n<p>2020\u20132021<br>Wissenschaftliche Mitarbeiterin an der Professur f\u00fcr Allgemeine Erziehungswissenschaft (vormals Systematische Erziehungswissenschaft) an der Technischen Universit\u00e4t Dresden<\/p>\n\n\n\n<p>2018\u20132020<br>Wissenschaftliche Mitarbeiterin (Elternzeitvertretung) am Arbeitsbereich Erwachsenenbildung\/Weiterbildung der Martin-Luther-Universit\u00e4t Halle Wittenberg<\/p>\n\n\n\n<p>2018\u20132019<br>Wissenschaftliche Referentin am Deutschen Jugendinstitut (Au\u00dfenstelle Halle) am Forschungsprojekt \u201eGewaltorientierter Islamismus im Jugendalter\u201c gef\u00f6rdert von 1.3.2018\u201331.12.2019 vom Bundesfamilienministerium (BMFSFJ)<\/p>\n\n\n\n<p>2017<br>Masterabschluss in Erziehungswissenschaft an der Freien Universit\u00e4t Berlin<\/p>\n\n\n\n<h3 class=\"wp-block-heading\">Forschungsinteressen<\/h3>\n\n\n\n<ul class=\"wp-block-list\">\n<li>Bildungs- und Lerntheorie<\/li>\n\n\n\n<li>Qualitative Bildungs- und Biografieforschung<\/li>\n\n\n\n<li>Soziale Bewegungen<\/li>\n\n\n\n<li>Rekonstruktive Sozialforschung<\/li>\n<\/ul>\n\n\n\n<h3 class=\"wp-block-heading\">Publikationen<\/h3>\n\n\n\n<p><strong>Monografien<\/strong><\/p>\n\n\n\n<p>Frank, Anja\/Scholz, Anna Felicitas (2023): Islamismus in der Jugendphase. Eine rekonstruktive Studie zu Radikalisierungsprozessen. Erschienen in der Reihe Rekonstruktive Forschung in der Sozialen Arbeit. Barbara Budrich: DOI: 10.3224\/84742510&nbsp;<a><\/a>&nbsp;<a><\/a>&nbsp;<a><\/a>&nbsp;<a><\/a>&nbsp;<a><\/a>&nbsp;<a><\/a>&nbsp;<a><\/a>&nbsp;<a><\/a>&nbsp;<a><\/a>&nbsp;<a><\/a>&nbsp;<a><\/a>&nbsp;<a><\/a>&nbsp;<a><\/a>&nbsp;<a><\/a>&nbsp;<a><\/a>&nbsp;<a><\/a>&nbsp;<a><\/a>&nbsp;<a><\/a><\/p>\n\n\n\n<p><strong>Zeitschriftenartikel<\/strong><\/p>\n\n\n\n<p>Frank, Anja\/Scholz, Anna Felicitas (2022): Wenn Jugendliche sich fremd machen. Islamistische Radikalisierung als Selbstbefremdung und Selbstausgrenzung. In: Soziale Welt. Sonderheft 25, Islam in Europa. Institutionalisierung und Konflikt. (<abbr title=\"Herausgeber\">Hrsg.<\/abbr>&nbsp;v. Wohlrab-Sahr, Monika\/Tezcan, Levent), S. 241\u2013269<\/p>\n\n\n\n<p><strong>Sammelb\u00e4nde<\/strong><\/p>\n\n\n\n<p>Frank, Anja\/Scholz, Anna Felicitas (2022): Islamistische Radikalisierung im Kontext von Jugendbiografien und Familie. In: Milbradt, Bj\u00f6rn\/Frank, Anja\/Greuel, Frank\/Herding, Maruta (<abbr title=\"Herausgeber\">Hrsg.<\/abbr>): Handbuch Radikalisierung im Jugendalter. Ph\u00e4nomene, Herausforderungen, Pr\u00e4vention (S. 103\u2013119). Opladen, Berlin, Toronto.<\/p>\n\n\n\n<p>Zschach, M.\/Petersen, D.\/Scholz, A. F. (2021): Zwischen Reifizierung und Rekonstruktion \u2013 ein Dilemma in der Erforschung sozialer Wirklichkeit in der p\u00e4dagogischen Praxis und deren Erforschung. In: S. Gabriel\/K. Kotzyba\/P. Leinhos\/D. Matthes\/K. Meyer\/M. V\u00f6lcker (<abbr title=\"Herausgeber\">Hrsg.<\/abbr>), Soziale Differenz und Reifizierung \u2013 Theoretische Zug\u00e4nge und forschungspraktische Bearbeitung (S. 229\u2013252), Wiesbaden.<\/p>\n\n\n\n<p><strong>Praxisnahe Artikel<\/strong><\/p>\n\n\n\n<p>Scholz, Anna Felicitas (2020): Religiosit\u00e4t und Familie im Hinwendungsprozess zum gewaltorientierten Islamismus. Rekonstruktionen biographischer Interviews. In: Deutsches Jugendinstitut (<abbr title=\"Herausgeber\">Hrsg.<\/abbr>), Arbeits- und Forschungsstelle Demokratief\u00f6rderung und Extremismuspr\u00e4vention (S. 34\u201353), Band 14, Halle (Saale).<\/p>\n\n\n\n<p><strong>Projektberichte<\/strong><\/p>\n\n\n\n<p>Frank, Anja\/Scholz Anna Felicitas (2019): Gewaltorientierter Islamismus im Jugendalter \u2013 Zur Bedeutung signifikanter Anderer und kollektiver Erfahrungsr\u00e4ume. Projektabschlussbericht am Deutschen Jugendinstitut (S. 1\u2013133; unv. MS).<\/p>\n\n\n\n<h3 class=\"wp-block-heading\">Vortr\u00e4ge<\/h3>\n\n\n\n<p>Scholz, Anna Felicitas (15.03.2022, online): Entgrenzung von Wissen als Umgang mit edukatorischem Staatshandeln: Der Protest der Querdenkenden. DGFE Kongress.<\/p>\n\n\n\n<p>Scholz, Anna Felicitas (04.03.2022, online): Die Wissensorientierungen der Querdenkenden im politischen Protest. Kolloquium Bildung in sozialen Bewegungen von B. Bunk\/M. Ernst-Heidenreich: Querdenken querdenken: Soziale Bewegung als situierte, dynamisch und soziale Praxis.<\/p>\n\n\n\n<p>Scholz, Anna Felicitas (19.07.2021): Bildung und andere Transformationen in religi\u00f6sen und politischen Biografien \u2013 Eine rekonstruktive Studie neuer sozialer Bewegungen. Interpretationswerkstatt des Arbeitsbereichs Erwachsenenbildung\/Weiterbildung von&nbsp;<abbr title=\"Professor\">Prof.<\/abbr>&nbsp;<abbr title=\"Doktor\">Dr.<\/abbr>&nbsp;J\u00f6rg Dinkelaker<\/p>\n\n\n\n<p>Frank, A.\/Scholz, A. (7.11. und 8.11.2019): Projektabschlusspr\u00e4sentation und Wissenschafts-Praxis-Dialog zum Thema \u201eBiografiearbeit in der soziologischen und p\u00e4dagogischen Auseinandersetzung mit Islamismus im Jugendalter\u201c am Deutschen Jugendinstitut e.V. Halle an der Saale.<\/p>\n\n\n\n<h3 class=\"wp-block-heading\">Mitgliedschaften<\/h3>\n\n\n\n<p>Mitglied des centrums f\u00fcr qualitative evaluations- und sozialforschung (ces e. V., Berlin)<\/p>\n\n\n\n<p>Deutsche Gesellschaft f\u00fcr Erziehungswissenschaften (DGFE)<\/p>\n\n\n\n<h3 class=\"wp-block-heading\">Lehrauftr\u00e4ge und Workshops<\/h3>\n\n\n\n<p>Workshop gemeinsam mit&nbsp;<abbr title=\"Doktor\">Dr.<\/abbr>&nbsp;Anja Frank im centrum f\u00fcr qualitative evaluations- und sozialforschung (ces e. V.): ,Interview und Dokumentarische Methode\u2018 am 15. und 16.07.2022<\/p>\n\n\n\n<p>Workshop gemeinsam mit&nbsp;<abbr title=\"Doktor\">Dr.<\/abbr>&nbsp;Anja Frank im centrum f\u00fcr qualitative evaluations- und sozialforschung (ces e. V.): ,Interview und Dokumentarische Methode\u2018 am 25. und 26.06.2021<\/p>\n\n\n\n<p>WS 2020\/2021 Lehrauftrag: ,Lernen in sozialen Bewegungen\u2018 (Online-Seminar) an der Martin-Luther-Universit\u00e4t Halle-Wittenberg<\/p>\n\n\n\n<p>SS 2020 Lehrauftrag: ,Einf\u00fchrung in das wissenschaftliche Schreiben\u2018 an der Martin-Luther-Universit\u00e4t Halle-Wittenberg<\/p>\n","protected":false},"excerpt":{"rendered":"<p>Kurzbiographie 2021-2022 Mitarbeit im Projekt \u201eBetween educating and teaching the adult population. Andragogical perspectives on the Corona Pandemic\u201c Seit 2021Wissenschaftliche Mitarbeiterin an der Professur f\u00fcr Erziehungswissenschaft, insbesondere systematische P\u00e4dagogik an [&hellip;]<\/p>\n","protected":false},"author":147,"featured_media":0,"parent":0,"menu_order":0,"comment_status":"closed","ping_status":"closed","template":"","meta":{"footnotes":""},"categories":[4],"tags":[],"class_list":["post-2173","page","type-page","status-publish","hentry","category-forschung"],"_links":{"self":[{"href":"https:\/\/www.hsu-hh.de\/systpaed\/wp-json\/wp\/v2\/pages\/2173","targetHints":{"allow":["GET"]}}],"collection":[{"href":"https:\/\/www.hsu-hh.de\/systpaed\/wp-json\/wp\/v2\/pages"}],"about":[{"href":"https:\/\/www.hsu-hh.de\/systpaed\/wp-json\/wp\/v2\/types\/page"}],"author":[{"embeddable":true,"href":"https:\/\/www.hsu-hh.de\/systpaed\/wp-json\/wp\/v2\/users\/147"}],"replies":[{"embeddable":true,"href":"https:\/\/www.hsu-hh.de\/systpaed\/wp-json\/wp\/v2\/comments?post=2173"}],"version-history":[{"count":2,"href":"https:\/\/www.hsu-hh.de\/systpaed\/wp-json\/wp\/v2\/pages\/2173\/revisions"}],"predecessor-version":[{"id":2175,"href":"https:\/\/www.hsu-hh.de\/systpaed\/wp-json\/wp\/v2\/pages\/2173\/revisions\/2175"}],"wp:attachment":[{"href":"https:\/\/www.hsu-hh.de\/systpaed\/wp-json\/wp\/v2\/media?parent=2173"}],"wp:term":[{"taxonomy":"category","embeddable":true,"href":"https:\/\/www.hsu-hh.de\/systpaed\/wp-json\/wp\/v2\/categories?post=2173"},{"taxonomy":"post_tag","embeddable":true,"href":"https:\/\/www.hsu-hh.de\/systpaed\/wp-json\/wp\/v2\/tags?post=2173"}],"curies":[{"name":"wp","href":"https:\/\/api.w.org\/{rel}","templated":true}]}}