{"id":2137,"date":"2026-02-20T13:20:35","date_gmt":"2026-02-20T12:20:35","guid":{"rendered":"https:\/\/www.hsu-hh.de\/systpaed\/?page_id=2137"},"modified":"2026-04-07T08:15:09","modified_gmt":"2026-04-07T06:15:09","slug":"nohl","status":"publish","type":"page","link":"https:\/\/www.hsu-hh.de\/systpaed\/nohl","title":{"rendered":""},"content":{"rendered":"<script type=\"application\/ld+json\">[{\"@context\": \"https:\/\/www.schema.org\",\"@type\": \"Person\",\"name\": \"Univ.-Prof. Dr. Arnd-Michael Nohl\",\"worksFor\": [{\t\"@type\": \"Organization\",\t\"name\": \"Helmut-Schmidt-Universit\u00e4t\",\t\"url\": \"https:\/\/www.hsu-hh.de\"\t, \"department\": {\"@type\": \"Organization\",\t\t\t\t\t\"name\": \"Fakult\u00e4t f\u00fcr Geistes- und Sozialwissenschaften\",\t\t\t\t\t\"location\": {\t\t\t\t\t\t\"@type\": \"PostalAddress\",\t\t\t\t\t\t\"addressLocality\": \"\",        \t\t\t\t\"postalCode\": \"22043\",        \t\t\t\t\"streetAddress\": \"Holstenhofweg 85 , Geb\u00e4ude H04\"\t\t\t\t\t}},\t\"location\": {\t\t\"@type\": \"PostalAddress\",    \t\"addressLocality\": \"\",    \t\"postalCode\": \"Postfach\",    \t\"postOfficeBoxNumber\": \"f\u00fcrErziehungswissenschaft,insbesonderesystematischeP\u00e4dagogik\"\t}   }],\"image\": \"https:\/\/www.hsu-hh.de\/systpaed\/wp-content\/uploads\/sites\/755\/2019\/09\/Foto-Nohl-2019-e1569246541382-150x150.jpg\",\"telephone\": \"+49406541-2795\",\"faxNumber\": \"\",\"email\": \"nohl@hsu-hh.de\"}]<\/script><div class=\"clearfix\"><\/div><div class=\"ansprechparter-container \" style=\"margin-top:1em; \"><div class=\"row ansprechpartner-item ansprechparter-header\" ><div class=\"col-xs-8 col-lg-12\" style=\"margin-bottom: 30px;\"><h3 class=\"ansprechparter-headline\">Univ.-Prof. Dr. Arnd-Michael Nohl<\/h3><\/div><\/div><div class=\"col-md-4 col-lg-3 col-xs-4 ansprechpartner-item floatright img-circle center-block\" style=\"margin-bottom: 30px;\"><div class=\"img-responsive-wrapper\"><img decoding=\"async\" src=\"https:\/\/www.hsu-hh.de\/systpaed\/wp-content\/uploads\/sites\/755\/2019\/09\/Foto-Nohl-2019-e1569246541382-150x150.jpg\" alt=\"AMN\" class=\"img-circle img-responsive center-block\" \/><\/div><\/div><div class=\"col-md-12 col-lg-3 col-xs-12 ansprechpartner-item kontakt floatright\" style=\"margin-bottom: 30px; \"><div class=\"row\"><div class=\"col-xs-12 col-sm-6 col-lg-12\"><div class=\"row\"><div class=\"col-xs-4 col-lg-4 row-text bold\" >Raum:<\/div><div class=\" row-text\">116, Geb\u00e4ude H4<\/div><\/div><\/div><div class=\"col-xs-12 col-sm-6 col-lg-12\"><div class=\"row\"><div class=\"col-xs-4 col-lg-4 row-text bold\">Telefon:<\/div><div class=\" row-text\">+49406541-2795<\/div><\/div><\/div><div class=\"col-xs-12 col-sm-6 col-lg-12\"><div class=\"row\"><div class=\"col-xs-4 col-lg-4 row-text bold\">E-Mail:<\/div><div class=\"row-text\" style=\"overflow:hidden; word-break: break-word\"><a href=\"mailto:nohl@hsu-hh.de\" rel=\"nofollow\">nohl@hsu-hh.de<\/a><\/div><\/div><\/div><\/div><\/div><div class=\"col-md-6 col-lg-3 col-xs-12 ansprechpartner-item anschrift floatright\" ><div class=\"row-headline\">Besucheranschrift<\/div><div class=\"dataBesucheranschrift\" style=\"\"><div class=\"row-text\">Helmut-Schmidt-Universit\u00e4t<\/div><div class=\"row-text\">Geb\u00e4ude H04<\/div><div class=\"row-text\">Holstenhofweg 85<\/div><div class=\"row-text\">22043 Hamburg<\/div><\/div><\/div><div class=\"col-md-6 col-lg-3 col-xs-12 ansprechpartner-item anschrift floatright\"><div class=\"row-headline\">Postanschrift<\/div><div class=\"dataPostanschrift\" style=\"\"><div class=\"row-text\">Helmut-Schmidt-Universit\u00e4t<\/div><div class=\"row-text\">Fakult\u00e4t f\u00fcr Geistes- und Sozialwissenschaften<\/div><div class=\"row-text\">Professur f\u00fcr Erziehungswissenschaft, insbesondere systematische P\u00e4dagogik<\/div><div class=\"row-text\">Postfach 70 08 22<\/div><\/div><\/div><\/div><div class=\"clearfix\"><\/div>\n\n\n<p><\/p>\n\n\n\n<h2 class=\"wp-block-heading\">Kurzbiographie<\/h2>\n\n\n\n<p>1968<br>geboren in Gie\u00dfen, aufgewachsen in Herborn (Hessen)<\/p>\n\n\n\n<p>1989 bis 1995<br>Studium der Erziehungswissenschaft, Psychologie und Islamwissenschaft an der Universit\u00e4t Heidelberg, der Hacettepe-Universit\u00e4t Ankara und der Freien Universit\u00e4t Berlin<\/p>\n\n\n\n<p>1995<br>Abschluss mit dem Magister Artium<\/p>\n\n\n\n<p>1996 bis 1998<br>Teilnehmer des DFG-Graduiertenkollegs \u201eIdentit\u00e4tsforschung\u201c an der Martin-Luther-Universit\u00e4t Halle-Wittenberg (zeitweise assoziierter Teilnehmer)<\/p>\n\n\n\n<p>1997<br>Wissenschaftlicher Mitarbeiter im DFG-Projekt \u201eJugendliche in Gruppen\u201c (Leitung: Ralf Bohnsack)<\/p>\n\n\n\n<p>1997 bis 2001<br>Wissenschaftlicher Mitarbeiter im Arbeitsbereich Qualitative Bildungsforschung, Fachbereich Erziehungswissenschaft und Psychologie der Freien Universit\u00e4t Berlin<\/p>\n\n\n\n<p>2000<br>Promotion zum Doktor der Philosophie an der Freien Universit\u00e4t bei Ralf Bohnsack und Christoph Wulf (Zweitgutachter). Publikationstitel der Dissertation: \u201eMigration und Differenzerfahrung. Junge Einheimische und Migranten im rekonstruktiven Milieuvergleich\u201c<\/p>\n\n\n\n<p>2001 bis 2004<br>Wissenschaftlicher Assistent am Lehrstuhl f\u00fcr Allgemeine P\u00e4dagogik (<abbr title=\"Professor\">Prof.<\/abbr>&nbsp;Marotzki) des Instituts f\u00fcr Erziehungswissenschaft der Otto-von-Guericke-Universit\u00e4t Magdeburg<\/p>\n\n\n\n<p>2004 bis 2006<br>Juniorprofessor f\u00fcr interkulturelle Bildung an der Freien Universit\u00e4t Berlin<\/p>\n\n\n\n<p>2006<br>Habilitation an der Universit\u00e4t Magdeburg mit einer Schrift zu \u201eBildung und Spontaneit\u00e4t. Phasen von Wandlungsprozessen in drei Lebensaltern. Empirische Rekonstruktionen und pragmatistische Reflexionen\u201c<\/p>\n\n\n\n<p>seit 5\/2006<br>Professor f\u00fcr Erziehungswissenschaft, insbesondere systematische P\u00e4dagogik, an der Helmut Schmidt-Universit\u00e4t<\/p>\n\n\n\n<p>1\/2007 bis 12\/2008<br>Mitglied des Akademischen Senats der Helmut Schmidt-Universit\u00e4t<\/p>\n\n\n\n<p>1\/2009 bis 12\/2010<br>Mitglied des Fakult\u00e4tsrats<\/p>\n\n\n\n<p>17.12.2009<br>Ruf auf die W3-Professur f\u00fcr Allgemeine Erziehungswissenschaft an der Universit\u00e4t Potsdam (abgelehnt)<\/p>\n\n\n\n<p>2.7.2010<br>Ruf auf die W3-Professur \u201eEthnische Heterogenit\u00e4t in Erziehung und Bildung\u201c an der Universit\u00e4t Duisburg-Essen (abgelehnt)<\/p>\n\n\n\n<p>6.7.2016<br>Ruf auf die W3-Professur \u201eSystematische Erziehungswissenschaft\u201c an der Universit\u00e4t Hamburg (abgelehnt)<\/p>\n\n\n\n<p>seit 1\/2019<br>Studiendekan f\u00fcr den Studiengang Bildungs- und Erziehungswissenschaften<\/p>\n\n\n\n<p>7\/2019-9\/2019<br>Visiting Faculty Fellow am Centre for Global Studies, University of Victoria, British Columbia<\/p>\n\n\n\n<p>4\/2020-3\/2024<br>Mitglied des DFG-Fachkollegiums 109 Erziehungswissenschaft und Bildungsforschung<\/p>\n\n\n\n<div style=\"height:13px\" aria-hidden=\"true\" class=\"wp-block-spacer\"><\/div>\n\n\n\n<div class=\"wp-block-buttons is-layout-flex wp-block-buttons-is-layout-flex\">\n<div class=\"wp-block-button\"><a class=\"wp-block-button__link wp-element-button\" href=\"https:\/\/www.hsu-hh.de\/systpaed\/wp-content\/uploads\/sites\/755\/2026\/02\/PublikationsverzeichnisNohl25-01-21HP.pdf\">Publikationsverzeichnis<\/a><\/div>\n<\/div>\n\n\n\n<p>Arnd-Michael Nohl ver\u00f6ffentlicht ausgew\u00e4hlte Ergebnisse seiner wissenschaftlichen Forschung auch in allgemeinverst\u00e4ndlicher Sprache:<\/p>\n\n\n\n<p><a href=\"https:\/\/www.bpb.de\/shop\/zeitschriften\/apuz\/pazifismus-2026\/576559\/die-buendnisgruenen-zwischen-krieg-und-frieden\/\" target=\"_blank\" rel=\"noreferrer noopener\">Die B\u00fcndnisgr\u00fcnen zwischen Krieg und Frieden<\/a>. <em>Aus Politik und Zeitgeschichte 76<\/em>(14-16), 35-40.<\/p>\n\n\n\n<p><a href=\"https:\/\/www.bpb.de\/shop\/zeitschriften\/apuz\/erziehung-2025\/573905\/buerger-erziehen\/\" target=\"_blank\" rel=\"noreferrer noopener\">B\u00fcrger erziehen?<\/a> <em>Aus Politik und Zeitgeschichte 75<\/em>(52), 4-9.<\/p>\n\n\n\n<p><a href=\"https:\/\/www.merkur-zeitschrift.de\/artikel\/erziehung-in-der-demokratie-a-mr-76-4-80\/\" target=\"_blank\" rel=\"noreferrer noopener\">Erziehung in der Demokratie.<\/a> <em>Merkur \u2013 Deutsche Zeitschrift f\u00fcr europ\u00e4isches Denken 76<\/em> (875), 80-87.<\/p>\n\n\n\n<p>In folgenden Podcasts berichtet er \u00fcber seine Arbeit und berufsbiographische Erfahrungen:<\/p>\n\n\n\n<p><a href=\"https:\/\/open.spotify.com\/episode\/6SQfZ5wyXt79nhfHOf9ijz\" target=\"_blank\" rel=\"noreferrer noopener\">Forschungsbr\u00fccken<\/a> vom 4. September 2025.<\/p>\n\n\n\n<p><a href=\"https:\/\/lebendige-methode.de\/\" target=\"_blank\" rel=\"noreferrer noopener\">Lebendige Methode<\/a>, mehrere Folgen im Jahr 2026.<\/p>\n","protected":false},"excerpt":{"rendered":"<p>Kurzbiographie 1968geboren in Gie\u00dfen, aufgewachsen in Herborn (Hessen) 1989 bis 1995Studium der Erziehungswissenschaft, Psychologie und Islamwissenschaft an der Universit\u00e4t Heidelberg, der Hacettepe-Universit\u00e4t Ankara und der Freien Universit\u00e4t Berlin 1995Abschluss mit [&hellip;]<\/p>\n","protected":false},"author":147,"featured_media":0,"parent":0,"menu_order":0,"comment_status":"closed","ping_status":"closed","template":"","meta":{"footnotes":""},"categories":[230],"tags":[],"class_list":["post-2137","page","type-page","status-publish","hentry","category-mitarbeiter"],"_links":{"self":[{"href":"https:\/\/www.hsu-hh.de\/systpaed\/wp-json\/wp\/v2\/pages\/2137","targetHints":{"allow":["GET"]}}],"collection":[{"href":"https:\/\/www.hsu-hh.de\/systpaed\/wp-json\/wp\/v2\/pages"}],"about":[{"href":"https:\/\/www.hsu-hh.de\/systpaed\/wp-json\/wp\/v2\/types\/page"}],"author":[{"embeddable":true,"href":"https:\/\/www.hsu-hh.de\/systpaed\/wp-json\/wp\/v2\/users\/147"}],"replies":[{"embeddable":true,"href":"https:\/\/www.hsu-hh.de\/systpaed\/wp-json\/wp\/v2\/comments?post=2137"}],"version-history":[{"count":23,"href":"https:\/\/www.hsu-hh.de\/systpaed\/wp-json\/wp\/v2\/pages\/2137\/revisions"}],"predecessor-version":[{"id":2281,"href":"https:\/\/www.hsu-hh.de\/systpaed\/wp-json\/wp\/v2\/pages\/2137\/revisions\/2281"}],"wp:attachment":[{"href":"https:\/\/www.hsu-hh.de\/systpaed\/wp-json\/wp\/v2\/media?parent=2137"}],"wp:term":[{"taxonomy":"category","embeddable":true,"href":"https:\/\/www.hsu-hh.de\/systpaed\/wp-json\/wp\/v2\/categories?post=2137"},{"taxonomy":"post_tag","embeddable":true,"href":"https:\/\/www.hsu-hh.de\/systpaed\/wp-json\/wp\/v2\/tags?post=2137"}],"curies":[{"name":"wp","href":"https:\/\/api.w.org\/{rel}","templated":true}]}}