{"id":267,"date":"2024-04-29T10:42:22","date_gmt":"2024-04-29T08:42:22","guid":{"rendered":"https:\/\/www.hsu-hh.de\/studiengaenge\/?page_id=267"},"modified":"2024-12-09T10:51:28","modified_gmt":"2024-12-09T09:51:28","slug":"erneuerbare-energien-und-intelligente-netze","status":"publish","type":"page","link":"https:\/\/www.hsu-hh.de\/studium\/erneuerbare-energien-und-intelligente-netze\/","title":{"rendered":"Erneuerbare Energien und intelligente Netze (M.Sc.)"},"content":{"rendered":"\n<p><strong>Fakult\u00e4t:<\/strong>&nbsp;Elektrotechnik<br><strong>Abschl\u00fcsse:<\/strong>&nbsp;Master of Science<br><strong>Studiendauer:<\/strong>&nbsp;5 Trimester Master<br><strong>Studienvoraussetzungen:<\/strong><\/p>\n\n\n\n<ol class=\"wp-block-list\">\n<li>die Allgemeine Hochschulreife (Abitur),<\/li>\n\n\n\n<li>Inhaber eines Hochschulabschlusses, der fristgerecht und mit mindestens der Note \u201egut\u201c (2,5) oder \u2013 bei Intensivstudieng\u00e4ngen \u2013 \u201ebefriedigend\u201c (3,0) in einem fachlich einschl\u00e4gigen Bachelor-Studiengang erworben wurde (Ausnahmen bez\u00fcglich der Note bei positivem Qualifizierungsgepr\u00e4ch m\u00f6glich).<\/li>\n\n\n\n<li>die bestandene Of\ufb01zierpr\u00fcfung,<\/li>\n\n\n\n<li>die Verp\ufb02ichtung als Soldat\/Soldatin auf Zeit f\u00fcr 13 Jahre in der Laufbahn der Of\ufb01ziere des Truppendienstes.<\/li>\n<\/ol>\n\n\n\n<p><strong>Studiensprache:<\/strong>&nbsp;Deutsch<br><strong>Studienbeginn:<\/strong> Anfang Januar<\/p>\n\n\n\n<h2 class=\"wp-block-heading\">Beschreibung<\/h2>\n\n\n\n<p>Im Master-Studiengang Erneuerbare Energien&nbsp;und intelligente Netze sind die der elektrischen Energieversorgung gewidmeten fachlichen Anteile besonders hervorgehoben. Neben der \u00f6ffentlichen&nbsp;Energieversorgung sind auch Bordnetze ein&nbsp;wichtiges Anwendungsfeld.<\/p>\n\n\n\n<p>Eines der wichtigsten aktuellen und zuk\u00fcnftigen&nbsp;Aufgabenfelder der Technik ist der \u00dcbergang zu&nbsp;einer nachhaltigen Energieversorgung mit erneuerbaren&nbsp;Energien. Mit deren Einsatz werden die Brennstoffressourcen geschont, der Umweltschutz&nbsp;verbessert und der Einfluss auf das Klima&nbsp;minimiert. Der Masterstudiengang Erneuerbare&nbsp;Energien und intelligente Netze vermittelt die dazu notwendigen Kompetenzen. Zun\u00e4chst werden&nbsp;die konventionellen und erneuerbaren Energiewandler&nbsp;in den Modulen Grundlagen der&nbsp;elektrische Maschinen und Antriebe, Leistungselektronik und Elektrische Energieversorgung behandelt.&nbsp;Das Energieversorgungssystem muss an&nbsp;die wetterabh\u00e4ngig schwankende Energiewandlung&nbsp;aus Wind- und Photovoltaikkraftwerken angepasst werden. Es ergeben sich Probleme durch&nbsp;Prognoseungenauigkeiten, steile Leistungsanstiege, Zeiten mit geringer Energiebereitstellung sowie Zeitr\u00e4ume mit \u00fcbersch\u00fcssiger elektrischer Energie. L\u00f6sungsans\u00e4tze daf\u00fcr sind der Ausbau des elektrischen Netzes, die Energiespeicherung, die flexible Energieerzeugung sowie die Steuerung des Verbrauchs. Zur optimalen Abstimmung dieser M\u00f6glichkeiten muss der elektrische&nbsp;Lastfluss nach ver\u00e4nderten Regeln gesteuert&nbsp;werden. Dazu werden die elektrischen Netze&nbsp;mit neuen Typen von Messger\u00e4ten und Sensoren&nbsp;ausgestattet. Sie werden damit zu intelligenten&nbsp;Netzen (Smart Grids). Auch in den elektrischen&nbsp;Bordnetzen von Kraftfahrzeugen, Schiffen und&nbsp;Flugzeugen steigt die Anzahl elektrischer Verbraucher&nbsp;stark an; damit erh\u00f6ht sich die Komplexit\u00e4t dieser Systeme. Die Komponenten elektrischer&nbsp;Generator, Brennstoffzelle <abbr title=\"beziehungsweise\">bzw.<\/abbr> Batterie,&nbsp;die Energieverteilung und die Verbraucher m\u00fcssen&nbsp;technologisch aufeinander abgestimmt und zusammen geregelt werden.&nbsp;Die Studierenden erwerben die Kompetenzen&nbsp;zur L\u00f6sung all dieser Aufgaben in den Modulen Hochspannungstechnik, Netzbetrieb und intelligente Netze, Betriebssysteme und Rechnernetze,&nbsp;Messtechnik f\u00fcr intelligente Netze, Leistungselektronik&nbsp;f\u00fcr intelligente Netze, Nichtlineare Regelungen sowie Regenerative Energiesysteme im Netzparallelbetrieb.<\/p>\n\n\n\n<h2 class=\"wp-block-heading\">Bewerbung<\/h2>\n\n\n\n<p>Bewerbungsunterlagen erhalten Sie bei dem f\u00fcr Ihren Wohnort zust\u00e4ndigen Karriereberatungsb\u00fcro. Als Soldatin oder Soldat tragen Sie gro\u00dfe Verantwortung. Darum steht zu Beginn des Bewerbungsprozesses ein ausf\u00fchrliches Beratungsgespr\u00e4ch. Kontaktdaten der Karrriereberater finden Sie im Internet unter <a href=\"http:\/\/www.bundeswehrkarriere.de\" target=\"_blank\" rel=\"noreferrer noopener\">www.bundeswehrkarriere.de<\/a>. Kostenlose Telefonhotline: 0800 9800880.<\/p>\n\n\n\n<h2 class=\"wp-block-heading\">Studienberatung\/Kontakt<\/h2>\n\n\n\n<p>Die Studienberatung wird unter der Verantwortung der Fakult\u00e4ten von den Mitgliedern des akademischen Bereichs durchgef\u00fchrt.<\/p>\n\n\n\n<p><strong>Studiendekan<\/strong><br><abbr title=\"Universit\u00e4tsprofessor\">Univ.-Prof.<\/abbr> <abbr title=\"Doktor\">Dr.<\/abbr>\u2013<abbr title=\"Ingenieur\">Ing.<\/abbr> Stefan Dickmann<br>Telefon: 040 6541\u20133019<br>E-Mail: <a href=\"mailto:stefan.dickmann@hsu-hh.de\" rel='nofollow'>stefan.dickmann@hsu-hh.de<\/a><\/p>\n\n\n\n<p>Studierende, die im Rahmen einer Kooperation mit einem Unternehmen, einer Beh\u00f6rde oder sonstiger institutioneller Partner an der <abbr title=\"Helmut Schmidt Universit\u00e4t\">HSU<\/abbr>\/UniBw H studieren m\u00f6chten, sowie Soldatinnen und Soldaten, die im Rahmen des BFD ein Studium an der <abbr title=\"Helmut Schmidt Universit\u00e4t\">HSU<\/abbr>\/UniBw H aufnehmen m\u00f6chten, wenden sich bitte an das <strong>Hochschulmarketing<\/strong> unter Telefon: 040 6541\u20133855 oder per E-Mail an: <a href=\"mailto:hsm@hsu-hh.de\" rel='nofollow'>hsm@hsu-hh.de<\/a><\/p>\n\n\n\n<hr class=\"wp-block-separator has-alpha-channel-opacity\" \/>\n\n\n\n<div class=\"wp-block-hsu-downloadblock\"><div class=\"thumbnail-area\"><img decoding=\"async\" src=\"\/wp-content\/themes\/hsu\/img\/dummy\/downloads_dummy.png\" alt=\"Download Symbol-Icon\" \/><\/div><div class=\"text-area\"><strong>Studiengangsinformationen Elektrotechnik und Informationstechnik (B.Sc.), Elektrische Energietechnik <abbr title=\"Master of Science\">M.Sc.<\/abbr>), Erneuerbare Energien und intelligente Netze (<abbr title=\"Master of Science\">M.Sc.<\/abbr>), Informatik-Ingenieurwesen (<abbr title=\"Master of Science\">M.Sc.<\/abbr>), Informationstechnik (<abbr title=\"Master of Science\">M.Sc.<\/abbr>)<\/strong><\/div><div class=\"download-area\"><a class=\"download-link\" href=\"https:\/\/www.hsu-hh.de\/studium\/wp-content\/uploads\/sites\/923\/2024\/05\/Elektrotechnik-u-Informationstechnik_Bachelor-u-alle-Masterstudiengaenge_Stand-201403.pdf\"><span class=\"download-name\">pdf laden<\/span><span class=\"download-icon\"><img decoding=\"async\" class=\"download-icon\" alt=\"download icon\" src=\"\/wp-content\/themes\/hsu\/img\/icons\/download_icon.png\" \/><\/span><span class=\"download-size\">479 kB<\/span><\/a><\/div><\/div>\n\n\n\n<h2 class=\"wp-block-heading\">Weitere Informationen<\/h2>\n\n\n\n<p><a href=\"https:\/\/www.hsu-hh.de\/et\/studium\">Zum Informationsangebot der Fakult\u00e4t f\u00fcr Elektrotechnik<\/a><\/p>\n","protected":false},"excerpt":{"rendered":"<p>Fakult\u00e4t:&nbsp;ElektrotechnikAbschl\u00fcsse:&nbsp;Master of ScienceStudiendauer:&nbsp;5 Trimester MasterStudienvoraussetzungen: Studiensprache:&nbsp;DeutschStudienbeginn: Anfang Januar Beschreibung Im Master-Studiengang Erneuerbare Energien&nbsp;und intelligente Netze sind die der elektrischen Energieversorgung gewidmeten fachlichen Anteile besonders hervorgehoben. Neben der \u00f6ffentlichen&nbsp;Energieversorgung sind auch [&hellip;]<\/p>\n","protected":false},"author":3885,"featured_media":0,"parent":0,"menu_order":0,"comment_status":"closed","ping_status":"closed","template":"","meta":{"footnotes":""},"categories":[4],"tags":[],"class_list":["post-267","page","type-page","status-publish","hentry","category-forschung"],"_links":{"self":[{"href":"https:\/\/www.hsu-hh.de\/studium\/wp-json\/wp\/v2\/pages\/267","targetHints":{"allow":["GET"]}}],"collection":[{"href":"https:\/\/www.hsu-hh.de\/studium\/wp-json\/wp\/v2\/pages"}],"about":[{"href":"https:\/\/www.hsu-hh.de\/studium\/wp-json\/wp\/v2\/types\/page"}],"author":[{"embeddable":true,"href":"https:\/\/www.hsu-hh.de\/studium\/wp-json\/wp\/v2\/users\/3885"}],"replies":[{"embeddable":true,"href":"https:\/\/www.hsu-hh.de\/studium\/wp-json\/wp\/v2\/comments?post=267"}],"version-history":[{"count":6,"href":"https:\/\/www.hsu-hh.de\/studium\/wp-json\/wp\/v2\/pages\/267\/revisions"}],"predecessor-version":[{"id":739,"href":"https:\/\/www.hsu-hh.de\/studium\/wp-json\/wp\/v2\/pages\/267\/revisions\/739"}],"wp:attachment":[{"href":"https:\/\/www.hsu-hh.de\/studium\/wp-json\/wp\/v2\/media?parent=267"}],"wp:term":[{"taxonomy":"category","embeddable":true,"href":"https:\/\/www.hsu-hh.de\/studium\/wp-json\/wp\/v2\/categories?post=267"},{"taxonomy":"post_tag","embeddable":true,"href":"https:\/\/www.hsu-hh.de\/studium\/wp-json\/wp\/v2\/tags?post=267"}],"curies":[{"name":"wp","href":"https:\/\/api.w.org\/{rel}","templated":true}]}}