{"id":214,"date":"2024-04-26T14:37:40","date_gmt":"2024-04-26T12:37:40","guid":{"rendered":"https:\/\/www.hsu-hh.de\/studiengaenge\/?page_id=214"},"modified":"2024-12-09T10:48:42","modified_gmt":"2024-12-09T09:48:42","slug":"bildungs-und-erziehungswissenschaft","status":"publish","type":"page","link":"https:\/\/www.hsu-hh.de\/studium\/bildungs-und-erziehungswissenschaft\/","title":{"rendered":"Bildungs- und Erziehungswissenschaft (B.A.\/M.A.)"},"content":{"rendered":"\n<p><strong>Fakult\u00e4t:&nbsp;<\/strong>Fakult\u00e4t Geistes- und Sozialwissenschaften<\/p>\n\n\n\n<p><strong>Abschl\u00fcsse:<\/strong>&nbsp;Bachelor of Arts \/ Master of&nbsp;Arts<\/p>\n\n\n\n<p><strong>Studiendauer:<\/strong>&nbsp;7 Trimester f\u00fcr Bachelor + 5 Trimester Master<\/p>\n\n\n\n<p><strong>Studienvoraussetzungen:<\/strong><\/p>\n\n\n\n<ol class=\"wp-block-list\">\n<li>die Allgemeine Hochschulreife (Abitur),<\/li>\n\n\n\n<li>die bestandene Of\ufb01zierpr\u00fcfung,<\/li>\n\n\n\n<li>die Verp\ufb02ichtung als Soldat\/Soldatin auf Zeit f\u00fcr 13 Jahre in der Laufbahn der Of\ufb01ziere des Truppendienstes.<\/li>\n<\/ol>\n\n\n\n<p><strong>Studiensprache:<\/strong>&nbsp;Deutsch<br><strong>Studienbeginn:<\/strong>&nbsp;Anfang Oktober<\/p>\n\n\n\n<h2 class=\"wp-block-heading\">Beschreibung<\/h2>\n\n\n\n<p>Im Bachelorstudiengang und im Masterstudiengang&nbsp;eignen sich die Studierenden unter Ber\u00fccksichtigung&nbsp;der Anforderungen in der sich&nbsp;ver\u00e4ndernden Berufswelt die erforderlichen&nbsp;bildungs- und erziehungswissenschaftlichen&nbsp;Kenntnisse, F\u00e4higkeiten und Methoden so an,&nbsp;dass sie zu wissenschaftlicher Arbeit und fundierter&nbsp;Urteilsf\u00e4higkeit, zu kritischer Einordnung&nbsp;der wissenschaftlichen Erkenntnisse und zu verantwortlichem Handeln in Beruf und Gesellschaftsf\u00e4hig sein werden.<\/p>\n\n\n\n<p>Im Bachelor-Studiengang erwerben die Studierenden&nbsp;Grundkenntnisse, Methoden, Frageperspektiven&nbsp;und Theorien der Bildungs- und Erziehungswissenschaft.&nbsp;Er f\u00fchrt zu einem ersten berufsqualifizierenden und wissenschaftlichen&nbsp;Abschluss des Studiums. Ziel des Studiums ist&nbsp;auch die F\u00e4higkeit, das erworbene Wissen selbst\u00e4ndig&nbsp;und berufsfeldspezifisch anzuwenden.&nbsp;Die Studierenden bereiten sich einerseits auf einen fr\u00fchen \u00dcbergang in die Berufspraxis vor,&nbsp;andererseits erwerben sie auch die Bef\u00e4higung&nbsp;f\u00fcr den anschlie\u00dfenden Master-Studiengang.<\/p>\n\n\n\n<p>Im Master-Studiengang erweitern und vertiefen&nbsp;die Studierenden ihre zuvor erworbenen Kenntnisse&nbsp;und F\u00e4higkeiten. Er f\u00fchrt zu einem zweiten&nbsp;berufsqualifizierenden und wissenschaftlichen Abschluss des Studiums. Die Studierenden lernen, bildungs- und erziehungswissenschaftliche Erkenntnisse selbst\u00e4ndig anzuwenden und ihre&nbsp;Bedeutung und Reichweite f\u00fcr die L\u00f6sung komplexer&nbsp;wissenschaftlicher und gesellschaftlicher&nbsp;Problemfelder zu reflektieren. Sie lernen ferner,&nbsp;selbst\u00e4ndig wissenschaftliche Fragestellungen&nbsp;zu entwickeln und diese mit wissenschaftlichen Methoden zu beantworten.<\/p>\n\n\n\n<h2 class=\"wp-block-heading\">Studienaufbau<\/h2>\n\n\n\n<p>Der Bachelorstudiengang Bildungs- und Erziehungswissenschaft&nbsp;dauert in der Regel sieben&nbsp;Trimester und besteht aus Pflichtmodulen, Wahlpflichtmodulen&nbsp;und einer Abschlussarbeit. studierende,&nbsp;die noch nicht alle Leistungen erbracht&nbsp;haben, k\u00f6nnen vorl\u00e4ufig in den Master-Studiengang aufgenommen werden. Studierende, die bis zum Ende des achten Studientrimesters 180 Leistungspunkte mit der Gesamtdurchschnittsnote&nbsp;3,0 oder besser erworben haben, k\u00f6nnen&nbsp;das Master-Studium fortsetzen. Studierende, die&nbsp;diese Bedingungen nicht erf\u00fcllen, k\u00f6nnen die&nbsp;fehlenden Leistungspunkte im neunten Trimester&nbsp;erwerben, um ihr Bachelor-Studium erfolgreich&nbsp;zu beenden.<\/p>\n\n\n\n<p>Der Masterstudiengang dauert f\u00fcnf Trimester (achtes bis zw\u00f6lftes Studientrimester) und schlie\u00dft mit der Master-Arbeit ab. Der Masterstudiengang Bildungs- und Erziehungswissenschaft erweitert und vertieft die im Bachelor- Studiengang vermittelten grundlegenden Kenntnisse und F\u00e4higkeiten.<\/p>\n\n\n\n<h2 class=\"wp-block-heading\">Bewerbung<\/h2>\n\n\n\n<p>Bewerbungsunterlagen erhalten Sie bei dem f\u00fcr Ihren Wohnort zust\u00e4ndigen Karriereb\u00fcro. Namen und Kontaktdaten der Karrriereberater finden Sie im Telefonbuch unter \u201eBundeswehr\u201c oder im Internet unter http:\/\/www.bundeswehrkarriere.de. Telefonische Hotline: 0800 9800880.<\/p>\n\n\n\n<h2 class=\"wp-block-heading\">Studienberatung\/Kontakt<\/h2>\n\n\n\n<p>Die Studienberatung wird unter der Verantwortung der Fakult\u00e4ten von den Mitgliedern des akademischen Bereichs durchgef\u00fchrt.<\/p>\n\n\n\n<p><strong>Studiendekan<br><\/strong><abbr title=\"Universit\u00e4tsprofessor\">Univ.-Prof.<\/abbr> <abbr title=\"Doktor\">Dr.<\/abbr> Arnd-Michael Nohl<br>Telefon: 040 6541\u20132795<br>E-Mail: <a href=\"mailto:nohl@hsu-hh.de\" rel='nofollow'>nohl@hsu-hh.de<\/a><\/p>\n\n\n\n<p>Studierende, die im Rahmen des BFD ein Studium an der <abbr title=\"Helmut Schmidt Universit\u00e4t\">HSU<\/abbr>\/UniBw H aufnehmen m\u00f6chten, wenden sich bitte an das <strong>Hochschulmarketing<\/strong> unter Telefon: 040 6541\u20133855 oder per E-Mail an: <a href=\"mailto:hsm@hsu-hh.de\" rel='nofollow'>hsm@hsu-hh.de<\/a><\/p>\n\n\n\n<hr class=\"wp-block-separator has-alpha-channel-opacity\" \/>\n\n\n\n<div class=\"wp-block-hsu-downloadblock\"><div class=\"thumbnail-area\"><img decoding=\"async\" src=\"\/wp-content\/themes\/hsu\/img\/dummy\/downloads_dummy.png\" alt=\"Download Symbol-Icon\" \/><\/div><div class=\"text-area\"><strong>Studiengangsinformationen Bildungs- und Erziehungswissenschaft (B.A.\/M.A.)<\/strong><\/div><div class=\"download-area\"><a class=\"download-link\" href=\"https:\/\/www.hsu-hh.de\/studium\/wp-content\/uploads\/sites\/923\/2024\/05\/BuErz_Bachelor-u-Master_Stand-202302.pdf\"><span class=\"download-name\">pdf laden<\/span><span class=\"download-icon\"><img decoding=\"async\" class=\"download-icon\" alt=\"download icon\" src=\"\/wp-content\/themes\/hsu\/img\/icons\/download_icon.png\" \/><\/span><span class=\"download-size\">2 MB<\/span><\/a><\/div><\/div>\n","protected":false},"excerpt":{"rendered":"<p>Fakult\u00e4t:&nbsp;Fakult\u00e4t Geistes- und Sozialwissenschaften Abschl\u00fcsse:&nbsp;Bachelor of Arts \/ Master of&nbsp;Arts Studiendauer:&nbsp;7 Trimester f\u00fcr Bachelor + 5 Trimester Master Studienvoraussetzungen: Studiensprache:&nbsp;DeutschStudienbeginn:&nbsp;Anfang Oktober Beschreibung Im Bachelorstudiengang und im Masterstudiengang&nbsp;eignen sich die Studierenden [&hellip;]<\/p>\n","protected":false},"author":2428,"featured_media":0,"parent":0,"menu_order":0,"comment_status":"closed","ping_status":"closed","template":"","meta":{"footnotes":""},"categories":[4],"tags":[],"class_list":["post-214","page","type-page","status-publish","hentry","category-forschung"],"_links":{"self":[{"href":"https:\/\/www.hsu-hh.de\/studium\/wp-json\/wp\/v2\/pages\/214","targetHints":{"allow":["GET"]}}],"collection":[{"href":"https:\/\/www.hsu-hh.de\/studium\/wp-json\/wp\/v2\/pages"}],"about":[{"href":"https:\/\/www.hsu-hh.de\/studium\/wp-json\/wp\/v2\/types\/page"}],"author":[{"embeddable":true,"href":"https:\/\/www.hsu-hh.de\/studium\/wp-json\/wp\/v2\/users\/2428"}],"replies":[{"embeddable":true,"href":"https:\/\/www.hsu-hh.de\/studium\/wp-json\/wp\/v2\/comments?post=214"}],"version-history":[{"count":7,"href":"https:\/\/www.hsu-hh.de\/studium\/wp-json\/wp\/v2\/pages\/214\/revisions"}],"predecessor-version":[{"id":735,"href":"https:\/\/www.hsu-hh.de\/studium\/wp-json\/wp\/v2\/pages\/214\/revisions\/735"}],"wp:attachment":[{"href":"https:\/\/www.hsu-hh.de\/studium\/wp-json\/wp\/v2\/media?parent=214"}],"wp:term":[{"taxonomy":"category","embeddable":true,"href":"https:\/\/www.hsu-hh.de\/studium\/wp-json\/wp\/v2\/categories?post=214"},{"taxonomy":"post_tag","embeddable":true,"href":"https:\/\/www.hsu-hh.de\/studium\/wp-json\/wp\/v2\/tags?post=214"}],"curies":[{"name":"wp","href":"https:\/\/api.w.org\/{rel}","templated":true}]}}