{"id":1633,"date":"2023-10-11T12:54:22","date_gmt":"2023-10-11T10:54:22","guid":{"rendered":"https:\/\/www.hsu-hh.de\/studbereich\/?page_id=1633"},"modified":"2025-10-01T15:18:37","modified_gmt":"2025-10-01T13:18:37","slug":"kontakt","status":"publish","type":"page","link":"https:\/\/www.hsu-hh.de\/studbereich\/studierendenfachbereich-b\/kontakt","title":{"rendered":"Kontakt Studierendenfachbereich B"},"content":{"rendered":"\n<figure class=\"wp-block-image size-full\"><img loading=\"lazy\" decoding=\"async\" width=\"1920\" height=\"400\" src=\"https:\/\/www.hsu-hh.de\/studbereich\/wp-content\/uploads\/sites\/769\/2023\/10\/Header-BRAVO.png\" data-credit=\"HSU \/ TDI\" alt=\"BRAVO\" class=\"wp-image-1576\" srcset=\"https:\/\/www.hsu-hh.de\/studbereich\/wp-content\/uploads\/sites\/769\/2023\/10\/Header-BRAVO.png 1920w, https:\/\/www.hsu-hh.de\/studbereich\/wp-content\/uploads\/sites\/769\/2023\/10\/Header-BRAVO-300x63.png 300w, https:\/\/www.hsu-hh.de\/studbereich\/wp-content\/uploads\/sites\/769\/2023\/10\/Header-BRAVO-1024x213.png 1024w, https:\/\/www.hsu-hh.de\/studbereich\/wp-content\/uploads\/sites\/769\/2023\/10\/Header-BRAVO-768x160.png 768w, https:\/\/www.hsu-hh.de\/studbereich\/wp-content\/uploads\/sites\/769\/2023\/10\/Header-BRAVO-1536x320.png 1536w, https:\/\/www.hsu-hh.de\/studbereich\/wp-content\/uploads\/sites\/769\/2023\/10\/Header-BRAVO-1100x229.png 1100w\" sizes=\"auto, (max-width: 1920px) 100vw, 1920px\" \/><\/figure>\n\n\n\n<div class=\"wp-block-columns is-layout-flex wp-container-core-columns-is-layout-9d6595d7 wp-block-columns-is-layout-flex\">\n<div class=\"wp-block-column is-vertically-aligned-center is-layout-flow wp-block-column-is-layout-flow\">\n<h2 class=\"wp-block-heading has-text-align-center\">Leiterin Studierendenfachbereich B<\/h2>\n\n\n<div class=\"wp-block-image\">\n<figure class=\"aligncenter size-full is-resized\"><img loading=\"lazy\" decoding=\"async\" width=\"1459\" height=\"1945\" src=\"https:\/\/www.hsu-hh.de\/studbereich\/wp-content\/uploads\/sites\/769\/2023\/10\/Platzhalter_Male.png\" data-credit=\"HSU \/ TDI\" alt=\"Platzhalter M D\" class=\"wp-image-1608\" style=\"aspect-ratio:3\/4;object-fit:contain;width:150px;height:undefinedpx\" srcset=\"https:\/\/www.hsu-hh.de\/studbereich\/wp-content\/uploads\/sites\/769\/2023\/10\/Platzhalter_Male.png 1459w, https:\/\/www.hsu-hh.de\/studbereich\/wp-content\/uploads\/sites\/769\/2023\/10\/Platzhalter_Male-225x300.png 225w, https:\/\/www.hsu-hh.de\/studbereich\/wp-content\/uploads\/sites\/769\/2023\/10\/Platzhalter_Male-768x1024.png 768w, https:\/\/www.hsu-hh.de\/studbereich\/wp-content\/uploads\/sites\/769\/2023\/10\/Platzhalter_Male-1152x1536.png 1152w, https:\/\/www.hsu-hh.de\/studbereich\/wp-content\/uploads\/sites\/769\/2023\/10\/Platzhalter_Male-1100x1466.png 1100w\" sizes=\"auto, (max-width: 1459px) 100vw, 1459px\" \/><\/figure>\n<\/div>\n\n\n<p class=\"has-text-align-center\">Oberstleutnant Vivien Rummler<\/p>\n<\/div>\n\n\n\n<div class=\"wp-block-column is-vertically-aligned-center is-layout-flow wp-block-column-is-layout-flow\">\n<p><strong>Tel.:<\/strong> (040) 6541- 4202<br><strong>Fax:<\/strong> (040) 6541- 4299<br><strong>E-Mail:<\/strong> <a href=\"mailto:HSUBravo@bundeswehr.org\" data-type=\"mailto\" data-id=\"mailto:HSUBravo@bundeswehr.org\" rel='nofollow'><abbr title=\"Universit\u00e4t der Bundeswehr Hamburg\">UniBwH<\/abbr> Bravo<\/a><\/p>\n<\/div>\n<\/div>\n\n\n\n<hr class=\"wp-block-separator has-alpha-channel-opacity\" \/>\n\n\n\n<div style=\"height:25px\" aria-hidden=\"true\" class=\"wp-block-spacer\"><\/div>\n\n\n\n<div class=\"wp-block-columns is-layout-flex wp-container-core-columns-is-layout-9d6595d7 wp-block-columns-is-layout-flex\">\n<div class=\"wp-block-column is-layout-flow wp-block-column-is-layout-flow\">\n<h3 class=\"wp-block-heading has-text-align-left\">Spie\u00df Bravo<\/h3>\n<\/div>\n\n\n\n<div class=\"wp-block-column is-vertically-aligned-bottom is-layout-flow wp-block-column-is-layout-flow\">\n<p><strong>Tel.:<\/strong> (040) 6541- 4201<br><strong>E-Mail:<\/strong> <a href=\"mailto:HSUBravo@bundeswehr.org\" data-type=\"mailto\" data-id=\"mailto:HSU1B@bundeswehr.org\" rel='nofollow'><abbr title=\"Universit\u00e4t der Bundeswehr Hamburg\">UniBwH<\/abbr> Spie\u00df<\/a><\/p>\n<\/div>\n<\/div>\n\n\n\n<div style=\"height:25px\" aria-hidden=\"true\" class=\"wp-block-spacer\"><\/div>\n\n\n\n<hr class=\"wp-block-separator has-alpha-channel-opacity\" \/>\n\n\n\n<div style=\"height:25px\" aria-hidden=\"true\" id=\"1B\" class=\"wp-block-spacer\"><\/div>\n\n\n\n<div class=\"wp-block-columns is-layout-flex wp-container-core-columns-is-layout-9d6595d7 wp-block-columns-is-layout-flex\">\n<div class=\"wp-block-column is-layout-flow wp-block-column-is-layout-flow\">\n<h3 class=\"wp-block-heading has-text-align-left\">Gruppenleiter 1\/B<\/h3>\n\n\n\n<p class=\"has-text-align-left\">Bildungs- und<br>Erziehungswissenschaft (BuErz)<\/p>\n<\/div>\n\n\n\n<div class=\"wp-block-column is-vertically-aligned-bottom is-layout-flow wp-block-column-is-layout-flow\">\n<p><strong>Tel.:<\/strong> (040) 6541- 4210<br><strong>E-Mail: <\/strong><a href=\"mailto:HSU1B@bundeswehr.org\" data-type=\"mailto\" data-id=\"mailto:HSU1B@bundeswehr.org\" rel='nofollow'><abbr title=\"Universit\u00e4t der Bundeswehr Hamburg\">UniBwH<\/abbr> 1B<\/a><\/p>\n<\/div>\n<\/div>\n\n\n\n<div style=\"height:25px\" aria-hidden=\"true\" class=\"wp-block-spacer\"><\/div>\n\n\n\n<hr class=\"wp-block-separator has-alpha-channel-opacity\" \/>\n\n\n\n<div style=\"height:25px\" aria-hidden=\"true\" id=\"2B\" class=\"wp-block-spacer\"><\/div>\n\n\n\n<div class=\"wp-block-columns is-layout-flex wp-container-core-columns-is-layout-9d6595d7 wp-block-columns-is-layout-flex\">\n<div class=\"wp-block-column is-layout-flow wp-block-column-is-layout-flow\">\n<h3 class=\"wp-block-heading has-text-align-left\">Gruppenleiter 2\/B<\/h3>\n\n\n\n<p class=\"has-text-align-left\">Psychologie (Psych)<\/p>\n<\/div>\n\n\n\n<div class=\"wp-block-column is-vertically-aligned-bottom is-layout-flow wp-block-column-is-layout-flow\">\n<p><strong>Tel.:<\/strong> (040) 6541- 4220<br><strong>E-Mail:<\/strong> <a href=\"mailto:HSU2B@bundeswehr.org\" data-type=\"mailto\" data-id=\"mailto:HSU2B@bundeswehr.org\" rel='nofollow'><abbr title=\"Universit\u00e4t der Bundeswehr Hamburg\">UniBwH<\/abbr> 2B<\/a><\/p>\n<\/div>\n<\/div>\n\n\n\n<div style=\"height:25px\" aria-hidden=\"true\" class=\"wp-block-spacer\"><\/div>\n\n\n\n<hr class=\"wp-block-separator has-alpha-channel-opacity\" \/>\n\n\n\n<div style=\"height:25px\" aria-hidden=\"true\" id=\"3B\" class=\"wp-block-spacer\"><\/div>\n\n\n\n<div class=\"wp-block-columns is-layout-flex wp-container-core-columns-is-layout-9d6595d7 wp-block-columns-is-layout-flex\">\n<div class=\"wp-block-column is-layout-flow wp-block-column-is-layout-flow\">\n<h3 class=\"wp-block-heading has-text-align-left\">Gruppenleiter 3\/B<\/h3>\n\n\n\n<p class=\"has-text-align-left\">Bildungs- und<br>Erziehungswissenschaft (BuErz)<\/p>\n<\/div>\n\n\n\n<div class=\"wp-block-column is-vertically-aligned-bottom is-layout-flow wp-block-column-is-layout-flow\">\n<p><strong>Tel.:<\/strong> (040) 6541- 4230<br><strong>E-Mail:<\/strong> <a href=\"mailto:HSU3B@bundeswehr.org\" data-type=\"mailto\" data-id=\"mailto:HSU3B@bundeswehr.org\" rel='nofollow'><abbr title=\"Universit\u00e4t der Bundeswehr Hamburg\">UniBwH<\/abbr> 3B<\/a><\/p>\n<\/div>\n<\/div>\n\n\n\n<div style=\"height:25px\" aria-hidden=\"true\" class=\"wp-block-spacer\"><\/div>\n\n\n\n<hr class=\"wp-block-separator has-alpha-channel-opacity\" \/>\n\n\n\n<div style=\"height:25px\" aria-hidden=\"true\" id=\"4B\" class=\"wp-block-spacer\"><\/div>\n\n\n\n<div class=\"wp-block-columns is-layout-flex wp-container-core-columns-is-layout-9d6595d7 wp-block-columns-is-layout-flex\">\n<div class=\"wp-block-column is-layout-flow wp-block-column-is-layout-flow\">\n<h3 class=\"wp-block-heading has-text-align-left\">Gruppenleiter 4\/B<\/h3>\n\n\n\n<p class=\"has-text-align-left\">Bildungs- und<br>Erziehungswissenschaft (BuErz)<\/p>\n<\/div>\n\n\n\n<div class=\"wp-block-column is-vertically-aligned-bottom is-layout-flow wp-block-column-is-layout-flow\">\n<p><strong>Tel.:<\/strong> (040) 6541- 4240<br><strong>E-Mail:<\/strong> <a href=\"mailto:HSU4B@bundeswehr.org\" data-type=\"mailto\" data-id=\"mailto:HSU4B@bundeswehr.org\" rel='nofollow'><abbr title=\"Universit\u00e4t der Bundeswehr Hamburg\">UniBwH<\/abbr> 4B<\/a><\/p>\n<\/div>\n<\/div>\n\n\n\n<div style=\"height:25px\" aria-hidden=\"true\" class=\"wp-block-spacer\"><\/div>\n\n\n\n<hr class=\"wp-block-separator has-alpha-channel-opacity\" \/>\n\n\n\n<div style=\"height:25px\" aria-hidden=\"true\" id=\"5B\" class=\"wp-block-spacer\"><\/div>\n\n\n\n<div class=\"wp-block-columns is-layout-flex wp-container-core-columns-is-layout-9d6595d7 wp-block-columns-is-layout-flex\">\n<div class=\"wp-block-column is-layout-flow wp-block-column-is-layout-flow\">\n<h3 class=\"wp-block-heading has-text-align-left\">Gruppenleiter 5\/B<\/h3>\n\n\n\n<p class=\"has-text-align-left\">Geschichte (Gesch)<\/p>\n<\/div>\n\n\n\n<div class=\"wp-block-column is-vertically-aligned-bottom is-layout-flow wp-block-column-is-layout-flow\">\n<p><strong>Tel.: <\/strong>(040) 6541- 4250<br><strong>E-Mail:<\/strong> <a href=\"mailto:HSU5B@bundeswehr.org\" data-type=\"mailto\" data-id=\"mailto:HSU5B@bundeswehr.org\" rel='nofollow'><abbr title=\"Universit\u00e4t der Bundeswehr Hamburg\">UniBwH<\/abbr> 5B<\/a><\/p>\n<\/div>\n<\/div>\n\n\n\n<div style=\"height:25px\" aria-hidden=\"true\" class=\"wp-block-spacer\"><\/div>\n\n\n\n<hr class=\"wp-block-separator has-alpha-channel-opacity\" \/>\n\n\n\n<div style=\"height:25px\" aria-hidden=\"true\" id=\"6B\" class=\"wp-block-spacer\"><\/div>\n\n\n\n<div class=\"wp-block-columns is-layout-flex wp-container-core-columns-is-layout-9d6595d7 wp-block-columns-is-layout-flex\">\n<div class=\"wp-block-column is-layout-flow wp-block-column-is-layout-flow\">\n<h3 class=\"wp-block-heading has-text-align-left\">Gruppenleiter 6\/B<\/h3>\n\n\n\n<p class=\"has-text-align-left\">Psychologie (Psych)<\/p>\n<\/div>\n\n\n\n<div class=\"wp-block-column is-vertically-aligned-bottom is-layout-flow wp-block-column-is-layout-flow\">\n<p><strong>Tel.:<\/strong> (040) 6541- 4260<br><strong>E-Mail:<\/strong> <a href=\"mailto:HSU6B@bundeswehr.org\" data-type=\"mailto\" data-id=\"mailto:HSU6B@bundeswehr.org\" rel='nofollow'><abbr title=\"Universit\u00e4t der Bundeswehr Hamburg\">UniBwH<\/abbr> 6B<\/a><\/p>\n<\/div>\n<\/div>\n\n\n\n<div style=\"height:25px\" aria-hidden=\"true\" class=\"wp-block-spacer\"><\/div>\n\n\n\n<hr class=\"wp-block-separator has-alpha-channel-opacity\" \/>\n\n\n\n<div style=\"height:25px\" aria-hidden=\"true\" id=\"7B\" class=\"wp-block-spacer\"><\/div>\n\n\n\n<div class=\"wp-block-columns is-layout-flex wp-container-core-columns-is-layout-9d6595d7 wp-block-columns-is-layout-flex\">\n<div class=\"wp-block-column is-layout-flow wp-block-column-is-layout-flow\">\n<h3 class=\"wp-block-heading has-text-align-left\">Gruppenleiter 7\/B<\/h3>\n\n\n\n<p class=\"has-text-align-left\">Geschichte (Gesch)<\/p>\n<\/div>\n\n\n\n<div class=\"wp-block-column is-vertically-aligned-bottom is-layout-flow wp-block-column-is-layout-flow\">\n<p><strong>Tel.:<\/strong> (040) 6541- 4270<br><strong>E-Mail:<\/strong> <a href=\"mailto:HSU7B@bundeswehr.org\" data-type=\"mailto\" data-id=\"mailto:HSU7B@bundeswehr.org\" rel='nofollow'><abbr title=\"Universit\u00e4t der Bundeswehr Hamburg\">UniBwH<\/abbr> 7B<\/a><\/p>\n<\/div>\n<\/div>\n\n\n\n<div style=\"height:25px\" aria-hidden=\"true\" class=\"wp-block-spacer\"><\/div>\n\n\n\n<hr class=\"wp-block-separator has-alpha-channel-opacity\" \/>\n\n\n\n<div style=\"height:25px\" aria-hidden=\"true\" id=\"8B\" class=\"wp-block-spacer\"><\/div>\n\n\n\n<div class=\"wp-block-columns is-layout-flex wp-container-core-columns-is-layout-9d6595d7 wp-block-columns-is-layout-flex\">\n<div class=\"wp-block-column is-layout-flow wp-block-column-is-layout-flow\">\n<h3 class=\"wp-block-heading has-text-align-left\">Gruppenleiter 8\/B<\/h3>\n\n\n\n<p class=\"has-text-align-left\">Bildungs- und<br>Erziehungswissenschaft (BuErz)<\/p>\n<\/div>\n\n\n\n<div class=\"wp-block-column is-vertically-aligned-bottom is-layout-flow wp-block-column-is-layout-flow\">\n<p><strong>Tel.:<\/strong> (040) 6541- 4280<br><strong>E-Mail:<\/strong> <a href=\"mailto:HSU8B@bundeswehr.org\" data-type=\"mailto\" data-id=\"mailto:HSU8B@bundeswehr.org\" rel='nofollow'><abbr title=\"Universit\u00e4t der Bundeswehr Hamburg\">UniBwH<\/abbr> 8B<\/a><\/p>\n<\/div>\n<\/div>\n\n\n\n<div style=\"height:25px\" aria-hidden=\"true\" class=\"wp-block-spacer\"><\/div>\n\n\n\n<hr class=\"wp-block-separator has-alpha-channel-opacity\" \/>\n\n\n\n<div class=\"wp-block-columns is-layout-flex wp-container-core-columns-is-layout-9d6595d7 wp-block-columns-is-layout-flex\">\n<div class=\"wp-block-column is-layout-flow wp-block-column-is-layout-flow\">\n<p><strong>Postanschrift:<br><\/strong>Helmut-Schmidt-Universit\u00e4t\/Universit\u00e4t der Bundeswehr Hamburg<br>Studierendenfachbereich B<br>Postfach 70 08 22<br>22008 Hamburg<\/p>\n<\/div>\n\n\n\n<div class=\"wp-block-column is-layout-flow wp-block-column-is-layout-flow\">\n<p><strong>Besucheranschrift:<\/strong><br>Helmut-Schmidt-Universit\u00e4t\/Universit\u00e4t der Bundeswehr Hamburg<br>Geb\u00e4ude 50<br>Stoltenstra\u00dfe 13<br>22119 Hamburg<\/p>\n<\/div>\n<\/div>\n","protected":false},"excerpt":{"rendered":"<p>Leiterin Studierendenfachbereich B Oberstleutnant Vivien Rummler Tel.: (040) 6541- 4202Fax: (040) 6541- 4299E-Mail: UniBwH Bravo Spie\u00df Bravo Tel.: (040) 6541- 4201E-Mail: UniBwH Spie\u00df Gruppenleiter 1\/B Bildungs- undErziehungswissenschaft (BuErz) Tel.: (040) [&hellip;]<\/p>\n","protected":false},"author":2503,"featured_media":0,"parent":1003,"menu_order":1,"comment_status":"closed","ping_status":"closed","template":"","meta":{"footnotes":""},"categories":[4],"tags":[],"class_list":["post-1633","page","type-page","status-publish","hentry","category-forschung"],"_links":{"self":[{"href":"https:\/\/www.hsu-hh.de\/studbereich\/wp-json\/wp\/v2\/pages\/1633","targetHints":{"allow":["GET"]}}],"collection":[{"href":"https:\/\/www.hsu-hh.de\/studbereich\/wp-json\/wp\/v2\/pages"}],"about":[{"href":"https:\/\/www.hsu-hh.de\/studbereich\/wp-json\/wp\/v2\/types\/page"}],"author":[{"embeddable":true,"href":"https:\/\/www.hsu-hh.de\/studbereich\/wp-json\/wp\/v2\/users\/2503"}],"replies":[{"embeddable":true,"href":"https:\/\/www.hsu-hh.de\/studbereich\/wp-json\/wp\/v2\/comments?post=1633"}],"version-history":[{"count":15,"href":"https:\/\/www.hsu-hh.de\/studbereich\/wp-json\/wp\/v2\/pages\/1633\/revisions"}],"predecessor-version":[{"id":1999,"href":"https:\/\/www.hsu-hh.de\/studbereich\/wp-json\/wp\/v2\/pages\/1633\/revisions\/1999"}],"up":[{"embeddable":true,"href":"https:\/\/www.hsu-hh.de\/studbereich\/wp-json\/wp\/v2\/pages\/1003"}],"wp:attachment":[{"href":"https:\/\/www.hsu-hh.de\/studbereich\/wp-json\/wp\/v2\/media?parent=1633"}],"wp:term":[{"taxonomy":"category","embeddable":true,"href":"https:\/\/www.hsu-hh.de\/studbereich\/wp-json\/wp\/v2\/categories?post=1633"},{"taxonomy":"post_tag","embeddable":true,"href":"https:\/\/www.hsu-hh.de\/studbereich\/wp-json\/wp\/v2\/tags?post=1633"}],"curies":[{"name":"wp","href":"https:\/\/api.w.org\/{rel}","templated":true}]}}