{"id":1085,"date":"2023-09-25T10:18:26","date_gmt":"2023-09-25T08:18:26","guid":{"rendered":"https:\/\/www.hsu-hh.de\/studbereich\/?page_id=1085"},"modified":"2026-03-19T11:38:25","modified_gmt":"2026-03-19T10:38:25","slug":"studierendenfachbereich-c","status":"publish","type":"page","link":"https:\/\/www.hsu-hh.de\/studbereich\/studierendenfachbereich-c","title":{"rendered":"Studierendenfachbereich C"},"content":{"rendered":"\n\n\n<figure class=\"wp-block-image size-full\"><img loading=\"lazy\" decoding=\"async\" width=\"1920\" height=\"400\" src=\"https:\/\/www.hsu-hh.de\/studbereich\/wp-content\/uploads\/sites\/769\/2023\/10\/Header-CHARLIE.png\" data-credit=\"HSU \/ TDI\" alt=\"CHARLIE\" class=\"wp-image-1577\" srcset=\"https:\/\/www.hsu-hh.de\/studbereich\/wp-content\/uploads\/sites\/769\/2023\/10\/Header-CHARLIE.png 1920w, https:\/\/www.hsu-hh.de\/studbereich\/wp-content\/uploads\/sites\/769\/2023\/10\/Header-CHARLIE-300x63.png 300w, https:\/\/www.hsu-hh.de\/studbereich\/wp-content\/uploads\/sites\/769\/2023\/10\/Header-CHARLIE-1024x213.png 1024w, https:\/\/www.hsu-hh.de\/studbereich\/wp-content\/uploads\/sites\/769\/2023\/10\/Header-CHARLIE-768x160.png 768w, https:\/\/www.hsu-hh.de\/studbereich\/wp-content\/uploads\/sites\/769\/2023\/10\/Header-CHARLIE-1536x320.png 1536w, https:\/\/www.hsu-hh.de\/studbereich\/wp-content\/uploads\/sites\/769\/2023\/10\/Header-CHARLIE-1100x229.png 1100w\" sizes=\"auto, (max-width: 1920px) 100vw, 1920px\" \/><\/figure>\n\n\n\n<h2 class=\"wp-block-heading has-text-align-center\">Leiter Studierendenfachbereich C<\/h2>\n\n\n\n<div style=\"height:15px\" aria-hidden=\"true\" class=\"wp-block-spacer\"><\/div>\n\n\n\n<p class=\"has-text-align-center\">Oberstleutnant Hendrik J\u00e4nicke<\/p>\n\n\n\n<p class=\"has-text-align-center\"><a href=\"https:\/\/www.hsu-hh.de\/studbereich\/studierendenfachbereich-c\/kontakt\" data-type=\"link\" data-id=\"https:\/\/www.hsu-hh.de\/studbereich\/studierendenfachbereich-c\/kontakt\">Kontakt<\/a><\/p>\n\n\n\n<div style=\"height:30px\" aria-hidden=\"true\" class=\"wp-block-spacer\"><\/div>\n\n\n\n<hr class=\"wp-block-separator has-alpha-channel-opacity is-style-wide\"\/>\n\n\n\n<div style=\"height:30px\" aria-hidden=\"true\" class=\"wp-block-spacer\"><\/div>\n\n\n\n<div class=\"wp-block-columns is-layout-flex wp-container-core-columns-is-layout-9d6595d7 wp-block-columns-is-layout-flex\">\n<div class=\"wp-block-column is-layout-flow wp-block-column-is-layout-flow\" style=\"flex-basis:15%\"><\/div>\n\n\n\n<div class=\"wp-block-column is-layout-flow wp-block-column-is-layout-flow\"><div class=\"wp-block-image\">\n<figure class=\"aligncenter size-medium is-resized\"><a href=\"https:\/\/www.hsu-hh.de\/studbereich\/studierendenfachbereich-c\/kontakt\"><img decoding=\"async\" src=\"https:\/\/mig.hsu-hh.de\/studbereich\/wp-content\/uploads\/sites\/769\/2023\/07\/Charlie-257x300.png\" alt=\"\" class=\"wp-image-352\" style=\"object-fit:contain;width:151px;height:175px\"\/><\/a><\/figure>\n<\/div>\n\n\n<p class=\"has-text-align-center\"><a href=\"https:\/\/www.hsu-hh.de\/studbereich\/studierendenfachbereich-c\/kontakt\" data-type=\"link\" data-id=\"https:\/\/www.hsu-hh.de\/studbereich\/studierendenfachbereich-c\/kontakt\">Studierendenfachbereich C<\/a><\/p>\n\n\n\n<div style=\"height:30px\" aria-hidden=\"true\" class=\"wp-block-spacer\"><\/div>\n\n\n\n<div class=\"wp-block-columns is-not-stacked-on-mobile is-layout-flex wp-container-core-columns-is-layout-9d6595d7 wp-block-columns-is-layout-flex\">\n<div class=\"wp-block-column is-layout-flow wp-block-column-is-layout-flow\"><div class=\"wp-block-image\">\n<figure class=\"aligncenter size-medium is-resized\"><img decoding=\"async\" src=\"https:\/\/mig.hsu-hh.de\/studbereich\/wp-content\/uploads\/sites\/769\/2023\/08\/rechts-unten@350x-100-300x300.jpg\" data-credit=\"\" alt=\"\" class=\"wp-image-493\" style=\"width:75px;height:75px\"\/><\/figure>\n<\/div><\/div>\n\n\n\n<div class=\"wp-block-column is-vertically-aligned-top is-layout-flow wp-block-column-is-layout-flow\"><div class=\"wp-block-image\">\n<figure class=\"aligncenter size-medium is-resized\"><img decoding=\"async\" src=\"https:\/\/mig.hsu-hh.de\/studbereich\/wp-content\/uploads\/sites\/769\/2023\/08\/Kreuz@350x-100-300x300.jpg\" alt=\"\" class=\"wp-image-491\" style=\"width:75px;height:75px\"\/><\/figure>\n<\/div><\/div>\n\n\n\n<div class=\"wp-block-column is-layout-flow wp-block-column-is-layout-flow\"><div class=\"wp-block-image\">\n<figure class=\"aligncenter size-medium is-resized\"><img decoding=\"async\" src=\"https:\/\/mig.hsu-hh.de\/studbereich\/wp-content\/uploads\/sites\/769\/2023\/08\/links-unten@350x-100-300x300.jpg\" alt=\"\" class=\"wp-image-492\" style=\"width:75px;height:75px\"\/><\/figure>\n<\/div><\/div>\n<\/div>\n\n\n\n<div style=\"height:30px\" aria-hidden=\"true\" class=\"wp-block-spacer\"><\/div>\n\n\n\n<div class=\"wp-block-columns is-not-stacked-on-mobile is-layout-flex wp-container-core-columns-is-layout-9d6595d7 wp-block-columns-is-layout-flex\">\n<div class=\"wp-block-column is-layout-flow wp-block-column-is-layout-flow\"><div class=\"wp-block-image\">\n<figure class=\"aligncenter size-medium is-resized\"><a href=\"https:\/\/www.hsu-hh.de\/studbereich\/studierendenfachbereich-c\/kontakt#1C\"><img decoding=\"async\" src=\"https:\/\/mig.hsu-hh.de\/studbereich\/wp-content\/uploads\/sites\/769\/2023\/07\/1c-300x136.png\" alt=\"\" class=\"wp-image-333\" style=\"object-fit:contain;width:130px;height:59px\"\/><\/a><\/figure>\n<\/div>\n\n\n<p class=\"has-text-align-center\"><a href=\"https:\/\/www.hsu-hh.de\/studbereich\/studierendenfachbereich-c\/kontakt#1C\" data-type=\"link\" data-id=\"https:\/\/www.hsu-hh.de\/studbereich\/studierendenfachbereich-c\/kontakt#1C\">Politikwissenschaften (<abbr title=\"Politikwissenschaften\">POL<\/abbr>)<\/a><\/p>\n<\/div>\n\n\n\n<div class=\"wp-block-column is-layout-flow wp-block-column-is-layout-flow\"><div class=\"wp-block-image\">\n<figure class=\"aligncenter size-medium is-resized\"><a href=\"https:\/\/www.hsu-hh.de\/studbereich\/studierendenfachbereich-c\/kontakt#2C\"><img decoding=\"async\" src=\"https:\/\/mig.hsu-hh.de\/studbereich\/wp-content\/uploads\/sites\/769\/2023\/07\/Element-80-300x136.png\" alt=\"\" class=\"wp-image-366\" style=\"object-fit:contain;width:130px;height:57px\"\/><\/a><\/figure>\n<\/div>\n\n\n<p class=\"has-text-align-center\"><a href=\"https:\/\/www.hsu-hh.de\/studbereich\/studierendenfachbereich-c\/kontakt#2C\" data-type=\"link\" data-id=\"https:\/\/www.hsu-hh.de\/studbereich\/studierendenfachbereich-c\/kontakt#2C\">Politikwissenschaften (<abbr title=\"Politikwissenschaften\">POL<\/abbr>)<\/a><\/p>\n<\/div>\n\n\n\n<div class=\"wp-block-column is-layout-flow wp-block-column-is-layout-flow\"><div class=\"wp-block-image\">\n<figure class=\"aligncenter size-medium is-resized\"><a href=\"https:\/\/www.hsu-hh.de\/studbereich\/studierendenfachbereich-c\/kontakt#3C\"><img decoding=\"async\" src=\"https:\/\/mig.hsu-hh.de\/studbereich\/wp-content\/uploads\/sites\/769\/2023\/07\/3c-300x136.png\" alt=\"\" class=\"wp-image-364\" style=\"object-fit:contain;width:130px;height:61px\"\/><\/a><\/figure>\n<\/div>\n\n\n<p class=\"has-text-align-center\"><a href=\"https:\/\/www.hsu-hh.de\/studbereich\/studierendenfachbereich-c\/kontakt#3C\" data-type=\"link\" data-id=\"https:\/\/www.hsu-hh.de\/studbereich\/studierendenfachbereich-c\/kontakt#3C\">Betriebswirtschaftslehre (<abbr title=\"Betriebswirtschaftslehre\">BWL<\/abbr>)<\/a><\/p>\n<\/div>\n<\/div>\n\n\n\n<div style=\"height:30px\" aria-hidden=\"true\" class=\"wp-block-spacer\"><\/div>\n\n\n\n<div class=\"wp-block-columns is-not-stacked-on-mobile is-layout-flex wp-container-core-columns-is-layout-9d6595d7 wp-block-columns-is-layout-flex\">\n<div class=\"wp-block-column is-layout-flow wp-block-column-is-layout-flow\"><div class=\"wp-block-image\">\n<figure class=\"aligncenter size-medium is-resized\"><a href=\"https:\/\/www.hsu-hh.de\/studbereich\/studierendenfachbereich-c\/kontakt#4C\"><img decoding=\"async\" src=\"https:\/\/mig.hsu-hh.de\/studbereich\/wp-content\/uploads\/sites\/769\/2023\/07\/4c-300x136.png\" alt=\"\" class=\"wp-image-362\" style=\"object-fit:contain;width:130px;height:59px\"\/><\/a><\/figure>\n<\/div>\n\n\n<p class=\"has-text-align-center\"><a href=\"https:\/\/www.hsu-hh.de\/studbereich\/studierendenfachbereich-c\/kontakt#4C\" data-type=\"link\" data-id=\"https:\/\/www.hsu-hh.de\/studbereich\/studierendenfachbereich-c\/kontakt#4C\">Betriebswirtschaftslehre (<abbr title=\"Betriebswirtschaftslehre\">BWL<\/abbr>)<\/a><\/p>\n<\/div>\n\n\n\n<div class=\"wp-block-column is-layout-flow wp-block-column-is-layout-flow\"><div class=\"wp-block-image\">\n<figure class=\"aligncenter size-medium is-resized\"><a href=\"https:\/\/www.hsu-hh.de\/studbereich\/studierendenfachbereich-c\/kontakt#5C\"><img decoding=\"async\" src=\"https:\/\/mig.hsu-hh.de\/studbereich\/wp-content\/uploads\/sites\/769\/2023\/07\/5c-300x136.png\" alt=\"\" class=\"wp-image-360\" style=\"object-fit:contain;width:130px;height:59px\"\/><\/a><\/figure>\n<\/div>\n\n\n<p class=\"has-text-align-center\"><a href=\"https:\/\/www.hsu-hh.de\/studbereich\/studierendenfachbereich-c\/kontakt#5C\" data-type=\"link\" data-id=\"https:\/\/www.hsu-hh.de\/studbereich\/studierendenfachbereich-c\/kontakt#5C\">Volkswirtschaftslehre (<abbr title=\"Volkswirtschaftslehre\">VWL<\/abbr>)<\/a><\/p>\n<\/div>\n\n\n\n<div class=\"wp-block-column is-layout-flow wp-block-column-is-layout-flow\"><div class=\"wp-block-image\">\n<figure class=\"aligncenter size-medium is-resized\"><a href=\"https:\/\/www.hsu-hh.de\/studbereich\/studierendenfachbereich-c\/kontakt#6C\"><img decoding=\"async\" src=\"https:\/\/mig.hsu-hh.de\/studbereich\/wp-content\/uploads\/sites\/769\/2023\/07\/6c-300x136.png\" alt=\"\" class=\"wp-image-358\" style=\"object-fit:contain;width:130px;height:59px\"\/><\/a><\/figure>\n<\/div>\n\n\n<p class=\"has-text-align-center\"><a href=\"https:\/\/www.hsu-hh.de\/studbereich\/studierendenfachbereich-c\/kontakt#6C\" data-type=\"link\" data-id=\"https:\/\/www.hsu-hh.de\/studbereich\/studierendenfachbereich-c\/kontakt#6C\">Betriebswirtschaftslehre (<abbr title=\"Betriebswirtschaftslehre\">BWL<\/abbr>)<\/a><\/p>\n<\/div>\n<\/div>\n\n\n\n<div style=\"height:30px\" aria-hidden=\"true\" class=\"wp-block-spacer\"><\/div>\n\n\n\n<div class=\"wp-block-columns is-not-stacked-on-mobile is-layout-flex wp-container-core-columns-is-layout-9d6595d7 wp-block-columns-is-layout-flex\">\n<div class=\"wp-block-column is-layout-flow wp-block-column-is-layout-flow\"><div class=\"wp-block-image\">\n<figure class=\"aligncenter size-medium is-resized\"><a href=\"https:\/\/www.hsu-hh.de\/studbereich\/studierendenfachbereich-c\/kontakt#7C\"><img decoding=\"async\" src=\"https:\/\/mig.hsu-hh.de\/studbereich\/wp-content\/uploads\/sites\/769\/2023\/07\/7c-300x137.png\" alt=\"\" class=\"wp-image-356\" style=\"object-fit:contain;width:130px;height:59px\"\/><\/a><\/figure>\n<\/div>\n\n\n<p class=\"has-text-align-center\"><a href=\"https:\/\/www.hsu-hh.de\/studbereich\/studierendenfachbereich-c\/kontakt#7C\" data-type=\"link\" data-id=\"https:\/\/www.hsu-hh.de\/studbereich\/studierendenfachbereich-c\/kontakt#7C\">Volkswirtschaftslehre (<abbr title=\"Volkswirtschaftslehre\">VWL<\/abbr>)<br>Betriebswirtschaftslehre (<abbr title=\"Betriebswirtschaftslehre\">BWL<\/abbr><\/a><a href=\"http:\/\/mig.hsu-hh.de\/studbereich\/kontakt#7C\" data-type=\"link\" data-id=\"mig.hsu-hh.de\/studbereich\/kontakt#7C\" rel='nofollow'>)<\/a><\/p>\n<\/div>\n\n\n\n<div class=\"wp-block-column is-layout-flow wp-block-column-is-layout-flow\"><div class=\"wp-block-image\">\n<figure class=\"aligncenter size-medium is-resized\"><a href=\"https:\/\/www.hsu-hh.de\/studbereich\/studierendenfachbereich-c\/kontakt#8C\"><img decoding=\"async\" src=\"https:\/\/mig.hsu-hh.de\/studbereich\/wp-content\/uploads\/sites\/769\/2023\/07\/8c-300x136.png\" alt=\"\" class=\"wp-image-354\" style=\"object-fit:contain;width:130px;height:58px\"\/><\/a><\/figure>\n<\/div>\n\n\n<p class=\"has-text-align-center\"><a href=\"https:\/\/www.hsu-hh.de\/studbereich\/studierendenfachbereich-c\/kontakt#8C\" data-type=\"link\" data-id=\"https:\/\/www.hsu-hh.de\/studbereich\/studierendenfachbereich-c\/kontakt#8C\">Betriebswirtschaftslehre (<abbr title=\"Betriebswirtschaftslehre\">BWL<\/abbr>)<\/a><\/p>\n<\/div>\n\n\n\n<div class=\"wp-block-column is-layout-flow wp-block-column-is-layout-flow\"><div class=\"wp-block-image\">\n<figure class=\"aligncenter size-medium is-resized\"><a href=\"https:\/\/www.hsu-hh.de\/studbereich\/studierendenfachbereich-c\/kontakt#9C\"><img decoding=\"async\" src=\"https:\/\/mig.hsu-hh.de\/studbereich\/wp-content\/uploads\/sites\/769\/2023\/07\/9c-300x136.png\" alt=\"\" class=\"wp-image-353\" style=\"object-fit:contain;width:130px;height:58px\"\/><\/a><\/figure>\n<\/div>\n\n\n<p class=\"has-text-align-center\"><a href=\"https:\/\/www.hsu-hh.de\/studbereich\/studierendenfachbereich-c\/kontakt#9C\" data-type=\"link\" data-id=\"https:\/\/www.hsu-hh.de\/studbereich\/studierendenfachbereich-c\/kontakt#9C\">Politikwissenschaften (<abbr title=\"Politikwissenschaften\">POL<\/abbr>)<\/a><\/p>\n<\/div>\n<\/div>\n<\/div>\n\n\n\n<div class=\"wp-block-column is-layout-flow wp-block-column-is-layout-flow\" style=\"flex-basis:15%\"><\/div>\n<\/div>\n\n\n\n<div style=\"height:30px\" aria-hidden=\"true\" class=\"wp-block-spacer\"><\/div>\n\n\n\n<h2 class=\"wp-block-heading\">Fachbereich<\/h2>\n\n\n\n<p>Im Studierendenfachbereich C sind die studierenden Offiziere \/ Offizieranw\u00e4rter \/ -innen&nbsp; (StudOffz\/OA) der Studieng\u00e4nge <a href=\"https:\/\/www.hsu-hh.de\/wiso\/betriebswirtschaftslehre-bachelor-of-science-master-of-science\" data-type=\"link\" data-id=\"https:\/\/www.hsu-hh.de\/wiso\/betriebswirtschaftslehre-bachelor-of-science-master-of-science\">Betriebswirtschaftslehre (<abbr title=\"Betriebswirtschaftslehre\">BWL<\/abbr>)<\/a>, <a href=\"https:\/\/www.hsu-hh.de\/wiso\/politikwissenschaft-bachelor-of-arts-master-of-arts\" data-type=\"link\" data-id=\"https:\/\/www.hsu-hh.de\/wiso\/politikwissenschaft-bachelor-of-arts-master-of-arts\">Politikwissenschaften (<abbr title=\"Politikwissenschaften\">POL<\/abbr>)<\/a> und <a href=\"https:\/\/www.hsu-hh.de\/wiso\/volkswirtschaftslehre-bachelor-of-science-master-of-science\" data-type=\"link\" data-id=\"https:\/\/www.hsu-hh.de\/wiso\/volkswirtschaftslehre-bachelor-of-science-master-of-science\">Volkswirtschaftslehre (<abbr title=\"Volkswirtschaftslehre\">VWL<\/abbr>)<\/a> truppendienstlich und organisatorisch verteilt auf <a href=\"https:\/\/www.hsu-hh.de\/studbereich\/studierendenfachbereich-c\/kontakt\" data-type=\"link\" data-id=\"https:\/\/www.hsu-hh.de\/studbereich\/studierendenfachbereich-c\/kontakt\">neun Studierendenfachbereichsgruppen<\/a>&nbsp; zusammengefasst. Die enge Zusammenarbeit mit der <a href=\"https:\/\/www.hsu-hh.de\/wiso\/\" data-type=\"link\" data-id=\"https:\/\/www.hsu-hh.de\/wiso\/\">Fakult\u00e4t Wirtschafts- und Sozialwissenschaften<\/a> schafft dabei die Grundlage f\u00fcr ein erfolgreiches Studium.&nbsp;<\/p>\n\n\n\n<p>Zudem ist der Studierendenfachbereich verantwortlich f\u00fcr die milit\u00e4rische Aus- und Weiterbildung, F\u00fcrsorge, Betreuung und Personalbearbeitung der StudOffz\/OA.<\/p>\n\n\n\n<p>Dar\u00fcber hinaus ist der Leiter C in seiner Funktion als \u201eSenior Army Officer on Campus\u201c f\u00fcr die Pr\u00e4gung und Bindung aller studierenden Heeresuniformtr\u00e4ger\/ -innen der Universit\u00e4t zust\u00e4ndig\/verantwortlich.<\/p>\n","protected":false},"excerpt":{"rendered":"<p>Leiter Studierendenfachbereich C Oberstleutnant Hendrik J\u00e4nicke Kontakt Studierendenfachbereich C Politikwissenschaften (POL) Politikwissenschaften (POL) Betriebswirtschaftslehre (BWL) Betriebswirtschaftslehre (BWL) Volkswirtschaftslehre (VWL) Betriebswirtschaftslehre (BWL) Volkswirtschaftslehre (VWL)Betriebswirtschaftslehre (BWL) Betriebswirtschaftslehre (BWL) Politikwissenschaften (POL) Fachbereich Im [&hellip;]<\/p>\n","protected":false},"author":2503,"featured_media":0,"parent":0,"menu_order":0,"comment_status":"closed","ping_status":"closed","template":"","meta":{"footnotes":""},"categories":[4],"tags":[],"class_list":["post-1085","page","type-page","status-publish","hentry","category-forschung"],"_links":{"self":[{"href":"https:\/\/www.hsu-hh.de\/studbereich\/wp-json\/wp\/v2\/pages\/1085","targetHints":{"allow":["GET"]}}],"collection":[{"href":"https:\/\/www.hsu-hh.de\/studbereich\/wp-json\/wp\/v2\/pages"}],"about":[{"href":"https:\/\/www.hsu-hh.de\/studbereich\/wp-json\/wp\/v2\/types\/page"}],"author":[{"embeddable":true,"href":"https:\/\/www.hsu-hh.de\/studbereich\/wp-json\/wp\/v2\/users\/2503"}],"replies":[{"embeddable":true,"href":"https:\/\/www.hsu-hh.de\/studbereich\/wp-json\/wp\/v2\/comments?post=1085"}],"version-history":[{"count":27,"href":"https:\/\/www.hsu-hh.de\/studbereich\/wp-json\/wp\/v2\/pages\/1085\/revisions"}],"predecessor-version":[{"id":2009,"href":"https:\/\/www.hsu-hh.de\/studbereich\/wp-json\/wp\/v2\/pages\/1085\/revisions\/2009"}],"wp:attachment":[{"href":"https:\/\/www.hsu-hh.de\/studbereich\/wp-json\/wp\/v2\/media?parent=1085"}],"wp:term":[{"taxonomy":"category","embeddable":true,"href":"https:\/\/www.hsu-hh.de\/studbereich\/wp-json\/wp\/v2\/categories?post=1085"},{"taxonomy":"post_tag","embeddable":true,"href":"https:\/\/www.hsu-hh.de\/studbereich\/wp-json\/wp\/v2\/tags?post=1085"}],"curies":[{"name":"wp","href":"https:\/\/api.w.org\/{rel}","templated":true}]}}