{"id":1741,"date":"2022-10-04T17:27:55","date_gmt":"2022-10-04T15:27:55","guid":{"rendered":"https:\/\/www.hsu-hh.de\/stochastik\/?page_id=1741"},"modified":"2025-09-29T17:11:46","modified_gmt":"2025-09-29T15:11:46","slug":"spiel-und-entscheidungstheorie","status":"publish","type":"page","link":"https:\/\/www.hsu-hh.de\/stochastik\/spiel-und-entscheidungstheorie","title":{"rendered":"Spiel- und Entscheidungstheorie"},"content":{"rendered":"<p><img decoding=\"async\" src=\"https:\/\/www.hsu-hh.de\/stochastik\/wp-content\/uploads\/sites\/772\/2022\/10\/Buch.png\" alt=\"SET\" align=\"left\" style=\"width:215px;height:303px\" hspace=\"30\" vspace=\"10\"><br \/>\n<strong>Veranstaltungszeiten:<\/strong><\/p>\n<ul>\n<li>dienstags von 11:30 bis 13:00 Uhr im Raum 401<\/li>\n<li>dienstags von 15:45 bis 17:15 Uhr im Raum 401<\/li>\n<li>Beginn: 07.10.2025<\/li>\n<li>Ende: 09.12.2025<\/li>\n<\/ul>\n<p>Sie finden alle Unterlagen zum Kurs im <a href=\"https:\/\/intranet.hsu-hh.de\/go\/crs\/104459\" target=\"_blank\" rel=\"noopener noreferrer\">ILIAS<\/a>.<\/p>\n<p><strong>Gegenstand:<\/strong> Die Entscheidungstheorie ist die Theorie rationalen Verhaltens. Die Spieltheorie ist hingegen die Theorie strategischer Konflikte. In dieser Veranstaltung wird zun\u00e4chst die subjektivistische Entscheidungstheorie dargelegt, bevor wir uns der subjektivistischen Spieltheorie widmen. Leonard Savage hat 1954 die Grundlagen der subjektivistischen Entscheidungstheorie gelegt. Demnach ist ein Subjekt genau dann rational, wenn sich die individuellen Pr\u00e4ferenzen des Subjekts mit dessen Erwartungsnutzen erkl\u00e4ren lassen. Prozedurale Aspekte spielen hierbei &#8211; im Gegensatz zur objektivistischen, d. h. traditionellen Entscheidungstheorie &#8211; keine Rolle. Wir gehen in dieser Veranstaltung \u00fcber den Savage-Kalk\u00fcl hinaus. Zwecks L\u00f6sung dynamischer Entscheidungsprobleme greifen wir auf das Bellmansche Optimalit\u00e4tsprinzip der R\u00fcckw\u00e4rtsinduktion zur\u00fcck. Der subjektivistische Ansatz wird dann anhand einfacher und komplexer Entscheidungsprobleme verdeutlicht. Anschlie\u00dfend werden die Prinzipien subjektivistischer Entscheidungstheorie auf strategische Konflikte \u00fcbertragen. Wir unterscheiden dabei zwischen statischen, dynamischen und koh\u00e4renten Spielen. Dar\u00fcber hinaus er\u00f6rtern wir die typischen Fallstricke bei der Anwendung des aus der Entscheidungsthorie wohlbekannten Dominanzprinzips im Rahmen der Spieltheorie. Am Ende der Veranstaltung werden die subjektivistischen L\u00f6sungsmethoden anhand zahlreicher Beispiele erl\u00e4utert.<\/p>\n","protected":false},"excerpt":{"rendered":"<p>Veranstaltungszeiten: dienstags von 11:30 bis 13:00 Uhr im Raum 401 dienstags von 15:45 bis 17:15 Uhr im Raum 401 Beginn: 07.10.2025 Ende: 09.12.2025 Sie finden alle Unterlagen zum Kurs im [&hellip;]<\/p>\n","protected":false},"author":103,"featured_media":0,"parent":0,"menu_order":0,"comment_status":"closed","ping_status":"closed","template":"","meta":{"footnotes":""},"categories":[6],"tags":[],"class_list":["post-1741","page","type-page","status-publish","hentry","category-lehre"],"_links":{"self":[{"href":"https:\/\/www.hsu-hh.de\/stochastik\/wp-json\/wp\/v2\/pages\/1741","targetHints":{"allow":["GET"]}}],"collection":[{"href":"https:\/\/www.hsu-hh.de\/stochastik\/wp-json\/wp\/v2\/pages"}],"about":[{"href":"https:\/\/www.hsu-hh.de\/stochastik\/wp-json\/wp\/v2\/types\/page"}],"author":[{"embeddable":true,"href":"https:\/\/www.hsu-hh.de\/stochastik\/wp-json\/wp\/v2\/users\/103"}],"replies":[{"embeddable":true,"href":"https:\/\/www.hsu-hh.de\/stochastik\/wp-json\/wp\/v2\/comments?post=1741"}],"version-history":[{"count":58,"href":"https:\/\/www.hsu-hh.de\/stochastik\/wp-json\/wp\/v2\/pages\/1741\/revisions"}],"predecessor-version":[{"id":2623,"href":"https:\/\/www.hsu-hh.de\/stochastik\/wp-json\/wp\/v2\/pages\/1741\/revisions\/2623"}],"wp:attachment":[{"href":"https:\/\/www.hsu-hh.de\/stochastik\/wp-json\/wp\/v2\/media?parent=1741"}],"wp:term":[{"taxonomy":"category","embeddable":true,"href":"https:\/\/www.hsu-hh.de\/stochastik\/wp-json\/wp\/v2\/categories?post=1741"},{"taxonomy":"post_tag","embeddable":true,"href":"https:\/\/www.hsu-hh.de\/stochastik\/wp-json\/wp\/v2\/tags?post=1741"}],"curies":[{"name":"wp","href":"https:\/\/api.w.org\/{rel}","templated":true}]}}