{"id":1132,"date":"2023-03-01T10:40:04","date_gmt":"2023-03-01T09:40:04","guid":{"rendered":"https:\/\/www.hsu-hh.de\/steuerrecht\/?page_id=1132"},"modified":"2025-11-12T12:11:46","modified_gmt":"2025-11-12T11:11:46","slug":"univ-prof-dr-iur-hufeld","status":"publish","type":"page","link":"https:\/\/www.hsu-hh.de\/steuerrecht\/univ-prof-dr-iur-hufeld","title":{"rendered":"Univ.-Prof. Dr. iur. Ulrich Hufeld"},"content":{"rendered":"<div class=\"wp-block-image is-style-rounded\">\n<figure class=\"alignleft size-medium\"><img loading=\"lazy\" decoding=\"async\" width=\"200\" height=\"300\" src=\"https:\/\/www.hsu-hh.de\/steuerrecht\/wp-content\/uploads\/sites\/729\/2019\/11\/DSC_2191-200x300.jpg\" data-credit=\"HSU\" alt=\"U. Hufeld\" class=\"wp-image-685\" srcset=\"https:\/\/www.hsu-hh.de\/steuerrecht\/wp-content\/uploads\/sites\/729\/2019\/11\/DSC_2191-200x300.jpg 200w, https:\/\/www.hsu-hh.de\/steuerrecht\/wp-content\/uploads\/sites\/729\/2019\/11\/DSC_2191-768x1152.jpg 768w, https:\/\/www.hsu-hh.de\/steuerrecht\/wp-content\/uploads\/sites\/729\/2019\/11\/DSC_2191-683x1024.jpg 683w\" sizes=\"auto, (max-width: 200px) 100vw, 200px\" \/><\/figure>\n<\/div>\n\n\n<p><strong>Sprechstunde: <\/strong>n.V. per E-Mail<\/p>\n\n\n\n<p>Helmut-Schmidt-Universit\u00e4t<br>Fakult\u00e4t f\u00fcr Wirtschafts- und Sozialwissenschaften<br>Lehrstuhl f\u00fcr \u00d6ffentliches Recht und Steuerrecht<br>Holstenhofweg 85, Geb. H1, R. 2234<br>22043 Hamburg<br>Telefon: 040\/6541-2859<\/p>\n\n\n\n<p>E-Mail: <a href=\"mailto:Hufeld@hsu-hh.de\" rel='nofollow'>Hufeld@hsu.hamburg<\/a><\/p>\n\n\n\n<p><\/p>\n\n\n\n<p><a href=\"https:\/\/www.hsu-hh.de\/steuerrecht\/publikationen\">Publikationen<\/a><\/p>\n","protected":false},"excerpt":{"rendered":"<p>Sprechstunde: n.V. per E-Mail Helmut-Schmidt-Universit\u00e4tFakult\u00e4t f\u00fcr Wirtschafts- und SozialwissenschaftenLehrstuhl f\u00fcr \u00d6ffentliches Recht und SteuerrechtHolstenhofweg 85, Geb. H1, R. 223422043 HamburgTelefon: 040\/6541-2859 E-Mail: Hufeld@hsu.hamburg Publikationen<\/p>\n","protected":false},"author":2755,"featured_media":0,"parent":0,"menu_order":0,"comment_status":"closed","ping_status":"closed","template":"","meta":{"footnotes":""},"categories":[8],"tags":[],"class_list":["post-1132","page","type-page","status-publish","hentry","category-team"],"_links":{"self":[{"href":"https:\/\/www.hsu-hh.de\/steuerrecht\/wp-json\/wp\/v2\/pages\/1132","targetHints":{"allow":["GET"]}}],"collection":[{"href":"https:\/\/www.hsu-hh.de\/steuerrecht\/wp-json\/wp\/v2\/pages"}],"about":[{"href":"https:\/\/www.hsu-hh.de\/steuerrecht\/wp-json\/wp\/v2\/types\/page"}],"author":[{"embeddable":true,"href":"https:\/\/www.hsu-hh.de\/steuerrecht\/wp-json\/wp\/v2\/users\/2755"}],"replies":[{"embeddable":true,"href":"https:\/\/www.hsu-hh.de\/steuerrecht\/wp-json\/wp\/v2\/comments?post=1132"}],"version-history":[{"count":5,"href":"https:\/\/www.hsu-hh.de\/steuerrecht\/wp-json\/wp\/v2\/pages\/1132\/revisions"}],"predecessor-version":[{"id":1421,"href":"https:\/\/www.hsu-hh.de\/steuerrecht\/wp-json\/wp\/v2\/pages\/1132\/revisions\/1421"}],"wp:attachment":[{"href":"https:\/\/www.hsu-hh.de\/steuerrecht\/wp-json\/wp\/v2\/media?parent=1132"}],"wp:term":[{"taxonomy":"category","embeddable":true,"href":"https:\/\/www.hsu-hh.de\/steuerrecht\/wp-json\/wp\/v2\/categories?post=1132"},{"taxonomy":"post_tag","embeddable":true,"href":"https:\/\/www.hsu-hh.de\/steuerrecht\/wp-json\/wp\/v2\/tags?post=1132"}],"curies":[{"name":"wp","href":"https:\/\/api.w.org\/{rel}","templated":true}]}}