{"id":974,"date":"2017-11-21T14:29:44","date_gmt":"2017-11-21T13:29:44","guid":{"rendered":"https:\/\/www.hsu-hh.de\/steuerlehre\/?page_id=974"},"modified":"2021-10-21T13:47:38","modified_gmt":"2021-10-21T11:47:38","slug":"klausurenarchiv","status":"publish","type":"page","link":"https:\/\/www.hsu-hh.de\/steuerlehre\/lehre\/klausurenarchiv","title":{"rendered":"Klausurenarchiv"},"content":{"rendered":"<p>Der Lehrstuhl stellt im ILIAS-Portal der HSU unter <a href=\"https:\/\/ilias.hsu-hh.de\/goto.php?target=cat_354536&amp;client_id=unibw\" rel='nofollow'>https:\/\/ilias.hsu-hh.de\/goto.php?target=cat_354536&amp;client_id=unibw<\/a> Klausuren aus fr\u00fcheren Jahrg\u00e4ngen zur Verf\u00fcgung. Hierzu m\u00fcssen Sie Sich mit Ihrem RZ-Account einloggen. Das Passwort zum \u00d6ffnen der Dateien wird in den Veranstaltungen bekannt gegeben.<\/p>\n<h2>Hinweise zu Klausuren aus fr\u00fcheren Jahrg\u00e4ngen<\/h2>\n<p>Die folgende Klausur kann zur Klausurvorbereitung genutzt werden. Ich weise in diesem Zusammenhang jedoch auf folgendes hin:<\/p>\n<ol>\n<li>Jede Klausur beruht auf dem Rechtsstand zum Zeitpunkt der Klausur. Folglich k\u00f6nnen sp\u00e4ter erfolgte Rechts\u00e4nderungen dazu f\u00fchren,<br \/>\ndass Aufgaben ihren Sinn verlieren oder eine grundlegend andere Bedeutung erlangen. Dies gilt ggf. auch f\u00fcr eine Ver\u00e4nderung<br \/>\ndes Umfangs der erwarteten Antwort.<\/li>\n<li>In den einzelnen Trimestern werden teilweise \u00c4nderungen in den Vorlesungen vorgenommen, die \u00fcber eine Anpassung an ver\u00e4nderte<br \/>\nRegelungen hinausgehen. Denkbar ist deshalb, dass andere Inhalte Gegenstand der Vorlesung (und damit ggf. auch der Klausur) waren, als dies derzeit der Fall ist.<\/li>\n<li>Aus der jeweils vorhergehenden Klausur k\u00f6nnen keine R\u00fcckschl\u00fcsse auf den Inhalt der kommenden Klausur gezogen werden. Wiederholungen, \u00e4hnliche Aufgaben oder eine Pr\u00fcfung der gleichen Inhalte in anderer Form sind nicht ausgeschlossen.<\/li>\n<\/ol>\n","protected":false},"excerpt":{"rendered":"<p>Der Lehrstuhl stellt im ILIAS-Portal der HSU unter https:\/\/ilias.hsu-hh.de\/goto.php?target=cat_354536&amp;client_id=unibw Klausuren aus fr\u00fcheren Jahrg\u00e4ngen zur Verf\u00fcgung. Hierzu m\u00fcssen Sie Sich mit Ihrem RZ-Account einloggen. Das Passwort zum \u00d6ffnen der Dateien wird [&hellip;]<\/p>\n","protected":false},"author":92,"featured_media":0,"parent":541,"menu_order":3,"comment_status":"closed","ping_status":"closed","template":"","meta":{"footnotes":""},"categories":[4],"tags":[],"class_list":["post-974","page","type-page","status-publish","hentry","category-forschung"],"_links":{"self":[{"href":"https:\/\/www.hsu-hh.de\/steuerlehre\/wp-json\/wp\/v2\/pages\/974","targetHints":{"allow":["GET"]}}],"collection":[{"href":"https:\/\/www.hsu-hh.de\/steuerlehre\/wp-json\/wp\/v2\/pages"}],"about":[{"href":"https:\/\/www.hsu-hh.de\/steuerlehre\/wp-json\/wp\/v2\/types\/page"}],"author":[{"embeddable":true,"href":"https:\/\/www.hsu-hh.de\/steuerlehre\/wp-json\/wp\/v2\/users\/92"}],"replies":[{"embeddable":true,"href":"https:\/\/www.hsu-hh.de\/steuerlehre\/wp-json\/wp\/v2\/comments?post=974"}],"version-history":[{"count":19,"href":"https:\/\/www.hsu-hh.de\/steuerlehre\/wp-json\/wp\/v2\/pages\/974\/revisions"}],"predecessor-version":[{"id":2129,"href":"https:\/\/www.hsu-hh.de\/steuerlehre\/wp-json\/wp\/v2\/pages\/974\/revisions\/2129"}],"up":[{"embeddable":true,"href":"https:\/\/www.hsu-hh.de\/steuerlehre\/wp-json\/wp\/v2\/pages\/541"}],"wp:attachment":[{"href":"https:\/\/www.hsu-hh.de\/steuerlehre\/wp-json\/wp\/v2\/media?parent=974"}],"wp:term":[{"taxonomy":"category","embeddable":true,"href":"https:\/\/www.hsu-hh.de\/steuerlehre\/wp-json\/wp\/v2\/categories?post=974"},{"taxonomy":"post_tag","embeddable":true,"href":"https:\/\/www.hsu-hh.de\/steuerlehre\/wp-json\/wp\/v2\/tags?post=974"}],"curies":[{"name":"wp","href":"https:\/\/api.w.org\/{rel}","templated":true}]}}