{"id":807,"date":"2017-11-20T16:27:39","date_gmt":"2017-11-20T15:27:39","guid":{"rendered":"https:\/\/www.hsu-hh.de\/steuerlehre\/?page_id=807"},"modified":"2025-04-01T10:43:39","modified_gmt":"2025-04-01T08:43:39","slug":"steuerlehre-ii-2","status":"publish","type":"page","link":"https:\/\/www.hsu-hh.de\/steuerlehre\/lehre\/masterstudium\/steuerlehre-ii-2","title":{"rendered":"Steuerlehre II"},"content":{"rendered":"<div id=\"category_content_t1A73vAs\" class=\"hsu_category archive-page\"><\/div>\n<p>Turnus: Fr\u00fchjahrstrimester<\/p>\n<h2>Fr\u00fchrjahrstrimester 2025<\/h2>\n<p><strong>Modulnummer<\/strong>: WS-21-B-35.2<\/p>\n<h3>Vorlesung<\/h3>\n<p><strong>Dozent<\/strong>: <a href=\"https:\/\/www.hsu-hh.de\/steuerlehre\/team\/lehrstuhlinhaber\"><abbr title=\"Professor\">Prof.<\/abbr> <abbr title=\"Doktor\">Dr.<\/abbr> Bert Kaminski<\/a><\/p>\n<p><strong>Veranstaltungsnummer<\/strong>: 23.901<\/p>\n<p><strong style=\"font-size: revert;background-color: #ffffff;color: initial\">Weitere Informationen und Unterlagen zur Vorlesung finden Sie auf unserer Lehrstuhlseite im ILIAS-Portal.<\/strong><\/p>\n<div class=\"background-grey\">\n<h3>\u00dcbung<\/h3>\n<p><strong style=\"font-size: revert;background-color: #ffffff;color: initial\">Dozent<\/strong><span style=\"font-size: revert;background-color: #ffffff;color: initial\">: <a href=\"https:\/\/www.hsu-hh.de\/steuerlehre\/team\/wissenschaftliche-mitarbeiter\">Younes Melhem, M. Sc., Felix Schneider, M. Sc.<\/a><\/span><\/p>\n<p><strong style=\"font-size: revert;background-color: #ffffff;color: initial\">Veranstaltungsnummer<\/strong><span style=\"font-size: revert;background-color: #ffffff;color: initial\">: 23.911<\/span><\/p>\n<p><strong style=\"font-size: revert;background-color: #ffffff;color: initial\">Weitere Informationen und Unterlagen zum Begleitkurs finden Sie auf unserer Lehrstuhlseite im ILIAS-Portal.<\/strong><\/p>\n<\/div>\n<p>Der Gegenstand der Vorlesung bildet die Steuerwirkungs- und -gestaltungslehre im Zusammenhang mit unternehmerischen Gr\u00fcndungs- und Anpassungsentscheidungen. Dabei wird die Auswirkung von Steuern auf alternative Rechtsformen (<abbr title=\"zum Beispiel\">z.B.<\/abbr> OHG, <abbr title=\"Kommanditgesellschaft\">KG<\/abbr>, <abbr title=\"Gesellschaft mit beschr\u00e4nkter Haftung\">GmbH<\/abbr>, KGaA, stille Gesellschaft) und Unternehmensstrukturen (<abbr title=\"zum Beispiel\">z.B.<\/abbr> Kapitalgesellschaftskonzern mit und ohne Organschaft, Einheitsunternehmen) dargestellt, analysiert und hinsichtlich ihrer Vorteilhaftigkeit bewertet. Dies umfasst sowohl die \uf0d8 Rechtsformwahl und den Rechtsformwechsel als auch die \uf0d8 Wahl der Unternehmensstruktur. Praktische F\u00e4lle und Beispiele verdeutlichen die gewonnenen Erkenntnisse und zeigen die unterschiedlichen laufenden und einmaligen steuerlichen Konsequenzen, die der \u00dcbergang in die gew\u00fcnschte Struktur ausl\u00f6st, auf.<\/p>\n","protected":false},"excerpt":{"rendered":"<p>Turnus: Fr\u00fchjahrstrimester Fr\u00fchrjahrstrimester 2025 Modulnummer: WS-21-B-35.2 Vorlesung Dozent: Prof. Dr. Bert Kaminski Veranstaltungsnummer: 23.901 Weitere Informationen und Unterlagen zur Vorlesung finden Sie auf unserer Lehrstuhlseite im ILIAS-Portal. \u00dcbung Dozent: Younes [&hellip;]<\/p>\n","protected":false},"author":171,"featured_media":0,"parent":791,"menu_order":2,"comment_status":"closed","ping_status":"closed","template":"","meta":{"footnotes":""},"categories":[60],"tags":[],"class_list":["post-807","page","type-page","status-publish","hentry","category-lehre"],"_links":{"self":[{"href":"https:\/\/www.hsu-hh.de\/steuerlehre\/wp-json\/wp\/v2\/pages\/807","targetHints":{"allow":["GET"]}}],"collection":[{"href":"https:\/\/www.hsu-hh.de\/steuerlehre\/wp-json\/wp\/v2\/pages"}],"about":[{"href":"https:\/\/www.hsu-hh.de\/steuerlehre\/wp-json\/wp\/v2\/types\/page"}],"author":[{"embeddable":true,"href":"https:\/\/www.hsu-hh.de\/steuerlehre\/wp-json\/wp\/v2\/users\/171"}],"replies":[{"embeddable":true,"href":"https:\/\/www.hsu-hh.de\/steuerlehre\/wp-json\/wp\/v2\/comments?post=807"}],"version-history":[{"count":52,"href":"https:\/\/www.hsu-hh.de\/steuerlehre\/wp-json\/wp\/v2\/pages\/807\/revisions"}],"predecessor-version":[{"id":2424,"href":"https:\/\/www.hsu-hh.de\/steuerlehre\/wp-json\/wp\/v2\/pages\/807\/revisions\/2424"}],"up":[{"embeddable":true,"href":"https:\/\/www.hsu-hh.de\/steuerlehre\/wp-json\/wp\/v2\/pages\/791"}],"wp:attachment":[{"href":"https:\/\/www.hsu-hh.de\/steuerlehre\/wp-json\/wp\/v2\/media?parent=807"}],"wp:term":[{"taxonomy":"category","embeddable":true,"href":"https:\/\/www.hsu-hh.de\/steuerlehre\/wp-json\/wp\/v2\/categories?post=807"},{"taxonomy":"post_tag","embeddable":true,"href":"https:\/\/www.hsu-hh.de\/steuerlehre\/wp-json\/wp\/v2\/tags?post=807"}],"curies":[{"name":"wp","href":"https:\/\/api.w.org\/{rel}","templated":true}]}}