{"id":795,"date":"2018-12-05T15:22:15","date_gmt":"2018-12-05T14:22:15","guid":{"rendered":"https:\/\/www.hsu-hh.de\/steuerlehre\/?page_id=795"},"modified":"2025-04-01T10:42:33","modified_gmt":"2025-04-01T08:42:33","slug":"steuern-grundlagen","status":"publish","type":"page","link":"https:\/\/www.hsu-hh.de\/steuerlehre\/lehre\/bachelorstudium\/steuern-grundlagen","title":{"rendered":"Grundlagen der Besteuerung der Unternehmenst\u00e4tigkeit"},"content":{"rendered":"<div id=\"category_content_SGrJFIpA\" class=\"hsu_category archive-page\"><div class=\"clearfix\"><\/div>\t<header class=\"entry-header\">\t\t<h2 class=\"entry-title\">       <a href=\"https:\/\/www.hsu-hh.de\/steuerlehre\/hinweise-fuer-die-klausur-rechnungslegung-am-23-06-2025\" title=\"Hinweise f\u00fcr die Klausur Rechnungslegung und Steuern am 23.06.2025\" >Hinweise f\u00fcr die Klausur Rechnungslegung und Steuern am 23.06.2025<\/a>\t\t<\/h2>\t<\/header><div class=\"entry-content\">\n<p>Sehr geehrte Studenten,<\/p>\n\n\n\n<p>die Klausur \u201eRechnungslegung und Steuern\u201c findet am <strong>23.06.2025<\/strong> um <strong>10:00 Uhr<\/strong> statt.<\/p>\n\n\n\n<p>Die Klausur wird in den R\u00e4umen 1002 und 1006 geschrieben.<\/p>\n\n\n\n<p>Personen, deren <strong>Nachname<\/strong> mit <strong>A-H<\/strong> beginnt, schreiben im <strong>Raum 1002<\/strong>.<\/p>\n\n\n\n<p>Personen, deren <strong>Nachname<\/strong> mit <strong>I-Z<\/strong> beginnt, schreiben im <strong>Raum 1006<\/strong>.<\/p>\n\n\n\n<p>Bitte erscheinen Sie rechtzeitig vor Klausurbeginn, so dass ein p\u00fcnktlicher Beginn nach Belehrung m\u00f6glich ist.<\/p>\n\n\n\n<p>Bringen Sie bitte auch Ihren Studentenausweis\/Truppenausweis sowie die f\u00fcr die Klausur erlaubten Hilfsmittel mit:<\/p>\n\n\n\n<p>Rechnungslegung:&nbsp;&nbsp;&nbsp; Taschenrechner (nicht programmierbar und nicht grafikf\u00e4hig) + unkommentierte Gesetztes-\/Erlasstexte<\/p>\n\n\n\n<p>Steuern: &nbsp;&nbsp;&nbsp;&nbsp;&nbsp;&nbsp;&nbsp;&nbsp;&nbsp; Taschenrechner (nicht programmierbar und nicht grafikf\u00e4hig) + unkommentierte Steuergesetze<\/p>\n\n\n\n<p>Hinsichtlich der Auslegung unkommentierter Gesetzestexte verweisen wir Sie hiermit ausdr\u00fccklich auf die f\u00fcr dieses Modul relevanten Vorgaben unter <a href=\"https:\/\/www.hsu-hh.de\/steuerlehre\/hilfsmittel\">https:\/\/www.hsu-hh.de\/steuerlehre\/hilfsmittel<\/a>. Bei Abweichungen von den Regelungen werden diese als m\u00f6glicher T\u00e4uschungsversuch dem Pr\u00fcfungsausschuss <abbr title=\"Wirtschafts- und Sozialwissenschaften\">WiSo<\/abbr> angezeigt.<\/p>\n\n\n\n<p>Weiterf\u00fchrende Informationen rund um die Pr\u00fcfungen finden Sie hier: <a href=\"https:\/\/ilias.hsu-hh.de\/goto.php?target=cat_536120&amp;client_id=unibw\" rel='nofollow'>https:\/\/ilias.hsu-hh.de\/goto.php?target=cat_536120&amp;client_id=unibw<\/a> Unter der Rubrik Pr\u00fcfungen\/Klausuren finden Sie unter anderem die Datei \u201eBelehrung_Verhalten_Klausuren_Stand_2023-12-07\u201c.<\/p>\n\n\n\n<p>Mit freundlichen Gr\u00fc\u00dfen<\/p>\n\n\n\n<p>Felix Schneider<\/p>\n<\/div><\/div>\n<h2><abbr title=\"Fr\u00fchjahrstrimester\">FT<\/abbr> 2025<\/h2>\n<p><strong>Modulnummer<\/strong>: WS-13-B-02<\/p>\n<p>Turnus: Fr\u00fchjahrstrimester<\/p>\n<p>Teilmodul des Hauptmoduls: Rechnungslegung und Steuern.<\/p>\n<p>In der Vorlesung \u201eGrundlagen der Besteuerung von Unternehmen\u201c wird die steuerliche Behandlung von Unternehmen erl\u00e4utert und der Einfluss von Steuer auf ausgew\u00e4hlte betriebswirtschaftliche Fragestellungen vermittelt.<\/p>\n<h3>Vorlesung<\/h3>\n<p><strong>Dozent<\/strong>: <a href=\"https:\/\/www.hsu-hh.de\/steuerlehre\/team\/lehrstuhlinhaber\"><abbr title=\"Professor\">Prof.<\/abbr> <abbr title=\"Doktor\">Dr.<\/abbr> Bert Kaminski<\/a><\/p>\n<p><strong>Veranstaltungsnummer: 23.305<\/strong><\/p>\n<p><strong>Weitere Informationen und Unterlagen zur Vorlesung finden Sie auf unserer Lehrstuhlseite im ILIAS-Portal.<\/strong><\/p>\n<h3>\u00dcbung<\/h3>\n<p><strong>Dozent<\/strong>: <a href=\"https:\/\/www.hsu-hh.de\/steuerlehre\/team\/wissenschaftliche-mitarbeiter\">Younes Melhem, M. Sc., Felix Schneider, M. Sc.<\/a><\/p>\n<p><strong>Veranstaltungsnummer: 23.315<\/strong><\/p>\n<p><strong>Weitere Informationen und Unterlagen zum Begleitkurs finden Sie auf unserer Lehrstuhlseite im ILIAS-Portal.<\/strong><\/p>\n","protected":false},"excerpt":{"rendered":"<p>FT 2025 Modulnummer: WS-13-B-02 Turnus: Fr\u00fchjahrstrimester Teilmodul des Hauptmoduls: Rechnungslegung und Steuern. In der Vorlesung \u201eGrundlagen der Besteuerung von Unternehmen\u201c wird die steuerliche Behandlung von Unternehmen erl\u00e4utert und der Einfluss [&hellip;]<\/p>\n","protected":false},"author":171,"featured_media":0,"parent":789,"menu_order":0,"comment_status":"closed","ping_status":"closed","template":"","meta":{"footnotes":""},"categories":[60],"tags":[],"class_list":["post-795","page","type-page","status-publish","hentry","category-lehre"],"_links":{"self":[{"href":"https:\/\/www.hsu-hh.de\/steuerlehre\/wp-json\/wp\/v2\/pages\/795","targetHints":{"allow":["GET"]}}],"collection":[{"href":"https:\/\/www.hsu-hh.de\/steuerlehre\/wp-json\/wp\/v2\/pages"}],"about":[{"href":"https:\/\/www.hsu-hh.de\/steuerlehre\/wp-json\/wp\/v2\/types\/page"}],"author":[{"embeddable":true,"href":"https:\/\/www.hsu-hh.de\/steuerlehre\/wp-json\/wp\/v2\/users\/171"}],"replies":[{"embeddable":true,"href":"https:\/\/www.hsu-hh.de\/steuerlehre\/wp-json\/wp\/v2\/comments?post=795"}],"version-history":[{"count":46,"href":"https:\/\/www.hsu-hh.de\/steuerlehre\/wp-json\/wp\/v2\/pages\/795\/revisions"}],"predecessor-version":[{"id":2423,"href":"https:\/\/www.hsu-hh.de\/steuerlehre\/wp-json\/wp\/v2\/pages\/795\/revisions\/2423"}],"up":[{"embeddable":true,"href":"https:\/\/www.hsu-hh.de\/steuerlehre\/wp-json\/wp\/v2\/pages\/789"}],"wp:attachment":[{"href":"https:\/\/www.hsu-hh.de\/steuerlehre\/wp-json\/wp\/v2\/media?parent=795"}],"wp:term":[{"taxonomy":"category","embeddable":true,"href":"https:\/\/www.hsu-hh.de\/steuerlehre\/wp-json\/wp\/v2\/categories?post=795"},{"taxonomy":"post_tag","embeddable":true,"href":"https:\/\/www.hsu-hh.de\/steuerlehre\/wp-json\/wp\/v2\/tags?post=795"}],"curies":[{"name":"wp","href":"https:\/\/api.w.org\/{rel}","templated":true}]}}