{"id":791,"date":"2017-11-20T16:20:56","date_gmt":"2017-11-20T15:20:56","guid":{"rendered":"https:\/\/www.hsu-hh.de\/steuerlehre\/?page_id=791"},"modified":"2022-03-03T12:49:17","modified_gmt":"2022-03-03T11:49:17","slug":"masterstudium","status":"publish","type":"page","link":"https:\/\/www.hsu-hh.de\/steuerlehre\/lehre\/masterstudium","title":{"rendered":"Masterstudium"},"content":{"rendered":"<p><a href=\"https:\/\/www.hsu-hh.de\/steuerlehre\/lehre\/masterstudium\/steuerlehre-i\">Steuerlehre I<\/a><\/p>\n<p><a href=\"https:\/\/www.hsu-hh.de\/steuerlehre\/lehre\/masterstudium\/steuerlehre-ii-2\">Steuerlehre II<\/a><\/p>\n<p><a href=\"https:\/\/www.hsu-hh.de\/steuerlehre\/lehre\/masterstudium\/steuerlehre-ii\">Steuerlehre III<\/a><\/p>\n<p><a href=\"https:\/\/www.hsu-hh.de\/steuerlehre\/lehre\/masterstudium\/steuerlehre-iv\">Steuerlehre IV<\/a><\/p>\n<p><a href=\"https:\/\/www.hsu-hh.de\/steuerlehre\/lehre\/masterstudium\/internationale-unternehmensbesteuerung\">Internationale Unternehmensbesteuerung<\/a><\/p>\n<p><a href=\"https:\/\/www.hsu-hh.de\/steuerlehre\/lehre\/masterstudium\/seminar-abt\">Masterseminar: &#8222;Accounting and Business Taxation&#8220;<\/a><\/p>\n<p><a href=\"https:\/\/www.hsu-hh.de\/steuerlehre\/lehre\/masterstudium\/masterarbeit\">Masterarbeit<\/a><\/p>\n<div id=\"category_content_wqIPSR9X\" class=\"hsu_category archive-page\"><div class=\"clearfix\"><\/div>\t<header class=\"entry-header\">\t\t<h2 class=\"entry-title\">       <a href=\"https:\/\/www.hsu-hh.de\/steuerlehre\/masterseminar-ht-2025\" title=\"Masterseminar HT 2025\" >Masterseminar HT 2025<\/a>\t\t<\/h2>\t<\/header><div class=\"entry-content\">\n<p>Die Themenliste f\u00fcr das Masterseminar &#8222;Accounting and Business Taxation&#8220; (Modulnr. WS-23-B-39) steht ab sofort im ILIAS-Bereich des Lehrstuhls zur Ansicht bereit. <\/p>\n\n\n\n<p>Interessierte sind dazu aufgefordert bis zum 30.08.2025 Ihren Themenwunsch an kaminski-team@hsu-hh.de zu senden. Es erfolgt zeitnah eine R\u00fcckmeldung, ob das gew\u00fcnschte Thema noch verf\u00fcgbar ist, da wir jedes Thema nur einmal vergeben.<\/p>\n<\/div><div class=\"clearfix\"><\/div>\t<header class=\"entry-header\">\t\t<h2 class=\"entry-title\">       <a href=\"https:\/\/www.hsu-hh.de\/steuerlehre\/ankuendigung-wiederholungsklausur-internationale-unternehmensbesteuerung-am-05-09-2024\" title=\"Ank\u00fcndigung Wiederholungsklausur \"Internationale Unternehmensbesteuerung\" am 05.09.2024\" >Ank\u00fcndigung Wiederholungsklausur \"Internationale Unternehmensbesteuerung\" am 05.09.2024<\/a>\t\t<\/h2>\t<\/header><div class=\"entry-content\">\n<p>Sehr geehrte Damen und Herren, die Klausur \u201eInternationale Unternehmensbesteuerung\u201c findet am 05.09.2024 von 11:30 Uhr &#8211; 13:30 Uhr im Aula-Raum 3 statt. Bitte finden Sie sich rechtzeitig (mind. 15 Minuten vor Klausurbeginn) ein und bringen hierzu bitte Ihren Studentenausweis mit.<\/p>\n<\/div><div class=\"clearfix\"><\/div>\t<header class=\"entry-header\">\t\t<h2 class=\"entry-title\">       <a href=\"https:\/\/www.hsu-hh.de\/steuerlehre\/steuerlehre-i-am-08-01-2024\" title=\"Steuerlehre I am 08.01.2024\" >Steuerlehre I am 08.01.2024<\/a>\t\t<\/h2>\t<\/header><div class=\"entry-content\">\n<p>Der Kurs Steuerlehre I am 08.01.2024 beginnt entgegen dem Vorlesungsverzeichnis erst um 11:45 Uhr. <\/p>\n<\/div><\/div>\n","protected":false},"excerpt":{"rendered":"<p>Steuerlehre I Steuerlehre II Steuerlehre III Steuerlehre IV Internationale Unternehmensbesteuerung Masterseminar: &#8222;Accounting and Business Taxation&#8220; Masterarbeit<\/p>\n","protected":false},"author":171,"featured_media":0,"parent":541,"menu_order":2,"comment_status":"closed","ping_status":"closed","template":"","meta":{"footnotes":""},"categories":[60],"tags":[],"class_list":["post-791","page","type-page","status-publish","hentry","category-lehre"],"_links":{"self":[{"href":"https:\/\/www.hsu-hh.de\/steuerlehre\/wp-json\/wp\/v2\/pages\/791","targetHints":{"allow":["GET"]}}],"collection":[{"href":"https:\/\/www.hsu-hh.de\/steuerlehre\/wp-json\/wp\/v2\/pages"}],"about":[{"href":"https:\/\/www.hsu-hh.de\/steuerlehre\/wp-json\/wp\/v2\/types\/page"}],"author":[{"embeddable":true,"href":"https:\/\/www.hsu-hh.de\/steuerlehre\/wp-json\/wp\/v2\/users\/171"}],"replies":[{"embeddable":true,"href":"https:\/\/www.hsu-hh.de\/steuerlehre\/wp-json\/wp\/v2\/comments?post=791"}],"version-history":[{"count":8,"href":"https:\/\/www.hsu-hh.de\/steuerlehre\/wp-json\/wp\/v2\/pages\/791\/revisions"}],"predecessor-version":[{"id":2190,"href":"https:\/\/www.hsu-hh.de\/steuerlehre\/wp-json\/wp\/v2\/pages\/791\/revisions\/2190"}],"up":[{"embeddable":true,"href":"https:\/\/www.hsu-hh.de\/steuerlehre\/wp-json\/wp\/v2\/pages\/541"}],"wp:attachment":[{"href":"https:\/\/www.hsu-hh.de\/steuerlehre\/wp-json\/wp\/v2\/media?parent=791"}],"wp:term":[{"taxonomy":"category","embeddable":true,"href":"https:\/\/www.hsu-hh.de\/steuerlehre\/wp-json\/wp\/v2\/categories?post=791"},{"taxonomy":"post_tag","embeddable":true,"href":"https:\/\/www.hsu-hh.de\/steuerlehre\/wp-json\/wp\/v2\/tags?post=791"}],"curies":[{"name":"wp","href":"https:\/\/api.w.org\/{rel}","templated":true}]}}