{"id":2178,"date":"2022-03-03T12:43:55","date_gmt":"2022-03-03T11:43:55","guid":{"rendered":"https:\/\/www.hsu-hh.de\/steuerlehre\/?page_id=2178"},"modified":"2022-03-03T12:56:53","modified_gmt":"2022-03-03T11:56:53","slug":"masterarbeit","status":"publish","type":"page","link":"https:\/\/www.hsu-hh.de\/steuerlehre\/lehre\/masterstudium\/masterarbeit","title":{"rendered":"Masterarbeit"},"content":{"rendered":"<p>Turnus: individuell \/ nach Vereinbarung<\/p>\n<div id=\"category_content_DdGUGT9L\" class=\"hsu_category archive-page\"><\/div>\n<h2>Abschlussarbeit im Master-Studiengang BWL mit SSP \u201eAccounting and Business Taxation\u201c<\/h2>\n<p>\u00a0<\/p>\n<p><em><strong>Neue Plagiatspr\u00fcfungssoftware und neue Leitlinien (21.01.2021)<\/strong><\/em><\/p>\n<p>Aufgrund einer neuen Plagiatspr\u00fcfungssoftware m\u00fcssen Seminar-, Bachelor- und Masterarbeiten ab sofort in zwei verschiedenen digitalen Varianten abgegeben werden:<\/p>\n<ol>\n<li>Identische Fassung zur gedruckten Version gem\u00e4\u00df Leitlinien zur Gestaltung von Seminar- Bachelor- und Masterarbeiten.<\/li>\n<li>Gek\u00fcrzte Version ohne Deckblatt und ohne weitere Namensnennung des Verfassers (anonymisierte Version). Die gek\u00fcrzte Version muss ansonsten inhaltsgleich mit der gedruckten Version sein. Aufgrund von datenschutzrechtlichen Regelungen d\u00fcrfen wird zuk\u00fcnftig nur noch diese anonymisierte Versionen zur Plagiatspr\u00fcfung nutzen.<\/li>\n<\/ol>\n<p>Die Leitlinien wurden nun dementsprechend \u00fcberarbeitet und stehen Ihnen ab sofort aktualisiert zur Verf\u00fcgung.<\/p>\n\n\n<p><\/p>\n","protected":false},"excerpt":{"rendered":"<p>Turnus: individuell \/ nach Vereinbarung Abschlussarbeit im Master-Studiengang BWL mit SSP \u201eAccounting and Business Taxation\u201c \u00a0 Neue Plagiatspr\u00fcfungssoftware und neue Leitlinien (21.01.2021) Aufgrund einer neuen Plagiatspr\u00fcfungssoftware m\u00fcssen Seminar-, Bachelor- und [&hellip;]<\/p>\n","protected":false},"author":92,"featured_media":0,"parent":791,"menu_order":0,"comment_status":"closed","ping_status":"closed","template":"","meta":{"footnotes":""},"categories":[60],"tags":[],"class_list":["post-2178","page","type-page","status-publish","hentry","category-lehre"],"_links":{"self":[{"href":"https:\/\/www.hsu-hh.de\/steuerlehre\/wp-json\/wp\/v2\/pages\/2178","targetHints":{"allow":["GET"]}}],"collection":[{"href":"https:\/\/www.hsu-hh.de\/steuerlehre\/wp-json\/wp\/v2\/pages"}],"about":[{"href":"https:\/\/www.hsu-hh.de\/steuerlehre\/wp-json\/wp\/v2\/types\/page"}],"author":[{"embeddable":true,"href":"https:\/\/www.hsu-hh.de\/steuerlehre\/wp-json\/wp\/v2\/users\/92"}],"replies":[{"embeddable":true,"href":"https:\/\/www.hsu-hh.de\/steuerlehre\/wp-json\/wp\/v2\/comments?post=2178"}],"version-history":[{"count":4,"href":"https:\/\/www.hsu-hh.de\/steuerlehre\/wp-json\/wp\/v2\/pages\/2178\/revisions"}],"predecessor-version":[{"id":2193,"href":"https:\/\/www.hsu-hh.de\/steuerlehre\/wp-json\/wp\/v2\/pages\/2178\/revisions\/2193"}],"up":[{"embeddable":true,"href":"https:\/\/www.hsu-hh.de\/steuerlehre\/wp-json\/wp\/v2\/pages\/791"}],"wp:attachment":[{"href":"https:\/\/www.hsu-hh.de\/steuerlehre\/wp-json\/wp\/v2\/media?parent=2178"}],"wp:term":[{"taxonomy":"category","embeddable":true,"href":"https:\/\/www.hsu-hh.de\/steuerlehre\/wp-json\/wp\/v2\/categories?post=2178"},{"taxonomy":"post_tag","embeddable":true,"href":"https:\/\/www.hsu-hh.de\/steuerlehre\/wp-json\/wp\/v2\/tags?post=2178"}],"curies":[{"name":"wp","href":"https:\/\/api.w.org\/{rel}","templated":true}]}}