{"id":122,"date":"2017-12-13T13:25:55","date_gmt":"2017-12-13T12:25:55","guid":{"rendered":"https:\/\/www.hsu-hh.de\/statdyn\/?page_id=122"},"modified":"2025-05-01T20:43:05","modified_gmt":"2025-05-01T18:43:05","slug":"lehre","status":"publish","type":"page","link":"https:\/\/www.hsu-hh.de\/statdyn\/lehre\/","title":{"rendered":"Lehre"},"content":{"rendered":"\n<div style=\"height:20px\" aria-hidden=\"true\" class=\"wp-block-spacer\"><\/div>\n\n\n\n<details class=\"wp-block-details is-layout-flow wp-block-details-is-layout-flow\" style=\"font-size:28px\" open><summary>\u201eUrsula und Bernd Zastrau Statik und Dynamik-Preis\u201d f\u00fcr Abschlussarbeiten<\/summary>\n<div style=\"height:15px\" aria-hidden=\"true\" class=\"wp-block-spacer\"><\/div>\n\n\n\n<p>An der Professur f\u00fcr Statik und Dynamik wird bis mindestens 2032 der \u201e<strong>Ursula und Bernd Zastrau Statik und Dynamik &#8211; Preis<\/strong>\u201d f\u00fcr die beste Masterarbeit an dieser Professur ausgelobt. Der Preis wird j\u00e4hrlich vergeben, jeweils f\u00fcr herausragende Arbeiten mit Abschluss in dem Zeitraum 01. Oktober bis 30. September. Der Preis beinhaltet neben der f\u00f6rmlichen Anerkennung der besonderen Leistung ein <strong>Preisgeld<\/strong>. Details k\u00f6nnen an der Professur f\u00fcr Statik und Dynamik erfragt werden.<\/p>\n\n\n\n<p>Die <strong>Preis\u00fcbergabe<\/strong> erfolgt im Rahmen der feierlichen \u00dcbergabe der Abschlusszeugnisse. Die erstmalige Preis\u00fcbergabe kann f\u00fcr das Studienjahr 01.10.2021 bis 30.09.2022 erfolgen.<\/p>\n\n\n\n<p>Die <strong>Preisstifter<\/strong> Ursula und Bernd Zastrau sind der <abbr title=\"Helmut Schmidt Universit\u00e4t\">HSU<\/abbr> langj\u00e4hrig verbunden. Herr Professor Bernd Zastrau war von 1973 bis 1991 wissenschaftlicher Mitarbeiter \/ wiss. Laborleiter an der Professur f\u00fcr Mechanik der <abbr title=\"Helmut Schmidt Universit\u00e4t\">HSU<\/abbr>, wechselte nach Promotion und Habilitation an der Universit\u00e4t der Bundeswehr Hamburg im Jahre 1991 zur damaligen BUGH Wuppertal, um danach von 1996-2016 als Inhaber der Professur f\u00fcr Mechanik das Institut f\u00fcr Mechanik und Fl\u00e4chentragwerke an der Technischen Universit\u00e4t Dresden zu leiten. Hierbei wurde er ma\u00dfgeblich von Frau Zastrau als Mitarbeiterin unterst\u00fctzt. Mit dem \u201eUrsula und Bernd Zastrau Statik und Dynamik &#8211; Preis\u201d m\u00f6chten die beiden Preisstifter einerseits k\u00fcnftige Nachwuchs- und F\u00fchrungskr\u00e4fte aus dem Themenfeld Statik und Dynamik bei dem \u00dcbergang in das Berufsleben in verantwortlicher Position unterst\u00fctzen und andererseits Studierende des Bauingenieurwesens und des Maschinenbaues f\u00fcr Forschungsthemen aus der Professur f\u00fcr Statik und Dynamik zu begeistern.<\/p>\n<\/details>\n\n\n\n<div style=\"height:20px\" aria-hidden=\"true\" class=\"wp-block-spacer\"><\/div>\n\n\n\n<details class=\"wp-block-details is-layout-flow wp-block-details-is-layout-flow\" style=\"font-size:28px\" open><summary>Abschlussarbeiten<\/summary>\n<div style=\"height:15px\" aria-hidden=\"true\" class=\"wp-block-spacer\"><\/div>\n\n\n\n<p>Sie sind Studentin\/Student eines Studienganges des Bauingenieurwesens, des Maschinenbaues oder des Wirtschaftsingenieurwesens und interessieren sich f\u00fcr eine Abschlussarbeit (B.Sc., <abbr title=\"Master of Science\">M.Sc.<\/abbr>) an der Professur f\u00fcr Statik und Dynamik? Dann z\u00f6gern Sie nicht, uns anzusprechen! Wir bieten je nach Interessenlage vielf\u00e4ltige Aufgabenstellungen an. Falls Sie nicht an der <abbr title=\"Helmut Schmidt Universit\u00e4t\">HSU<\/abbr> studieren und Ihre Studienordnung eine externe Bearbeitung der Abschlussarbeit (B.Sc., <abbr title=\"Master of Science\">M.Sc.<\/abbr>, Diplom) zul\u00e4sst, k\u00f6nnen Sie uns in Absprache mit Ihrem Studienfachberater ebenfalls gern ansprechen!<\/p>\n<\/details>\n\n\n\n<div style=\"height:20px\" aria-hidden=\"true\" class=\"wp-block-spacer\"><\/div>\n\n\n\n<details class=\"wp-block-details is-layout-flow wp-block-details-is-layout-flow\" style=\"font-size:28px\"><summary>Lehrveranstaltungen im B.Sc. Bauingenieurwesen<\/summary>\n<div style=\"height:15px\" aria-hidden=\"true\" class=\"wp-block-spacer\"><\/div>\n\n\n\n<p>Die Professur f\u00fcr Statik und Dynamik beteiligt sich mit den folgenden Modulen am B.Sc.-Studiengang Bauingenieurwesen:<\/p>\n\n\n\n<ul class=\"wp-block-list\">\n<li>Statik I und II (Pflichtveranstaltung; angeboten im 3. und 4. Trimester [Statik I] sowie im 5. Trimester [Statik II]),<\/li>\n\n\n\n<li>Interdisziplin\u00e4re Studienanteile II f\u00fcr Bauingenieure (Pflichtveranstaltung; angeboten im 4. und 5. Trimester), Gemeinschaftsmodul der Professuren f\u00fcr <a href=\"https:\/\/www.hsu-hh.de\/geot\/\">Geotechnik<\/a>, f\u00fcr Statik und Dynamik sowie f\u00fcr <a href=\"https:\/\/www.hsu-hh.de\/wasserbau\">Wasserbau<\/a>,<\/li>\n\n\n\n<li>Ebene Fl\u00e4chentragwerke (Pflichtveranstaltung f\u00fcr die Vertiefung &#8222;Konstruktiver Ingenieurbau&#8220; sowie Wahlfplichtveranstaltung f\u00fcr die Vertiefung &#8222;Wasserbau&#8220;; angeboten im 6. Trimester).<\/li>\n<\/ul>\n<\/details>\n\n\n\n<div style=\"height:20px\" aria-hidden=\"true\" class=\"wp-block-spacer\"><\/div>\n\n\n\n<details class=\"wp-block-details is-layout-flow wp-block-details-is-layout-flow\" style=\"font-size:28px\"><summary>Lehrveranstaltungen im <abbr title=\"Master of Science\">M.Sc.<\/abbr> Bauingenieurwesen<\/summary>\n<div style=\"height:15px\" aria-hidden=\"true\" class=\"wp-block-spacer\"><\/div>\n\n\n\n<p>Im Master-Studienganges Bauingenieurwesen bietet die Professur f\u00fcr Statik und Dynamik die folgenden Lehrveranstaltungen an:<\/p>\n\n\n\n<ul class=\"wp-block-list\">\n<li>Dynamik I (Pflichtveranstaltung; angeboten im 1. <abbr title=\"Master of Science\">M.Sc.<\/abbr>-Trimester),<\/li>\n\n\n\n<li>Dynamik II (Wahlfplichtveranstaltung f\u00fcr die Vertiefungen &#8222;Konstruktiver Ingenieurbau&#8220; sowie &#8222;Wasserbau&#8220;; angeboten im 3. <abbr title=\"Master of Science\">M.Sc.<\/abbr>-Trimester),<\/li>\n\n\n\n<li>Schalentragwerke (Wahlfplichtveranstaltung f\u00fcr die Vertiefungen &#8222;Konstruktiver Ingenieurbau&#8220; sowie &#8222;Wasserbau&#8220;; angeboten im 4. <abbr title=\"Master of Science\">M.Sc.<\/abbr>-Trimester),<\/li>\n\n\n\n<li>Sicherheit von Ingenieurstrukturen (Wahlfplichtveranstaltung f\u00fcr die Vertiefungen &#8222;Konstruktiver Ingenieurbau&#8220; sowie &#8222;Wasserbau&#8220;; angeboten im 4. <abbr title=\"Master of Science\">M.Sc.<\/abbr>-Trimester).<\/li>\n<\/ul>\n<\/details>\n\n\n\n<div style=\"height:20px\" aria-hidden=\"true\" class=\"wp-block-spacer\"><\/div>\n\n\n\n<details class=\"wp-block-details is-layout-flow wp-block-details-is-layout-flow\" style=\"font-size:28px\"><summary>Lehrveranstaltungen in weiteren Studieng\u00e4ngen<\/summary>\n<div style=\"height:15px\" aria-hidden=\"true\" class=\"wp-block-spacer\"><\/div>\n\n\n\n<p>Wir freuen uns \u00fcber das Interesse der Studierenden: im <abbr title=\"Wintertrimester\">WT<\/abbr> 2025 \u00fcbernimmt die Professur f\u00fcr Statik und Dynamik im Rahmen des englischsprachigen <abbr title=\"Master of Science\">M.Sc.<\/abbr>-Studienganges &#8222;Engineering Science: Defence Systems&#8220; der Fakult\u00e4ten Maschinenbau und Bauingenieurwesen sowie Elektrotechnik die Wahlpflichtvorlesung &#8222;Continuum Mechanics&#8220;. N\u00e4here Informationen sind f\u00fcr Sie wiederum im eLernen-System der <abbr title=\"Helmut Schmidt Universit\u00e4t\">HSU<\/abbr>, ILIAS, hinterlegt.<\/p>\n\n\n\n<p>Seit nunmehr 2019 zieht die Kontinuumsmechanik interessierte Studierende an: auch im <abbr title=\"Wintertrimester\">WT<\/abbr> 2023 \u00fcbernimmt die Professur f\u00fcr Statik und Dynamik im Rahmen des englischsprachigen <abbr title=\"Master of Science\">M.Sc.<\/abbr>-Studienganges &#8222;Engineering Science: Defence Systems&#8220; der Fakult\u00e4ten Maschinenbau und Bauingenieurwesen sowie Elektrotechnik die Wahlpflichtvorlesung &#8222;Continuum Mechanics&#8220;. N\u00e4here Informationen sind f\u00fcr Sie wiederum im eLernen-System der <abbr title=\"Helmut Schmidt Universit\u00e4t\">HSU<\/abbr>, ILIAS, hinterlegt.<\/p>\n\n\n\n<p>Im <abbr title=\"Wintertrimester\">WT<\/abbr> 2022 \u00fcbernimmt die Professur f\u00fcr Statik und Dynamik im Rahmen des englischsprachigen <abbr title=\"Master of Science\">M.Sc.<\/abbr>-Studienganges &#8222;Engineering Science: Defence Systems&#8220; der Fakult\u00e4ten Maschinenbau und Bauingenieurwesen sowie Elektrotechnik die Wahlpflichtvorlesung &#8222;Continuum Mechanics&#8220;. N\u00e4here Informationen sind f\u00fcr Sie wiederum im eLernen-System der <abbr title=\"Helmut Schmidt Universit\u00e4t\">HSU<\/abbr>, ILIAS, hinterlegt.<\/p>\n\n\n\n<p>Wie bereits im <abbr title=\"Wintertrimester\">WT<\/abbr> 2019 sowie im <abbr title=\"Wintertrimester\">WT<\/abbr> 2020 f\u00fchrt die Professur f\u00fcr Statik und Dynamik auch im <abbr title=\"Wintertrimester\">WT<\/abbr> 2021 im Rahmen des englischsprachigen <abbr title=\"Master of Science\">M.Sc.<\/abbr>-Studienganges &#8222;Engineering Science: Defence Systems&#8220; der Fakult\u00e4ten Maschinenbau und Elektrotechnik die Wahlpflichtvorlesung &#8222;Continuum Mechanics&#8220; durch. N\u00e4here Informationen sind f\u00fcr Sie wiederum im eLernen-System der <abbr title=\"Helmut Schmidt Universit\u00e4t\">HSU<\/abbr>, ILIAS, hinterlegt.<\/p>\n\n\n\n<p>Im <abbr title=\"Fr\u00fchjahrstrimester\">FT<\/abbr> 2020 \u00fcbernimmt die Professur f\u00fcr Statik und Dynamik das Pflichtmodul &#8222;Engineering Mechanics III&#8220; im Rahmen des englischsprachigen B.Sc.-Studienganges &#8222;Engineering Science&#8220; der Fakult\u00e4ten Maschinenbau und Elektrotechnik. Die Kursmaterialien sind im eLernen-System der <abbr title=\"Helmut Schmidt Universit\u00e4t\">HSU<\/abbr>, ILIAS, hinterlegt.<\/p>\n\n\n\n<p>Auch im <abbr title=\"Wintertrimester\">WT<\/abbr> 2020 f\u00fchrt die Professur f\u00fcr Statik und Dynamik im Rahmen des englischsprachigen <abbr title=\"Master of Science\">M.Sc.<\/abbr>-Studienganges &#8222;Engineering Science: Defence Systems&#8220; der Fakult\u00e4ten Maschinenbau und Elektrotechnik die Wahlpflichtvorlesung &#8222;Continuum Mechanics&#8220; durch. N\u00e4here Informationen sind f\u00fcr Sie wiederum im eLernen-System der <abbr title=\"Helmut Schmidt Universit\u00e4t\">HSU<\/abbr>, ILIAS, hinterlegt.<\/p>\n\n\n\n<p>Die Professur f\u00fcr Statik und Dynamik f\u00fchrt im <abbr title=\"Wintertrimester\">WT<\/abbr> 2019 im Rahmen des englischsprachigen <abbr title=\"Master of Science\">M.Sc.<\/abbr>-Studienganges &#8222;Engineering Science: Defence Systems&#8220; der Fakult\u00e4ten Maschinenbau und Elektrotechnik die Wahlpflichtvorlesung &#8222;Continuum Mechanics&#8220; durch. N\u00e4here Informationen sind f\u00fcr Sie im eLernen-System der <abbr title=\"Helmut Schmidt Universit\u00e4t\">HSU<\/abbr>, ILIAS, hinterlegt.<\/p>\n\n\n\n<p>Die Professur f\u00fcr Statik und Dynamik f\u00fchrt im <abbr title=\"Wintertrimester\">WT<\/abbr> 2018 im Rahmen der Masterstudieng\u00e4nge der Fakult\u00e4t Maschinenbau die Vorlesung &#8222;Einf\u00fchrung in die numerische Mechanik&#8220; durch. N\u00e4here Informationen sind f\u00fcr Sie im eLernen-System der <abbr title=\"Helmut Schmidt Universit\u00e4t\">HSU<\/abbr>, ILIAS, hinterlegt.<\/p>\n<\/details>\n\n\n\n<p><\/p>\n","protected":false},"excerpt":{"rendered":"","protected":false},"author":1,"featured_media":0,"parent":0,"menu_order":0,"comment_status":"closed","ping_status":"closed","template":"","meta":{"footnotes":""},"categories":[6],"tags":[],"class_list":["post-122","page","type-page","status-publish","hentry","category-lehre"],"_links":{"self":[{"href":"https:\/\/www.hsu-hh.de\/statdyn\/wp-json\/wp\/v2\/pages\/122","targetHints":{"allow":["GET"]}}],"collection":[{"href":"https:\/\/www.hsu-hh.de\/statdyn\/wp-json\/wp\/v2\/pages"}],"about":[{"href":"https:\/\/www.hsu-hh.de\/statdyn\/wp-json\/wp\/v2\/types\/page"}],"author":[{"embeddable":true,"href":"https:\/\/www.hsu-hh.de\/statdyn\/wp-json\/wp\/v2\/users\/1"}],"replies":[{"embeddable":true,"href":"https:\/\/www.hsu-hh.de\/statdyn\/wp-json\/wp\/v2\/comments?post=122"}],"version-history":[{"count":42,"href":"https:\/\/www.hsu-hh.de\/statdyn\/wp-json\/wp\/v2\/pages\/122\/revisions"}],"predecessor-version":[{"id":1382,"href":"https:\/\/www.hsu-hh.de\/statdyn\/wp-json\/wp\/v2\/pages\/122\/revisions\/1382"}],"wp:attachment":[{"href":"https:\/\/www.hsu-hh.de\/statdyn\/wp-json\/wp\/v2\/media?parent=122"}],"wp:term":[{"taxonomy":"category","embeddable":true,"href":"https:\/\/www.hsu-hh.de\/statdyn\/wp-json\/wp\/v2\/categories?post=122"},{"taxonomy":"post_tag","embeddable":true,"href":"https:\/\/www.hsu-hh.de\/statdyn\/wp-json\/wp\/v2\/tags?post=122"}],"curies":[{"name":"wp","href":"https:\/\/api.w.org\/{rel}","templated":true}]}}